-- https://www.phpmyadmin.net/
--

START TRANSACTION;



-- --------------------------------------------------------

--
-- Table structure for table `answer`
--

CREATE TABLE `answer` (
  `qid` text NOT NULL,
  `ansid` text NOT NULL
) ENGINE=InnoDB DEFAULT CHARSET=utf8mb4 COLLATE=utf8mb4_general_ci;

--
-- Dumping data for table `answer`
--

INSERT INTO `answer` (`qid`, `ansid`) VALUES
('5b13ed3a6e006', '5b13ed3a9436a'),
('693c8314b9202', '693c8314b9afc'),
('693c8314ba548', '693c8314ba612'),
('693ddd4f359b1', '693ddd4f36427'),
('693ddd4f373df', '693ddd4f3749c'),
('693ddd4f378ec', '693ddd4f3799c'),
('693ddd4f37d55', '693ddd4f37e0a'),
('695c32320f271', '695c32321025d'),
('695c32321134f', '695c3232114b8'),
('695c323211d77', '695c323211f88'),
('695c3232126fe', '695c323212868');

-- --------------------------------------------------------

--
-- Table structure for table `category`
--

CREATE TABLE `category` (
  `id` int(11) NOT NULL,
  `title` varchar(50) NOT NULL,
  `content` text NOT NULL
) ENGINE=InnoDB DEFAULT CHARSET=utf8mb4 COLLATE=utf8mb4_general_ci;

--
-- Dumping data for table `category`
--

INSERT INTO `category` (`id`, `title`, `content`) VALUES
(1, 'ଅ', '1। A [synonym(s): ସଂସ୍କୃତ ଓ ଓଡ଼ିଆ ବର୍ଣ୍ଣମାଳାର ଏବଂ ସ୍ୱର ବର୍ଣ୍ଣର ଆଦ୍ୟ ଅକ୍ଷର The first letter of the Oṟḍ̠ia alphabet. The first vowel corresponding to the English letter, A.\r\n2। ଅର୍କମଣ୍ଡଳ ବୀଜାତ୍ମକ ଅକ୍ଷର। The mystic root of the solar circle. \r\n3। ପରଂବ୍ରହ୍ମସୂଚକ ଏକାକ୍ଷର The letter indicating the Divine Soul pervading the Universe. \r\n4। (ଅବ୍ଧାତୁ=ରକ୍ଷା କରିବା+କର୍ତ୍ତୃ-ଅ, ଯେ ସୃଷ୍ଟି ରକ୍ଷା କରନ୍ତି।) ବିଷ୍ଣୁ। Bishṇu, the Preserver of the Hindu Trinity. \r\n5। ମହେଶ୍ୱର, ଶିବ Ṡiba, the Destroyer. \r\n6। ପରଂବ୍ରହ୍ମ The Divine Soul or Essence pervading the universe. \r\n7। ପ୍ରଣବ ବା ଓଁକାରର ଆଦ୍ୟ ଅଙ୍ଗ (ଅ+ଉ+ମ୍=ଓଁ) The first component of the mystic syllable \'Om\'.\r\n8। (ଧ୍ୱନ୍ୟନୁକରଣ)—(Onomatopoetic)\r\n9। ଅଇ, ବମନେଚ୍ଛା Tendency to vomit\r\n10। ବମନ, ବାନ୍ତି Vomiting.'),
(2, 'ଅଂଶୁ', '<ol>\r\n	<li><strong>Aṁṡu (ସଂ. ବି.) - </strong>ସୂତ୍ରାଦିର ସୂକ୍ଷ୍ମ ଲମ୍ବ ଅଂଶ Fibre.&nbsp;</li>\r\n	<li>ବସ୍ତ୍ର; ଲୁଗା Cloth.</li>\r\n	<li>(ଅଶ୍ ଧାତୁ=ବ୍ୟାପିବା+କର୍ତ୍ତୃ. ଉ) ରଶ୍ମି; କିରଣ Rays.&nbsp;</li>\r\n	<li>ଦୀପ୍ତି; ଉଜ୍ଜ୍ୱଳତା Lustre; brightness.</li>\r\n	<li>ପ୍ରତିଭା; ପ୍ରଖର ବୁଦ୍ଧି; ବିଚକ୍ଷଣତା Talents.</li>\r\n	<li>ସୂର୍ଯ୍ୟ The sun.<br />\r\n	[ ଦ୍ର ] ଏହି ଶବ୍ଦ ପୂର୍ବେ ସହସ୍ର, ସୁଧା, ଶୁଭ୍ର, ହିମ ଆଦି ଶବ୍ଦ ଯୁକ୍ତ ହୋଇ ବହୁବ୍ରୀହି ସମାସ ହୁଏ।]</li>\r\n</ol>\r\n');

-- --------------------------------------------------------

--
-- Table structure for table `gk`
--

CREATE TABLE `gk` (
  `gkid` int(30) NOT NULL,
  `title` text CHARACTER SET utf8mb4 COLLATE utf8mb4_general_ci NOT NULL,
  `content` text CHARACTER SET utf8mb4 COLLATE utf8mb4_general_ci NOT NULL
) ENGINE=InnoDB DEFAULT CHARSET=utf8mb4 COLLATE=utf8mb4_unicode_ci;

-- --------------------------------------------------------

--
-- Table structure for table `history`
--

CREATE TABLE `history` (
  `email` varchar(50) NOT NULL,
  `eid` text NOT NULL,
  `score` int(11) NOT NULL,
  `level` int(11) NOT NULL,
  `sahi` int(11) NOT NULL,
  `wrong` int(11) NOT NULL,
  `date` timestamp NOT NULL DEFAULT current_timestamp() ON UPDATE current_timestamp()
) ENGINE=InnoDB DEFAULT CHARSET=utf8mb4 COLLATE=utf8mb4_general_ci;

--
-- Dumping data for table `history`
--

INSERT INTO `history` (`email`, `eid`, `score`, `level`, `sahi`, `wrong`, `date`) VALUES
('mrswainsmj@gmail.com', '695c2fba274d9', 4, 4, 3, 1, '2026-01-05 21:52:33'),
('demo@gmail.com', '695c2fba274d9', 0, 4, 2, 2, '2026-01-12 15:49:37');

-- --------------------------------------------------------

--
-- Table structure for table `lesson`
--

CREATE TABLE `lesson` (
  `id` int(11) NOT NULL,
  `lhead` varchar(200) NOT NULL,
  `ltopic` text NOT NULL
) ENGINE=InnoDB DEFAULT CHARSET=utf8mb4 COLLATE=utf8mb4_general_ci;

--
-- Dumping data for table `lesson`
--

INSERT INTO `lesson` (`id`, `lhead`, `ltopic`) VALUES
(1, 'Two plus Tow Dialogue', '<p>&rdquo;୨ ପ୍ଲସ୍ ୨ ଡାଏଲଗ୍&rdquo; ଶବ୍ଦଟି ପ୍ରାୟତଃ ଦୁଇ ଦେଶର ବୈଦେଶିକ ଏବଂ ପ୍ରତିରକ୍ଷା ମନ୍ତ୍ରୀଙ୍କ ମଧ୍ୟରେ ଏକ ମନ୍ତ୍ରୀସ୍ତରୀୟ ବୈଠକକୁ ବୁଝାଏ। ଯେପରିକି ଭାରତ-ଆମେରିକା ୨+୨ ଡାଏଲଗ୍, ଯାହା ରଣନୈତିକ ସହଯୋଗ, ପ୍ରତିରକ୍ଷା ଏବଂ ଅନ୍ୟାନ୍ୟ ଦ୍ୱିପାକ୍ଷିକ ପ୍ରସଙ୍ଗକୁ ଦୃଢ଼ୀଭୂତ କରେ। ସମ୍ପ୍ରତି, ଏହାକୁ ଭାରତ ଏବଂ ୟୁକେ ସମେତ ବିଭିନ୍ନ ଦେଶ ମଧ୍ୟରେ ସମାନ ଉଚ୍ଚସ୍ତରୀୟ ଆଲୋଚନା ପାଇଁ କିମ୍ବା ସମାନ ଅଂଶୀଦାରଙ୍କ ମଧ୍ୟରେ ସରକାରୀ ସ୍ତରରେ ଏକ &lsquo;ଅନ୍ତର୍ବିଭାଗୀୟ&rsquo; ବୈଠକ ଭାବରେ ବ୍ୟବହାର କରାଯାଇଛି।&nbsp;</p>\r\n\r\n<p><strong><span style=\"color:#FF0000\">ଭାରତ-ଆମେରିକା ୨+୨ ଡାଏଲଗ୍</span></strong><br />\r\nଏହା ଯୁକ୍ତରାଷ୍ଟ୍ର ଏବଂ ଭାରତ ମଧ୍ୟରେ ଏକ ଉଚ୍ଚସ୍ତରୀୟ ରଣନୈତିକ ଆଲୋଚନା।<br />\r\nଏଥିରେ ଉଭୟ ଦେଶର ବୈଦେଶିକ ଏବଂ ପ୍ରତିରକ୍ଷା ମନ୍ତ୍ରୀ ସାମିଲ ଅଛନ୍ତି।<br />\r\nଏହି ଆଲୋଚନା ପ୍ରଗତି ସମୀକ୍ଷା କରିବା, ଆଞ୍ଚଳିକ ପ୍ରସଙ୍ଗରେ ସମନ୍ୱୟ ସ୍ଥାପନ କରିବା ଏବଂ ଦ୍ୱିପାକ୍ଷିକ ସହଭାଗିତାକୁ ଆଗକୁ ବଢ଼ାଇବା ପାଇଁ ବ୍ୟବହାର କରାଯାଇଛି।<br />\r\nଆଲୋଚ୍ୟ ବିଷୟଗୁଡ଼ିକ ମଧ୍ୟରେ ପ୍ରତିରକ୍ଷା ଶିଳ୍ପ ସହଯୋଗ, ପ୍ରଯୁକ୍ତିବିଦ୍ୟା ଏବଂ ଜନସମ୍ପର୍କ ଅନ୍ତର୍ଭୁକ୍ତ।</p>\r\n\r\n<p><span style=\"color:#FF0000\"><strong>ଅନ୍ୟାନ୍ୟ &lsquo;୨+୨&rsquo; ଡାଏଲଗ୍</strong></span><br />\r\n<strong>ଭାରତ-ୟୁକେ :</strong> ଦୁଇ ଦେଶ ସେମାନଙ୍କର ବ୍ୟାପକ ରଣନୈତିକ ସହଭାଗgତା ବିଷୟରେ ଆଲୋଚନା କରିବା ପାଇଁ ସମାନ ଆଲୋଚନା କରିଛନ୍ତି।<br />\r\n<strong>ଭାରତ-ଜାପାନ :</strong> ଜାପାନ ସହିତ ଭାରତର ଦୀର୍ଘକାଳୀନ &rdquo;2+2&rdquo; ଆଲୋଚନା ରହିଛି, ଯାହା ଭାରତ-ପ୍ରଶାନ୍ତ ମହାସାଗରରେ ଚୀନର କାର୍ଯ୍ୟକଳାପ ଭଳି ଆଞ୍ଚଳିକ ପ୍ରସଙ୍ଗ ଉପରେ ଆଲୋଚନା କରିବା ପାଇଁ ବାରମ୍ବାର ଅନୁଷ୍ଠିତ ହୋଇଆସୁଛି।<br />\r\n<strong>ଆନ୍ତଃସଭା ବୈଠକ : </strong>କିଛି କ୍ଷେତ୍ରରେ, ବିଭିନ୍ନ ପ୍ରସଙ୍ଗରେ ଗତି ବଜାୟ ରଖିବା ପାଇଁ ମନ୍ତ୍ରୀସ୍ତରୀୟ ଆଲୋଚନା ଅଧିବେଶନ ମଧ୍ୟରେ ସରକାରୀସ୍ତରୀୟ ବୈଠକ ପାଇଁ &rdquo;2+2&rdquo; ପଦ୍ଧତି ବ୍ୟବହାର କରାଯାଏ।</p>\r\n'),
(2, 'Gen Z', '<p>ଜେନ୍ ଜେଡ୍ ପ୍ରାୟ 1997 ରୁ 2012 ମଧ୍ୟରେ ଜନ୍ମ ହୋଇଥିବା ଲୋକମାନଙ୍କ ପିଢ଼ିକୁ ବୁଝାଏ, ଯେଉଁମାନେ ମିଲେନିଆଲ୍ସ ଏବଂ ପୂର୍ବ ପିଢ଼ି ଆଲଫା ପରେ ଜନ୍ମ ହୋଇଥିଲେ। &quot;ଡିଜିଟାଲ୍ ନେଟିଭ୍&quot; ଭାବରେ ମଧ୍ୟ ଜଣାଶୁଣା, ସେମାନେ ପ୍ରଥମ ପିଢ଼ି ଯିଏ ଇଣ୍ଟରନେଟ୍ ଏବଂ ସ୍ମାର୍ଟଫୋନ୍&zwnj;କୁ ସେମାନଙ୍କ ଜୀବନର ଏକ ମାନକ ଅଂଶ ଭାବରେ ବଢ଼ନ୍ତି। ଏହି ଡିଜିଟାଲ୍ ଲାଳନପାଳନ, ମହା ମାନ୍ଦାବସ୍ଥା ଏବଂ COVID-19 ମହାମାରୀ ପରି ଘଟଣା ସହିତ, କାର୍ଯ୍ୟ ପ୍ରତି ସେମାନଙ୍କର ବାସ୍ତବବାଦୀ ଦୃଷ୍ଟିକୋଣକୁ ଆକାର ଦେଇଛି, ମାନସିକ ସ୍ୱାସ୍ଥ୍ୟ ପ୍ରତି ଚିନ୍ତା ବୃଦ୍ଧି କରିଛି ଏବଂ ବିବିଧତା ଏବଂ ଅନ୍ତର୍ଭୁକ୍ତି ଉପରେ ଧ୍ୟାନ ଦେଇଛି।<br />\r\n<span style=\"color:#FF0000\"><strong>ମୁଖ୍ୟ ବୈଶିଷ୍ଟ୍ୟଗୁଡ଼ିକ</strong></span></p>\r\n\r\n<p><strong>ଡିଜିଟାଲ୍ ନେଟିଭ୍ : </strong>ସେମାନେ ପ୍ରଥମ ପିଢ଼ି ଯିଏ ଯୁବାବସ୍ଥାରୁ ବ୍ୟାପକ ଇଣ୍ଟରନେଟ୍ ସୁବିଧା ସହିତ ବଢ଼ିଛନ୍ତି, ଯାହା ସେମାନଙ୍କୁ ଡିଜିଟାଲ୍ ଭାବରେ ଅତ୍ୟନ୍ତ ପ୍ରଫୁଲ୍ଲ କରିଥାଏ।<br />\r\n<strong>ବିବିଧ : </strong>ସେମାନେ ଆଜି ପର୍ଯ୍ୟନ୍ତ ସବୁଠାରୁ ଜାତିଗତ ଏବଂ ଜାତିଗତ ଭାବରେ ବିବିଧ ପିଢ଼ି।<br />\r\nବାସ୍ତବବାଦୀ ଏବଂ ଆର୍ଥିକ ଦୃଷ୍ଟିରୁ ସଚେତନ: ଆର୍ଥିକ ମାନ୍ଦାବସ୍ଥା ଦ୍ୱାରା ଆକୃତିପ୍ରାପ୍ତ, ସେମାନଙ୍କୁ ପ୍ରାୟତଃ କାମ ବିଷୟରେ ଅଧିକ ବାସ୍ତବବାଦୀ ଭାବରେ ଦେଖାଯାଏ ଏବଂ ସଞ୍ଚୟ ଏବଂ ନିବେଶ ଉପରେ ଧ୍ୟାନ ଦିଆଯାଇଥାଏ।<br />\r\n<strong>ମାନସିକ ସ୍ୱାସ୍ଥ୍ୟ ସମର୍ଥକ :</strong> ପୂର୍ବ ପିଢ଼ି ତୁଳନାରେ ଏହି ପିଢ଼ି ମାନସିକ ସ୍ୱାସ୍ଥ୍ୟ ସମସ୍ୟା ଏବଂ ଚିନ୍ତା ବିଷୟରେ ଅଧିକ ଖୋଲା।<br />\r\nସାମାଜିକ ଦୃଷ୍ଟିରୁ ସଚେତନ: ସେମାନଙ୍କୁ ପ୍ରାୟତଃ ସାମାଜିକ ନ୍ୟାୟ, ବିବିଧତା, ସମାନତା ଏବଂ ଅନ୍ତର୍ଭୁକ୍ତି ଉପରେ ଦୃଢ଼ ଧ୍ୟାନ ଦେଉଥିବା ଭାବରେ ବର୍ଣ୍ଣନା କରାଯାଇଛି।</p>\r\n'),
(3, 'Edge AI', '<p>ଏଜ୍ ଏଆଇ ହେଉଛି ଏକ କ୍ଷେତ୍ର ଯାହା ଦୁଇଟି ଶକ୍ତିଶାଳୀ ପ୍ରଯୁକ୍ତିବିଦ୍ୟାର ମିଶ୍ରଣରେ ପ୍ରସ୍ତୁତ ହୋଇଛି: କୃତ୍ରିମ ବୁଦ୍ଧିମତ୍ତା (AI) ଏବଂ ଇଣ୍ଟରନେଟ୍ ଅଫ୍ ଥିଙ୍ଗସ୍ (IoT)। ଏହି ଦୁଇଟି ପ୍ରଯୁକ୍ତିବିଦ୍ୟା ବ୍ୟବହାର କରି, ଏଜ୍&nbsp; ଡିଭାଇସ୍ ସାହାଯ୍ୟରେ କମ୍ ସମୟରେ ବିଭିନ୍ନ ଉପାୟରେ ଡାଟା ବିଶ୍ଳେଷଣ କରିବା ସମ୍ଭବ ହୋଇପାରୁଛି।&nbsp; ଏହି ପ୍ରଯୁକ୍ତିବିଦ୍ୟା ଡାଟା ବିଶ୍ଳେଷଣରେ ନୂତନ ଦିଗନ୍ତ ଖୋଲି ଦେଉଛି।</p>\r\n\r\n<p><span style=\"color:#0000FF\"><strong>ଏଜ୍ ଏଆଇ କ&rsquo;ଣ?</strong></span><br />\r\nଏଜ୍ ଏଆଇ ହେଉଛି ସେନ୍ସର, ସ୍ମାର୍ଟଫୋନ୍ ଏବଂ IoT ଡିଭାଇସ୍ ଭଳି ବିଭିନ୍ନ ଡିଭାଇସ୍ ଉପରେ AI ଆଲଗୋରିଦମ୍ ଏବଂ ମେସିନ୍ ଲର୍ଣ୍ଣିଂ ବ୍ୟବହାର କରି କେନ୍ଦ୍ରୀୟ ମାର୍ଗଦର୍ଶନର ଆବଶ୍ୟକତା ବିନା ତଥ୍ୟ ବିଶ୍ଳେଷଣ ଏବଂ ବାସ୍ତବ ସମୟରେ ନିଷ୍ପତ୍ତି ନେବାର ଏକ ପଦ୍ଧତି। ଏଜ୍ ଏଆଇ ହେଉଛି ଏକ ପ୍ରକାରର ଡାଟା ପ୍ରକ୍ରିୟାକରଣ ପଦ୍ଧତି ଯାହା ଶୀଘ୍ର ଏବଂ ଦକ୍ଷତାର ସହିତ ନିଷ୍ପତ୍ତି ନେଇପାରେ, ଫଳସ୍ୱରୂପ, ଡାଟା ସ୍ଥାନାନ୍ତରର ସମୟ ହ୍ରାସ ପାଏ ଏବଂ ସୁରକ୍ଷା ସୁନିଶ୍ଚିତ କରିଥାଏ।</p>\r\n\r\n<p><span style=\"color:#0000FF\"><strong>ଇଂରାଜୀ ପରିଭାଷା :</strong></span><br />\r\nବିଲ୍ଟଇନ୍-କମ୍ ଅନୁସାରେ, ଏହା ହେଉଛି, &lsquo;ଏଜ୍ କମ୍ପ୍ୟୁଟିଂ ପରିବେଶରେ କୃତ୍ରିମ ବୁଦ୍ଧିମତ୍ତାର କାର୍ଯ୍ୟାନ୍ୱୟନ&rdquo;।</p>\r\n\r\n<p><strong><span style=\"color:#0000FF\">ବିବରଣୀ :</span></strong><br />\r\nଏଜ୍ ଡିଭାଇସ୍ ଦୁଇଟି ପୃଥକ ନେଟୱାର୍କ ମଧ୍ୟରେ ଡାଟା ପ୍ରବାହକୁ ନିୟନ୍ତ୍ରଣ କରୁଥିବା ଡିଭାଇସ୍। କେବଳ କ୍ଲାଉଡ୍-ଆଧାରିତ ପ୍ରକ୍ରିୟାକରଣ ଉପରେ ନିର୍ଭର କରିବା ପରିବର୍ତ୍ତେ, ଏଜ୍ AI ସ୍ମାର୍ଟଫୋନ୍, IoT ଡିଭାଇସ୍ ଏବଂ ସେନ୍ସରଗୁଡ଼ିକୁ ସିଧାସଳଖ ବ୍ୟବହାର କରି ସମ୍ପୂର୍ଣ୍ଣ ଆନାଲିଟିକ୍ସ ପ୍ରକ୍ରିୟାକୁ କମ୍&zwnj; ସମୟ ଭିତରେ ପହଞ୍ଚାଇଥାଏ। ଏଜ୍ AI ସୃଷ୍ଟି ପଛରେ ମୁଖ୍ୟ ପ୍ରେରଣା ହେଉଛି କ୍ଲାଉଡ୍-ଆଧାରିତ AI ସିଷ୍ଟମର ସୀମା, ଯେପରିକି ବ୍ୟାଣ୍ଡୱିଡ୍&zwnj;ଥ ଆବଶ୍ୟକତା, ଗୋପନୀୟତା ଚିନ୍ତା ଏବଂ ନିରବଚ୍ଛିନ୍ନ ଇଣ୍ଟରନେଟ୍ ସଂଯୋଗର ଆବଶ୍ୟକତା। ଏଜ୍ ଡିଭାଇସ୍ ଡାଟା ପ୍ରକ୍ରିୟାକରଣ କରିବା ସହିତ ଆନାଲିଟିକ୍ସ ପଦ୍ଧତିରେ ଅନେକ ସୁବିଧା ପ୍ରଦାନ କରିଥାଏ।</p>\r\n\r\n<p><span style=\"color:#0000FF\"><strong>ଏଜ୍ AIର ପ୍ରକାର :</strong></span><br />\r\nବିଭିନ୍ନ ପ୍ରକାରର ଏଜ୍ AI ଅଛି। ଏହାର କିଛି ପ୍ରକାର ନିମ୍ନରେ ଦିଆଗଲା।</p>\r\n\r\n<ul>\r\n	<li>On device AI</li>\r\n	<li>Edge Cloud AI</li>\r\n	<li>Federated Learning</li>\r\n	<li>TinyML</li>\r\n	<li>Real time AI&nbsp;</li>\r\n</ul>\r\n\r\n<p><strong>ଡିଭାଇସ୍ AI :</strong> ଏହି ପ୍ରକାରର AIରେ, ଇଣ୍ଟରନେଟ୍ ସଂଯୋଗ କିମ୍ବା ବାହ୍ୟ ସର୍ଭରର ଆବଶ୍ୟକତା ବିନା ସିଧାସଳଖ AI ଆଲଗୋରିଦମ ଚଲାଇବା ସମ୍ଭବ। ଅନ-ଡିଭାଇସ୍ AI ଅଫଲାଇନ୍ ପ୍ରକ୍ରିୟାକରଣ ପାଇଁ ପ୍ରସିଦ୍ଧ ଏବଂ ସାଧାରଣତଃ ସ୍ମାର୍ଟଫୋନ୍ କିମ୍ବା ସ୍ମାର୍ଟ ହୋମ୍ ଡିଭାଇସ୍&zwnj;ରେ ଭଏସ୍ ଆସିଷ୍ଟାନ୍ସ, ଇମେଜ୍ ଡିଟେକ୍ଟର ଏବଂ ପ୍ରାକୃତିକ ଭାଷା ପ୍ରକ୍ରିୟାକରଣ ଭଳି ଆପ୍ଲିକେସନ୍&zwnj;ଗୁଡ଼ିକରେ ବ୍ୟବହୃତ ହୁଏ।</p>\r\n\r\n<p><strong>ଏଜ୍ କ୍ଲାଉଡ୍ AI :</strong>&nbsp; ଏହି ପଦ୍ଧତିରେ, କିଛି ପ୍ରକ୍ରିୟାକରଣ ଏଜ୍ ଡିଭାଇସ୍&zwnj;ରେ କରାଯାଏ ଏବଂ ବାକି ବିଶ୍ଳେଷଣ ଏଜ୍ କ୍ଲାଉଡ୍&zwnj;ରେ AI ସାହାଯ୍ୟରେ କରାଯାଏ। ଏହି ସମୟରେ, ଡାଟା କ୍ଲାଉଡ୍&zwnj;ରେ ଅପଲୋଡ୍ କରାଯାଏ।</p>\r\n\r\n<p><strong>ଫେଡେରେଟେଡ୍ ଲର୍ଣ୍ଣିଂ :</strong> ଫେଡେରେଟେଡ୍ ଲର୍ଣ୍ଣିଂ ହେଉଛି ଏଜ୍ AI ପାଇଁ ଏକ ପଦ୍ଧତି; ଯେଉଁଠାରେ ଏକାଧିକ ଏଜ୍ ଡିଭାଇସ୍ ମୁଖ୍ୟ ସର୍ଭର ସହିତ ସେମାନଙ୍କର ଡାଟା ସେୟାର ନକରି ଏକ AI ମଡେଲ୍&zwnj;କୁ ସାମୂହିକ ଭାବରେ ତାଲିମ ଦିଅନ୍ତି।</p>\r\n\r\n<p><strong>ଟାଇନିଏମ୍ଏଲ୍ :</strong> ଏହି ମଡେଲ୍ ସାଧାରଣତଃ ହାଲୁକା ଏବଂ କମ୍-ପାୱାର ଡିଭାଇସ୍&zwnj;ଗୁଡ଼ିକରେ ଦକ୍ଷତାର ସହିତ ଚାଲିବା ପାଇଁ ଅପ୍ଟିମାଇଜ୍ କରାଯାଏ।</p>\r\n\r\n<p><strong>ରିଅଲ୍ ଟାଇମ୍ AI :</strong> ଟାଇମ୍&zwnj;ରେ AI ଦ୍ୱାରା ପ୍ରକ୍ରିୟାକରଣ ଏବଂ ଅନୁମାନ ଉପରେ ଧ୍ୟାନ ଦିଏ, ସିଧାସଳଖ ଏକ ଏଜ୍ ଡିଭାଇସ୍&zwnj;ରେ ସର୍ବନିମ୍ନ ସମୟ ବିତାଇଥାଏ।</p>\r\n\r\n<p><span style=\"color:#0000FF\"><strong>ବ୍ୟବହାର</strong></span><br />\r\nଗୁଗୁଲ୍&zwnj;ର ଟେନ୍ସର୍ ପ୍ରୋସେସିଂ ୟୁନିଟ୍ (TPUs) ଗୁଗୁଲ୍&zwnj;ର କ୍ଲାଉଡ୍ ଭିତ୍ତିଭୂମିରେ ଏଜ୍ AI ବ୍ୟବହାର କରେ। ଜିପ୍ଲାଇନ୍ ହେଉଛି ଏକ ବିତରଣ ସେବା ଯାହା ରୱାଣ୍ଡା, ଘାନା, ଜାପାନ, ଯୁକ୍ତରାଷ୍ଟ୍ର ଏବଂ ନାଇଜେରିଆରେ କାର୍ଯ୍ୟ କରେ। କମ୍ପାନୀ ଡ୍ରୋନରୁ ରିଅଲ୍-ଟାଇମ୍ ଡାଟା ପ୍ରକ୍ରିୟାକରଣ ପାଇଁ ଏଜ୍ AI ବ୍ୟବହାର କରେ। WeChat ଆପ୍&zwnj;ରେ ଡାଟା ପ୍ରକ୍ରିୟାକରଣ ପାଇଁ ଏଜ୍ AI ବ୍ୟବହାର କରିଥାଏ। ଏହା ରିଅଲ୍-ଟାଇମ୍ ଭାଷା ଅନୁବାଦ ପ୍ରଦାନ କରେ।</p>\r\n'),
(4, 'Podcast', '<p>ପଡକାଷ୍ଟ ହେଉଛି ଏକ ଡିଜିଟାଲ୍ ଅଡିଓ (କିମ୍ବା ଭିଡିଓ) ସିରିଜ୍। ଏହା ଏକ ଅନ-ଡିମାଣ୍ଡ ରେଡିଓ ଶୋ&rsquo; ପରି, ଯାହା ବିଭିନ୍ନ ଡିଭାଇସରେ ଡାଉନଲୋଡ୍ କିମ୍ବା ଷ୍ଟ୍ରିମିଂ ପାଇଁ ଅନ୍&zwnj;ଲାଇନରେ ଉପଲବ୍ଧ। ବିଭିନ୍ନ ଖବର ଏବଂ କାହାଣୀ ଠାରୁ ଶିକ୍ଷା ପର୍ଯ୍ୟନ୍ତ ବିଭିନ୍ନ ବିଷୟକୁ ଯୋଡ଼ିଥାଏ। ଏହା ଯେକୌଣସି ସମୟ ଓ ଯେକୌଣସି ସ୍ଥାନରେ ଶୁଣିବା ପାଇଁ ଅନୁମତି ପ୍ରଦାନ କରିଥାଏ।&nbsp; ପ୍ରାୟତଃ ବିଭିନ୍ନ ଫର୍ମାଟ୍ ସହିତ ଏପିସୋଡ୍&zwnj;ରେ ପ୍ରସ୍ତୁତ ହୁଏ। ନାମଟି &lsquo;iPod&rsquo; ଏବଂ &lsquo;ପ୍ରସାରଣ&rsquo;କୁ ମିଶ୍ରଣ କରେ। ଯାହା ଆପଲ୍&zwnj;ର ଡିଭାଇସ୍&zwnj;ରେ ପ୍ରାରମ୍ଭିକ ଲୋକପ୍ରିୟତାରୁ ଉତ୍ପନ୍ନ ହୋଇଥିଲା। ବର୍ତ୍ତମାନ Spotify ଏବଂ YouTube ପରି ପ୍ଲାଟଫର୍ମଗୁଡ଼ିକୁ ଅନ୍ତର୍ଭୁକ୍ତ ଅଛି।</p>\r\n\r\n<p><span style=\"color:#0000FF\"><strong>ମୁଖ୍ୟ ବୈଶିଷ୍ଟ୍ୟ</strong></span><br />\r\n<strong>ଡିଜିଟାଲ୍ ଏବଂ ଅନ-ଡିମାଣ୍ଡ :</strong> ପାରମ୍ପରିକ ରେଡିଓ ପରି ନୁହେଁ, ଯେତେବେଳେ ଆପଣ ଏହା ବାଛିବେ ଶୁଣିବା ପାଇଁ ଉପଲବ୍ଧ।<br />\r\n<strong>ଏପିସୋଡିକ୍ :</strong> ସାଧାରଣତଃ ଏକ ସିରିଜ୍&zwnj;ରେ ମୁକ୍ତିଲାଭ କରେ, ନିର୍ଦ୍ଦିଷ୍ଟ ଥିମ୍ କିମ୍ବା ବିଷୟଗୁଡ଼ିକୁ ସାମିଲ କରେ।<br />\r\n<strong>ବିଭିନ୍ନ ଫର୍ମାଟ୍ :</strong> ସାକ୍ଷାତକାର, କାହାଣୀ କହିବା, ଖବର, ଶିକ୍ଷାଗତ ବିଷୟବସ୍ତୁ ଏବଂ ନାଟକ ଅନ୍ତର୍ଭୁକ୍ତ।<br />\r\n<strong>ସୁଗମ୍ୟ : </strong>ସ୍ମାର୍ଟଫୋନ୍, କମ୍ପ୍ୟୁଟର କିମ୍ବା ସ୍ମାର୍ଟ ସ୍ପିକରରେ ଶୁଣିହେବ।</p>\r\n\r\n<p><span style=\"color:#0000FF\"><strong>କିପରି ଶୁଣିବେ</strong></span></p>\r\n\r\n<ul>\r\n	<li><strong>ଏକ ପ୍ଲାଟଫର୍ମ ବାଛନ୍ତୁ :</strong> Spotify, Apple Podcasts, କିମ୍ବା YouTube ପରି ଆପ୍ ବ୍ୟବହାର କରନ୍ତୁ।</li>\r\n	<li><strong>ଏକ Podcast ଖୋଜନ୍ତୁ :</strong> ଆପଣ ଉପଭୋଗ କରୁଥିବା ବିଷୟଗୁଡ଼ିକ ଖୋଜନ୍ତୁ (ଯଥା, ଖବର, କମେଡି, ସତ୍ୟ ଅପରାଧ ଇତ୍ୟାଦି)।</li>\r\n	<li><strong>ସଦସ୍ୟତା ନିଅନ୍ତୁ/ଅନୁସରଣ କରନ୍ତୁ : </strong>ନୂତନ ଏପିସୋଡ୍ ସ୍ୱୟଂଚାଳିତ ଭାବରେ ପାଆନ୍ତୁ।</li>\r\n	<li><strong>ଡାଉନଲୋଡ୍ କିମ୍ବା ଷ୍ଟ୍ରିମ୍ କରନ୍ତୁ :</strong> ସିଧାସଳଖ ଶୁଣନ୍ତୁ କିମ୍ବା ଅଫଲାଇନ୍ ଶୁଣିବା ପାଇଁ ଏପିସୋଡ୍ ସେଭ୍ କରନ୍ତୁ।</li>\r\n</ul>\r\n');

-- --------------------------------------------------------

--
-- Table structure for table `multi`
--

CREATE TABLE `multi` (
  `id` int(11) NOT NULL,
  `word` varchar(200) NOT NULL,
  `mword` text NOT NULL
) ENGINE=InnoDB DEFAULT CHARSET=utf8mb4 COLLATE=utf8mb4_general_ci;

--
-- Dumping data for table `multi`
--

INSERT INTO `multi` (`id`, `word`, `mword`) VALUES
(1, 'ଆୟତ<>ଆୟତ୍ତ', '<p><span style=\"color:#FF0000\"><strong>ଆୟତ </strong></span>:<br />\r\n1. ସମକୋଣୀ ସମାନ୍ତରାଳ କ୍ଷେତ୍ର (A rectangular parallelogram; an oblong; rectangle)<br />\r\n2. ବିସ୍ତୃତ; ବିଶାଳ; ଦୀର୍ଘ (Extended; long)</p>\r\n\r\n<p><span style=\"color:#FF0000\"><strong>ଆୟତ୍ତ :</strong></span><br />\r\n1. ବଶୀଭୂତ; ଅଧୀନ (Subject to; tractable; manageable; docile under one&#39;s control)</p>\r\n'),
(2, 'ମଧୁ<>ମଧୂ', '<p><span style=\"color:#FF0000\"><strong>ମଧୁ :</strong></span></p>\r\n\r\n<p>1. ମହୁ (Honey)<br />\r\n2. ମିଠା (Sweet).<br />\r\n3. ସ୍ନିଗ୍ଧ (Mild; agreeable)<br />\r\n4. ଫୁଲ ମଧ୍ୟରେ ଥିବା ମକରନ୍ଦ (Nectar or sweet juice found inside flowers)<br />\r\n5. ମଦ; ମଦ୍ୟ (Wine)<br />\r\n6. ସୁମିଷ୍ଟ ରସ; ମଧୁର ରସ; ମିଠା (Sweet juice; things of sweet taste. 5. ଜଳ (Water)<br />\r\n7. ବସନ୍ତ କାଳ (The spring season)<br />\r\n8. କାମଦେବଙ୍କ ଅନୁଚର (The companion of the God Cupid)<br />\r\n9. ମଧୁଦ୍ରୁମ; ଆମ୍ବଗଛ (Mango tree)<br />\r\n10. ମହୁଲ ଗଛ (Mahwa; Bassia Latifolia (tree)<br />\r\n11. ଚୈତ୍ରମାସ (The lunar month of Chaitra)<br />\r\n12. ବିଷ୍ଣୁଙ୍କ କର୍ଣ୍ଣମଳରୁ ଜାତ ଦୈତ୍ୟବିଶେଷ (Name of a demon said to have sprung from the ear-wax of Bishnu)<br />\r\n13. ମଧୁବନ; ରାବଣର ଉଦ୍ୟାନ (The pleasure garden of the demon Raban)<br />\r\n14. ମଧୁସୂଦନର ଡାକ ନାମ (Name for calling Madhusudan)</p>\r\n\r\n<p><br />\r\n<strong><span style=\"color:#FF0000\">ମଧୂ :</span></strong><br />\r\n1. ମଧୁର ଅପଭ୍ରଂଶ<br />\r\n2. ମଧୂଲିକା, ମଧୂଲୀ, ମଧୂରିକା ଇତ୍ୟାଦି (ୂ) କାର ଲେଖାଯାଇପାରେ</p>\r\n\r\n<p>&nbsp;</p>\r\n'),
(3, 'ପେସା <> ପେଷା <> ପେଶା', '<p><span style=\"color:#FF0000\"><strong>ପେସା :</strong></span></p>\r\n\r\n<p>1. ବ୍ୟବସାୟ; ଜୀବିକା Livelihood; profession.</p>\r\n\r\n<p><span style=\"color:#FF0000\"><strong>ପେଷା :</strong></span><br />\r\n1. ପ୍ରେଷିତ; ପ୍ରେରିତ Sent.<br />\r\n2. ପିଷ୍ଟ; ଚୂରା ଯାଇଥିବା Pounded</p>\r\n\r\n<p><span style=\"color:#FF0000\"><strong>ପେଶା :</strong></span><br />\r\n1. ଜୀବିକା; ଦାନା ପାଣି, ବୃତ୍ତି Livelihood; employment; profession; means or living.<br />\r\n2. ଘଟଣା; ବ୍ୟାପାର; କାର୍ଯ୍ୟ Event; work; action.<br />\r\n3. କାରବାର Trade.&nbsp;</p>\r\n'),
(4, 'ପଲ୍ଲି <> ପଲ୍ଲୀ', '<div id=\"div_2\"><span style=\"color:#FF0000\">ପଲ୍ଲି :</span></div>\r\n\r\n<div id=\"div_3\">1. ପଡ଼ା, ଛୋଟ ଗ୍ରାମ (Hamlet, small village)<br />\r\n2. ଝିଟିପିଟି, ଗୃହ ଗୋଧିକା (House, lizard)<br />\r\n3. ଗ୍ରାମ (Village)<br />\r\n4. କୁଡ଼ିଆ, କୁଟୀର (Cottage, hut)<br />\r\n5. ଗୃହ, ବାସ ସ୍ଥାନ (House; station)</div>\r\n\r\n<div>&nbsp;</div>\r\n\r\n<div><span style=\"color:#FF0000\"><strong>ପଲ୍ଲୀ (ପଲ୍ଲିର ଅନ୍ୟରୂପ)</strong></span><br />\r\n<br />\r\n1. ପଡ଼ା, ଛୋଟ ଗ୍ରାମ (Hamlet, small village)<br />\r\n2. ଝିଟିପିଟି, ଗୃହ ଗୋଧିକା (House, lizard)<br />\r\n<br />\r\n<br />\r\nବି.ଦ୍ର. : ମୂଳଶବ୍ଦ ପରେ କୌଣସି ଅନ୍ୟ ଶବ୍ଦ ନଥିଲେ (ୀ) ହେବ (ଯଥା : ନୂଆପଲ୍ଲୀ, କରଡ଼ାପଲ୍ଲୀ) ମୂଳଶବ୍ଦପରେ କୌଣସି ଶବ୍ଦ ରହିଥିଲେ ସେଠାରେ (ି) ହେବ (ଯଥା : ପଲ୍ଲିପଡ଼ା, ପଲ୍ଲିବାସୀ, ପଲ୍ଲିସାହି)</div>\r\n'),
(5, 'ରୁପା <> ରୂପା', '<div id=\"div_2\"><span style=\"color:#FF0000\"><strong>ରୁପା :</strong></span></div>\r\n\r\n<div id=\"div_3\">1. ରଜତ; ରୌପ୍ୟ ଧାତୁ (Silver)<br />\r\n2. ରୌପ୍ୟ ନିର୍ମିତ (Made of silver)<br />\r\n<br />\r\n<span style=\"color:#FF0000\"><strong>ରୂପା : (ରୁପାର ଅନ୍ୟ ରୂପ)</strong></span><br />\r\n1. ଶୁକ୍ଳବର୍ଣ୍ଣ ଧାତୁ ବିଶେଷ; ରୌପ୍ୟ; ଚାନ୍ଦି (Silver; Argentum)<br />\r\n2. ମିଶା ରୂପା (Mixed silver)<br />\r\n3. ନାମ ବିଶେଷ (Name of the person)</div>\r\n'),
(6, 'ମତ <> ମତ୍ତ', '<div id=\"div_2\"><span style=\"color:#FF0000\"><strong>ମତ :</strong></span></div>\r\n\r\n<div id=\"div_3\">1. ମନର ଭାବ Idea; thought.<br />\r\n2. ପରାମର୍ଶ; ଉପଦେଶ Advice.<br />\r\n3. ଉଦ୍ଦେଶ୍ୟ; ଅଭିପ୍ରାୟ; ଆଶୟ Intention; aim.<br />\r\n4. ବିଶ୍ୱାସ Faith; belief.<br />\r\n5. ମନ୍ତବ୍ୟ Remark.<br />\r\n6. ଇଚ୍ଛା Wish; desire.<br />\r\n7. ଅଭିମତ Opinion; choice.<br />\r\n8. ଜ୍ଞାନ Knowledge.<br />\r\n9. ଗୁଗ୍ଗୁଳ; ଅଗୁରୁ Agallochium.<br />\r\n10. ହସ୍ତୀ Elephant.<br />\r\n11. ପ୍ରକାର; ରୀତି Mode; manner.<br />\r\n12. କୌଣସି ବିଷୟରେ ମନରେ ସ୍ଥିରୀକୃତ ଭାବ; ମତବାଦ View; doctrine.<br />\r\n13. ମେଘ Cloud.<br />\r\n14. ଧର୍ମର ବିଶ୍ୱାସ Religious belief; creed; tenet.<br />\r\n15. ସମ୍ମତି; ମଞ୍ଜୁରି; ଅନୁକୂଳ ମତ Approbation; commendation; sanction (Apte).<br />\r\n<br />\r\n<span style=\"color:#FF0000\"><strong>ମତ୍ତ :</strong></span><br />\r\n<br />\r\n1. ଉନ୍ମତ୍ତ; ପ୍ରମତ୍ତ; ପାଗଳ Maddened; overcome with extreme excitement.<br />\r\n2. ମତୁଆଳ; ନିଶାରେ ବିହ୍ୱଳ ବା ଭୋଳ Intoxicated.<br />\r\n3. ଅତ୍ୟନ୍ତ ହୃଷ୍ଟ Excited with delight; overjoyed.<br />\r\n4. କ୍ରୋଧାନ୍ଧ; କ୍ରୋଧରେ ଜ୍ଞାନଶୂନ୍ୟ Maddened with anger; blinded with rage.<br />\r\n<br />\r\nବି.<br />\r\n1. କୋକିଳ Cuckoo.<br />\r\n2. ବାୟା ହାତୀ; ଉନ୍ମତ୍ତ ବା କ୍ରୋଧାନ୍ଧ ହସ୍ତୀ An elephant maddened with rage.<br />\r\n3. ମଦମତ୍ତ ହସ୍ତୀ An elephant in rut.<br />\r\n4. ମହିଷ Buffalo.<br />\r\n5. ଧୂସ୍ତୂର; ଧାତୁରା The Datura Fastuosa (plant, fruit and flower).</div>\r\n'),
(7, 'ନିରବ <> ନୀରବ', '<div id=\"div_2\"><span style=\"color:#FF0000\"><strong>ନିରବ :</strong></span></div>\r\n\r\n<div id=\"div_3\">1. ନିଃଶବ୍ଦ; ନୀରବ; ମୌନୀ (Silent; quiet)<br />\r\n2. ଗୋଳମାଳଶୂନ୍ୟ (Noiseless)<br />\r\n<br />\r\n<strong><span style=\"color:#FF0000\">ନୀରବ (ନିରବର ଅନ୍ୟରୂପ)</span></strong><br />\r\n1. ଅବାକ୍ (Mute; speechless)<br />\r\n2. ନିଃଶବ୍ଦ (noiseless)<br />\r\n3. ନିସ୍ତବ୍ଧ (Silent)</div>\r\n'),
(8, 'ପରି <> ପରୀ', '<p><span style=\"color:#FF0000\"><strong>ପରି:</strong></span></p>\r\n\r\n<ol>\r\n	<li><span class=\"new_p\">ସମ୍ପୂର୍ଣ୍ଣ ରୂପେ; ସର୍ବତୋଭାବରେ Completely.</span> <span class=\"new_p\">ଯଥା - ପରିଚ୍ଛଦ; ପରିଣୟ, ପରିତ୍ୟାଗ।</span></li>\r\n	<li><span class=\"new_p\">ଚତୁର୍ଦ୍ଦିଗରେ On all sides; around.</span> <span class=\"new_p\">ଯଥା - ପରିକ୍ରମା, ପରିକ୍ଷିପ୍ତ, ପରିବ୍ୟାପ୍ତ।</span></li>\r\n	<li><span class=\"new_p\">ଅତିଶୟ; ଅତ୍ୟନ୍ତ Very much.</span></li>\r\n	<li><span class=\"new_p\">କ୍ରମଶଃ; ବାରମ୍ବାର Repeatedly; gradually.</span> <span class=\"new_p\">ଯଥା - ପରିଚ୍ଛଦ; ପରିବେଷଣ।</span></li>\r\n	<li><span class=\"new_p\">ଭାଗ&nbsp; Part.</span>&nbsp;</li>\r\n	<li>ବ୍ୟକ୍ତିର ନାମ Name of the person.</li>\r\n</ol>\r\n\r\n<p><strong><span style=\"color:#FF0000\">ପରୀ:</span></strong></p>\r\n\r\n<ol>\r\n	<li><span class=\"new_p\">ଅପ୍ସରା; ପକ୍ଷଯୁକ୍ତ ସୁନ୍ଦରୀ ଦେବଯୋନିବିଶେଷ Fairy; nymph.</span></li>\r\n</ol>\r\n'),
(9, 'ମହି <> ମହୀ', '<div id=\"div_2\"><span style=\"color:#FF0000\"><strong>ମହି :</strong></span><br />\r\n1. ପୃଥିବୀ; ଧରଣୀ (The earth)<br />\r\n2. ଭୂମି (The ground)<br />\r\n3. ଖଟା ଦହି (Foetid curd)<br />\r\n<br />\r\n<strong><span style=\"color:#FF0000\">ମହୀ (ମହିର ଅନ୍ୟରୂପ):</span></strong><br />\r\n1. ପୃଥିବୀ; ଧରଣୀ (The earth)<br />\r\n<br />\r\n<br />\r\nବି.ଦ୍ର.: ପୃଥିବୀ (ସ୍ତ୍ରୀ ଲିଙ୍ଗ) ହୋଇଥିବାରୁ ମହୀ (ୀ) ଲେଖିବା ବିଦିତ। ତେବେ ମହିମଣ୍ଡଳ, ମହିପୁର ଆଦିରେ ( ି ) ଲେଖା ଯାଇପାରେ।</div>\r\n'),
(10, 'ଡାଇରି <> ଡାଇରୀ', '<p><span style=\"color:#FF0000\"><strong>ଡାଇରୀ / ଡାଏରୀ / ଡାୟରୀ:</strong></span></p>\r\n\r\n<div class=\"tw-target-rmn tw-ta-container tw-nfl\" id=\"tw-target-rmn-container\" role=\"text\" tabindex=\"-1\">&nbsp;</div>\r\n\r\n<div>Should I use dairy or diary? These words have similar spellings, but they are pronounced differently and have different meanings. Dairy is related to milk and the production of milk. Diary means a private book detailing one&rsquo;s feelings and experiences.<br />\r\n<br />\r\n1. ଦୈୖନିକ ଘଟଣାର ସ୍ମାରକ ଲିପି ବା ବିବରଣ (Diary)<br />\r\n<br />\r\n<span style=\"color:#FF0000\"><strong>ଡାୟରି:</strong></span><br />\r\n1. ଦୁଧ, ଦହି, ଲହୁଣୀ ଆଦି ସଂଗୃହୀତ ହୋଇ ବିକ୍ରି କରାଯିବାର ସ୍ଥାନ (Dairy)</div>\r\n'),
(11, 'ଅପ୍ରାପ୍ତ<>ଅପ୍ରାପ୍ତ', '<p><span style=\"color:#FF0000\"><strong>ଅପ୍ରାପ୍ତ :</strong></span></p>\r\n\r\n<ol>\r\n	<li><span class=\"new_p\">ଅଲବ୍ଧ; ଯାହା ମିଳି ନାହିଁ Not received; not attained.</span></li>\r\n	<li><span class=\"new_p\">ଅନଧିଗତ; ଯାହାର ନିକଟରେ ଲୋକ ପହଞ୍ଚି ପାରି ନାହିଁ Unreached.</span></li>\r\n	<li><span class=\"new_p\">ଅଲଭ୍ୟ; ଯାହା ମିଳେ ନାହିଁ Not to be got.</span></li>\r\n</ol>\r\n\r\n<p><span style=\"color:#FF0000\"><strong>ଅପ୍ରାପ୍ତ ପରେ ବୟସ ଲାଗିଲେ :</strong></span></p>\r\n\r\n<ol>\r\n	<li><span class=\"new_p\">ଯେ ଉପଯୁକ୍ତ ବୟସ ପ୍ରାପ୍ତ ହୋଇ ନାହିଁ; ନାବାଳକ ବା ନାବାଳିକା Minor; not yet come of age.</span></li>\r\n	<li>ସେହିପରି ଅପ୍ରାପ୍ତ ଯୌବନ/ଯୌବନା ଇତ୍ୟାଦି</li>\r\n</ol>\r\n'),
(12, 'ଅଶନ <> ଅସନ', '<ul>\r\n	<li>ଅଶନ - ଭୋଜନ</li>\r\n	<li>ଅସନ - କ୍ଷେପଣ</li>\r\n</ul>\r\n'),
(13, 'ଈଶ <> ଈଷ', '<ul>\r\n	<li>ଈଶ - ଈଶ୍ୱର</li>\r\n	<li>ଈଷ - ଲଙ୍ଗଳଦ</li>\r\n</ul>\r\n'),
(14, 'କୁଳ <> କୂଳ', '<p>କୁଳ - ବଂଶ<br />\r\nକୂଳ - ତଟ<br />\r\n&nbsp;</p>\r\n'),
(15, 'କୃତି <> କୃତୀ', '<p>କୃତି - କାର୍ଯ୍ୟ<br />\r\nକୃତୀ - ଦକ୍ଷ</p>\r\n'),
(16, 'ଗିରିଶ <> ଗିରୀଶ', '<ul>\r\n	<li>ଗିରିଶ - ମହାଦେବ, ଶିବ, ବୃହସ୍ପତି</li>\r\n	<li>ଗିରୀଶ - ଶ୍ରେଷ୍ଠଗିରି</li>\r\n</ul>\r\n'),
(17, 'ଚୁଡ଼ା <> ଚୂଡ଼ା', '<ul>\r\n	<li>ଚୁଡ଼ା - ଖାଦ୍ୟବିଶେଷ</li>\r\n	<li>ଚୂଡ଼ା - ଅଗ୍ରଭାଗ</li>\r\n</ul>\r\n'),
(18, 'ଚିର <> ଚୀର', '<ul>\r\n	<li>ଚିର - ଦୀର୍ଘକାଳ,&nbsp;<span class=\"new_p\">ଗୋରୁ ଆଦି ପଶୁଙ୍କ ସ୍ତନାଗ୍ର ବା ଚୁଚୁକ</span></li>\r\n	<li>ଚୀର - ଛିଣ୍ଡାକନା</li>\r\n</ul>\r\n'),
(19, 'ଦିନ <> ଦୀନ', '<ul>\r\n	<li>ଦିନ - ଦିବସ</li>\r\n	<li>ଦୀନ - ଗରିବ</li>\r\n</ul>\r\n'),
(20, 'ଦୀପ <> ଦ୍ବୀପ', '<ul>\r\n	<li>ଦୀପ - ଆଲୋକ ପ୍ରଦାନ କରୁଥିବା ବସ୍ତୁ</li>\r\n	<li>ଦ୍ୱୀପ - ଜଳବେଷ୍ଟିତ ଭୂଖ<br />\r\n	&nbsp;</li>\r\n</ul>\r\n'),
(21, 'ପୁତ <> ପୂତ', '<ul>\r\n	<li>ପୁତ - ପୁଅ</li>\r\n	<li>ପୂତ - ପବିତ୍ର</li>\r\n</ul>\r\n'),
(22, 'ବଳି <> ବଳୀ', '<ul>\r\n	<li>ବଳି - ତ୍ୟାଗ, ହତ୍ୟା</li>\r\n	<li>ବଳୀ - ବଳୁଆ</li>\r\n</ul>\r\n'),
(23, 'ଲକ୍ଷ <> ଲକ୍ଷ୍ୟ', '<ul>\r\n	<li>ଲକ୍ଷ - ସଂଖ୍ୟାବିଶେଷ</li>\r\n	<li>ଲକ୍ଷ୍ୟ - ଉେଶ୍ୟ</li>\r\n</ul>\r\n');

-- --------------------------------------------------------

--
-- Table structure for table `options`
--

CREATE TABLE `options` (
  `qid` varchar(50) NOT NULL,
  `option` varchar(5000) NOT NULL,
  `optionid` text NOT NULL
) ENGINE=InnoDB DEFAULT CHARSET=utf8mb4 COLLATE=utf8mb4_general_ci;

--
-- Dumping data for table `options`
--

INSERT INTO `options` (`qid`, `option`, `optionid`) VALUES
('5b13ed3a6e006', 'sdb', '5b13ed3a9436a'),
('693c8314b9202', 'ବନଦà­ରà­ଗା', '693c8314b9afa'),
('693c8314b9202', 'ବିମଳା', '693c8314b9afb'),
('693c8314b9202', 'ଶିଙà­ଘେଇ', '693c8314b9afc'),
('693c8314b9202', 'କାଳୀ', '693c8314b9afd'),
('693c8314ba548', 'ପà­ରିୟାଶୀ', '693c8314ba60f'),
('693c8314ba548', 'ବାସନା', '693c8314ba610'),
('693c8314ba548', 'ସà­ହାଗିନୀ', '693c8314ba611'),
('693c8314ba548', 'ଅଧମରତି', '693c8314ba612'),
('693ddd4f359b1', 'ଅଇରଶି', '693ddd4f36427'),
('693ddd4f359b1', 'à¬ରିଶି', '693ddd4f36428'),
('693ddd4f359b1', 'ଅଇରାଶି', '693ddd4f36429'),
('693ddd4f359b1', 'ଅଇରଶି', '693ddd4f3642a'),
('693ddd4f373df', 'ଅଲକà­ଷିଣୀ', '693ddd4f3749a'),
('693ddd4f373df', 'ଅଇସà­ଲକà­ଷଣୀ', '693ddd4f3749c'),
('693ddd4f373df', 'ଅଇସà­ଲଭିନୀ', '693ddd4f3749d'),
('693ddd4f373df', 'ସୌନà­ଦରà­ଯà­ୟବତୀ', '693ddd4f3749e'),
('693ddd4f378ec', 'ପà­ରାପà­ୟ', '693ddd4f37999'),
('693ddd4f378ec', 'ଅଧିଅରà­ଥ', '693ddd4f3799a'),
('693ddd4f378ec', 'ଅଧିକାର', '693ddd4f3799b'),
('693ddd4f378ec', 'ଅଧିଗତ', '693ddd4f3799c'),
('693ddd4f37d55', 'ଉପତà­ୟକା', '693ddd4f37e09'),
('693ddd4f37d55', 'ଅଧିତà­ୟକା', '693ddd4f37e0a'),
('693ddd4f37d55', 'ଶିଖର', '693ddd4f37e0b'),
('693ddd4f37d55', 'ଶିଳାଭୂମି', '693ddd4f37e0c'),
('695c32320f271', 'କୌଶଳ, ପରାକà­ରମ, ହୃଦà­‌ବୋଧ', '695c32321025a'),
('695c32320f271', 'ପରାକà­ରମୀ, ସବଳ, ଆଧà­ୟାତà­ମିକ', '695c32321025c'),
('695c32320f271', 'ମାନସିକ ଚେଷà­ଟା, ଚେଷà­ଟିତ, ସଂକଳ', '695c32321025d'),
('695c32320f271', 'ଦୃଢ଼, ଅଯତà­ନ, ପରାଭବ', '695c32321025e'),
('695c32321134f', 'ବିବାହକାଳୀନ ହୋମାଗà­ନି ସମà­ମà­ଖ', '695c3232114b7'),
('695c32321134f', 'ହୋମଯଜà­ଞ', '695c3232114b8'),
('695c32321134f', 'ବେଦଯଜà­ଞ', '695c3232114b9'),
('695c32321134f', 'ଯଜà­ଞଶାଳା', '695c3232114ba'),
('695c323211d77', 'ଧୈରà­ଯà­ୟହୀନ, କାତର', '695c323211f85'),
('695c323211d77', 'ଭୟଭୀତ, ଶଙà­କିତ', '695c323211f86'),
('695c323211d77', 'ବà­ରହà­ମଚାରୀ, ବà­ରହà­ମକà­ମାର', '695c323211f87'),
('695c323211d77', 'ଯଜà­ରà­ବେଦଜà­ଞ; ଯାଜà­ଞକ; ଋତà­ୱିକ', '695c323211f88'),
('695c3232126fe', 'ପାତାଳ', '695c323212868'),
('695c3232126fe', 'ପୃଥିବୀ', '695c323212869'),
('695c3232126fe', 'ସà­ବରà­ଗ', '695c32321286a'),
('695c3232126fe', 'ବà­ରହà­ମାଣà­ଡ', '695c32321286b');

-- --------------------------------------------------------

--
-- Table structure for table `proverb`
--

CREATE TABLE `proverb` (
  `id` int(11) NOT NULL,
  `odia` varchar(200) NOT NULL,
  `english` varchar(200) NOT NULL
) ENGINE=InnoDB DEFAULT CHARSET=utf8mb4 COLLATE=utf8mb4_general_ci;

--
-- Dumping data for table `proverb`
--

INSERT INTO `proverb` (`id`, `odia`, `english`) VALUES
(1, 'ଜନନୀ ଜନ୍ମଭୂମିଶ୍ଚ ସ୍ବର୍ଗାଦପି ଗରୀୟସୀ', 'Mother and Motherland are superior to heaven.'),
(2, 'ନାହିଁ ମାମୁ ଠାରୁ କଣା ମାମୁ ଭଲ', 'Something is better then nothing.\r\n'),
(3, 'ଏକତା ହିଁ ବଳ', 'Unit is strength.\r\n'),
(4, 'ଯାହାକୁ ରଖି​‌ବେ ଅନନ୍ତ କି କରି ପାରେ ବଳବନ୍ତ', 'What god wills, no trust can kill'),
(5, 'ଭଦ୍ରତା ଶ୍ରେଷ୍ଠ ଅଳଙ୍କାର', 'Courtesy is the best ornament.\r\n'),
(6, 'ସ୍ବାସ୍ଥ୍ୟ ହିଁ ସମ୍ପଦ', 'Health is Wealth'),
(7, 'ଜୋର ଯାର ମୂଲକ ତାର', 'Might is Right '),
(8, 'ଅକାଳ ଚଡ଼କ', 'A bolt from the blue'),
(9, 'ଅତି ଗର୍ବେ ହତ ଲଙ୍କା', 'Pride goes before a fall '),
(10, 'ଅତି ପରିଚୟେ ଗୌରବ ନଷ୍ଟ', 'Familiarity breeds contempt'),
(11, 'ଅତି ଭକ୍ତି ଚୋରର ଲକ୍ଷଣ', 'Too much courtesy too much craft'),
(12, 'ଆୟକୁ ଦେଖି ବ୍ୟୟ କର', 'Cut your coat according to your cloth.'),
(13, 'ନିଜେ ଭଲ ତ ଦୁନିଆ ଭଲ', 'Good mind, good find.\r\n'),
(14, 'ଯେ ପାଞ୍ଚେ ପରର ମନ୍ଦ ତା ମନ୍ଦ ପାଞ୍ଚନ୍ତି ଗୋବିନ୍ଦ', 'Harm watch, harm catch.\r\n'),
(15, 'ଠିକିଲେ ଶିଖନ୍ତି', 'Experience teaches better than wisdom.\r\n'),
(16, 'ବହୁ ଲୋକରେ ମୂଷା ମରେନି', 'Too many cooks spoil th broth.'),
(17, 'ଅଳସୁଆର ଦିନ ଅନେକ, କିନ୍ତୁ କାମ ସାମୟିକ ଅକ୍ଷମ ', 'A lazy person has many days, but is temporarily unable to work'),
(18, 'ଅତି ଦର୍ପରେ ହତାଶ, ଅତି ଅଳସୁଆରେ ସର୍ବନାଶ', 'Too much pride leads to disappointment; too much laziness leads to ruin.'),
(19, 'ଯେଉଁଠି ଇଚ୍ଛା ଥାଏ, ସେଠି ରାସ୍ତା ଥାଏ', ' Where there is a will, there is a way.'),
(20, 'କାମ କରିବା ଲୋକ ହିଁ ଶିକ୍ଷା କରେ', 'One who works hard is the one who truly learns (Experience is a great teacher).'),
(21, 'ପରିଶ୍ରମ ହିଁ ସଫଳତାର ଚାବିକାଠି', 'Hard work is the key to success.'),
(22, 'ବିଦ୍ୟା ଧନ ସର୍ବ ଧନ ପ୍ରଧାନ', 'The wealth of knowledge is the greatest of all wealth.'),
(23, 'ଅଭ୍ୟାସ ମନୁଷ୍ୟକୁ ମହାନ କରେ', 'Practice makes a man perfect.'),
(24, 'ସମୟ ଓ ସୁଅ କାହାକୁ ଅପେକ୍ଷା କରେ ନାହିଁ', 'Time and tide wait for no man.'),
(25, 'ନିଜ କୋଟକୁ ନିଜ ଲୁଗା ଅନୁସାରେ କାଟ', 'Cut your coat according to your cloth (Live within your means).');

-- --------------------------------------------------------

--
-- Table structure for table `questions`
--

CREATE TABLE `questions` (
  `eid` text NOT NULL,
  `qid` text NOT NULL,
  `qns` text NOT NULL,
  `choice` int(10) NOT NULL,
  `sn` int(11) NOT NULL
) ENGINE=InnoDB DEFAULT CHARSET=utf8mb4 COLLATE=utf8mb4_general_ci;

--
-- Dumping data for table `questions`
--

INSERT INTO `questions` (`eid`, `qid`, `qns`, `choice`, `sn`) VALUES
('693c822724980', '693c8314b9202', 'ପାନ ବରଜରେ ପୂଜା ପାଉଥିବା ଠାକà­ରାଣୀ?', 4, 1),
('693c822724980', '693c8314ba548', 'ସà­ବାରà­ଥ ପାଇà¬ ପà­ରଣୟ ?', 4, 2),
('693ddb82bc733', '693ddd4f359b1', 'ଶତà­ରà­ଭାବାପନà­ନ ବା ଶତà­ରà­ତା ପୂରà­ବକ ଆଚରଣ', 4, 1),
('693ddb82bc733', '693ddd4f373df', 'ଯେଉà¬ ସà­ତà­ରୀ ପତିପà­ତà­ରଯà­କà­ତା ହୋଇ ସà­ଖରେ ରହେ', 4, 2),
('693ddb82bc733', '693ddd4f378ec', 'ଅରà­ଜିତ; ଉପାରà­ଜିତ ଅରà­ଥ', 4, 3),
('693ddb82bc733', '693ddd4f37d55', 'ପରà­ବତର ଉପରେ ବା ଉଚà­ଚଦେଶରେ ଥିବା ବିସà­ତୀରà­ଣà­ଣ ସମତଳ ଭୂଖଣà­ଡ', 4, 4),
('695c2fba274d9', '695c32320f271', 'ଅଧà­ୟବସାୟ', 4, 1),
('695c2fba274d9', '695c32321134f', 'ଅଧà­ୟଗà­ନି', 4, 2),
('695c2fba274d9', '695c323211d77', 'ଅଧà­ବରà­ଯà­ୟà­', 4, 3),
('695c2fba274d9', '695c3232126fe', 'ଅଧୋଭà­ବନ', 4, 4);

-- --------------------------------------------------------

--
-- Table structure for table `quiz`
--

CREATE TABLE `quiz` (
  `eid` text NOT NULL,
  `title` varchar(100) NOT NULL,
  `sahi` int(11) NOT NULL,
  `wrong` int(11) NOT NULL,
  `total` int(11) NOT NULL,
  `date` timestamp NOT NULL DEFAULT current_timestamp() ON UPDATE current_timestamp()
) ENGINE=InnoDB DEFAULT CHARSET=utf8mb4 COLLATE=utf8mb4_general_ci;

--
-- Dumping data for table `quiz`
--

INSERT INTO `quiz` (`eid`, `title`, `sahi`, `wrong`, `total`, `date`) VALUES
('693c822724980', 'Question-1', 4, 1, 2, '2025-12-12 20:59:19'),
('693ddb82bc733', 'Question-2', 2, 0, 4, '2025-12-13 21:32:50'),
('695c2fba274d9', 'Question-3', 2, 2, 4, '2026-01-05 21:40:10');

-- --------------------------------------------------------

--
-- Table structure for table `rank`
--

CREATE TABLE `rank` (
  `email` varchar(50) NOT NULL,
  `score` int(11) NOT NULL,
  `time` timestamp NOT NULL DEFAULT current_timestamp() ON UPDATE current_timestamp()
) ENGINE=InnoDB DEFAULT CHARSET=utf8mb4 COLLATE=utf8mb4_general_ci;

--
-- Dumping data for table `rank`
--

INSERT INTO `rank` (`email`, `score`, `time`) VALUES
('pinky@gmail.com', 30, '2018-06-03 16:57:45'),
('priyanka@gmail.com', 22, '2018-06-03 16:59:06'),
('mrswainsmj@gmail.com', -6, '2026-01-05 22:15:40'),
('demo@gmail.com', 0, '2026-01-12 15:49:37');

-- --------------------------------------------------------

--
-- Table structure for table `talk`
--

CREATE TABLE `talk` (
  `tid` int(20) NOT NULL,
  `ttitle` int(30) NOT NULL,
  `ttopic` int(100) NOT NULL
) ENGINE=InnoDB DEFAULT CHARSET=utf8mb4 COLLATE=utf8mb4_unicode_ci;

-- --------------------------------------------------------

--
-- Table structure for table `tblcategory`
--

CREATE TABLE `tblcategory` (
  `id` int(11) NOT NULL,
  `CategoryName` varchar(200) DEFAULT NULL,
  `Description` mediumtext DEFAULT NULL,
  `PostingDate` timestamp NULL DEFAULT current_timestamp(),
  `UpdationDate` timestamp NULL DEFAULT NULL ON UPDATE current_timestamp(),
  `Is_Active` int(1) DEFAULT NULL
) ENGINE=InnoDB DEFAULT CHARSET=utf8mb4 COLLATE=utf8mb4_general_ci;

--
-- Dumping data for table `tblcategory`
--

INSERT INTO `tblcategory` (`id`, `CategoryName`, `Description`, `PostingDate`, `UpdationDate`, `Is_Active`) VALUES
(1, 'Trending', 'Related to trending News', '2024-01-11 18:30:00', '2025-11-16 18:34:09', 1),
(2, 'Gadgates', 'Know your gadgates', '2024-01-11 18:30:00', '2025-11-15 06:18:08', 1),
(3, 'Social Media', 'Social Media Vocabulary', '2024-01-11 18:30:00', '2025-11-16 17:47:29', 1),
(4, 'TechDaily', 'Technology News', '2025-11-16 17:48:21', NULL, 1),
(5, 'Economy', 'Economy News', '2025-12-15 13:35:38', NULL, 1),
(6, 'Geography', 'Geopraphy News', '2025-12-18 12:55:23', '2025-12-18 12:55:35', 1),
(7, 'News Archive', 'Archive', '2025-12-22 18:57:48', NULL, 1);

-- --------------------------------------------------------

--
-- Table structure for table `tblcomments`
--

CREATE TABLE `tblcomments` (
  `id` int(11) NOT NULL,
  `postId` int(11) DEFAULT NULL,
  `name` varchar(120) DEFAULT NULL,
  `email` varchar(150) DEFAULT NULL,
  `comment` mediumtext DEFAULT NULL,
  `postingDate` timestamp NULL DEFAULT current_timestamp(),
  `status` int(1) DEFAULT NULL
) ENGINE=InnoDB DEFAULT CHARSET=latin1 COLLATE=latin1_swedish_ci;

--
-- Dumping data for table `tblcomments`
--

INSERT INTO `tblcomments` (`id`, `postId`, `name`, `email`, `comment`, `postingDate`, `status`) VALUES
(1, 12, 'Anuj', 'anuj@gmail.com', 'Cras sit amet nibh libero, in gravida nulla. Nulla vel metus scelerisque ante sollicitudin. Cras purus odio, vestibulum in vulputate at, tempus viverra turpis.', '2024-01-17 18:30:00', 1),
(2, 12, 'Test user', 'test@gmail.com', 'This is sample text for testing.', '2024-01-18 18:30:00', 1),
(3, 7, 'ABC', 'abc@test.com', 'This is sample text for testing.', '2024-01-22 18:30:00', 0);

-- --------------------------------------------------------

--
-- Table structure for table `tblpages`
--

CREATE TABLE `tblpages` (
  `id` int(11) NOT NULL,
  `PageName` varchar(200) DEFAULT NULL,
  `PageTitle` mediumtext DEFAULT NULL,
  `Description` longtext DEFAULT NULL,
  `PostingDate` timestamp NULL DEFAULT current_timestamp(),
  `UpdationDate` timestamp NULL DEFAULT NULL ON UPDATE current_timestamp()
) ENGINE=InnoDB DEFAULT CHARSET=utf8mb4 COLLATE=utf8mb4_general_ci;

--
-- Dumping data for table `tblpages`
--

INSERT INTO `tblpages` (`id`, `PageName`, `PageTitle`, `Description`, `PostingDate`, `UpdationDate`) VALUES
(1, 'aboutus', 'About News Portal', '<font color=\"#7b8898\" face=\"Mercury SSm A, Mercury SSm B, Georgia, Times, Times New Roman, Microsoft YaHei New, Microsoft Yahei, 微软雅黑, 宋体, SimSun, STXihei, åŽ文细黑, serif\"><span style=\"font-size: 26px;\">Lorem ipsum dolor sit amet, consectetur adipiscing elit, sed do eiusmod tempor incididunt ut labore et dolore magna aliqua. Ut enim ad minim veniam, quis nostrud exercitation ullamco laboris nisi ut aliquip ex ea commodo consequat. Duis aute irure dolor in reprehenderit in voluptate velit esse cillum dolore eu fugiat nulla pariatur. Excepteur sint occaecat cupidatat non proident, sunt in culpa qui officia deserunt mollit anim id est laborum.</span></font><br>', '2024-01-14 18:30:00', '2024-01-31 05:44:12'),
(2, 'contactus', 'Contact Details', '<p><br></p><p><b>Address : Gopal Sahi</b></p><p><b>Phone Number : </b>+91 - 9437142885</p><p><b>Email -id : </b>mrswainsmj@gmail.com</p>', '2024-01-15 18:30:00', '2025-11-16 11:53:36');

-- --------------------------------------------------------

--
-- Table structure for table `tblposts`
--

CREATE TABLE `tblposts` (
  `id` int(11) NOT NULL,
  `PostTitle` longtext DEFAULT NULL,
  `CategoryId` int(11) DEFAULT NULL,
  `SubCategoryId` int(11) DEFAULT NULL,
  `PostDetails` longtext DEFAULT NULL,
  `PostingDate` timestamp NULL DEFAULT current_timestamp(),
  `UpdationDate` timestamp NULL DEFAULT NULL ON UPDATE current_timestamp(),
  `Is_Active` int(1) DEFAULT NULL,
  `PostUrl` mediumtext DEFAULT NULL,
  `PostImage` varchar(255) DEFAULT NULL,
  `viewCounter` int(11) DEFAULT NULL,
  `postedBy` varchar(255) DEFAULT NULL,
  `lastUpdatedBy` varchar(255) DEFAULT NULL
) ENGINE=InnoDB DEFAULT CHARSET=utf8mb4 COLLATE=utf8mb4_general_ci;

--
-- Dumping data for table `tblposts`
--

INSERT INTO `tblposts` (`id`, `PostTitle`, `CategoryId`, `SubCategoryId`, `PostDetails`, `PostingDate`, `UpdationDate`, `Is_Active`, `PostUrl`, `PostImage`, `viewCounter`, `postedBy`, `lastUpdatedBy`) VALUES
(1, 'ଟà­ ପà­ଲସ ଟà­ ଆଲୋଚନା', 1, 4, '<p style=\"margin-bottom: 15px; padding: 0px; font-size: 16px; font-family: PTSans, sans-serif;\">A \"two plus two dialogue\" refers to a foreign policy meeting between two countries involving their respective ministers of defense and external affairs. This format is used to discuss strategic, security, and foreign policy issues, with the \"2+2\" representing the two ministers from each country meeting. The term is most notably used for dialogues between nations like India and its partners, such as the U.S.&nbsp;<br>Key aspects of the \"2+2\" dialogue:<br><br><b>Participants:</b><br>&nbsp; &nbsp; The meetings involve the foreign and defense ministers from each of the two participating countries.&nbsp;<br><br><b>Purpose:</b><br>To provide strategic guidance, enhance coordination on foreign policy and security, and discuss cross-cutting issues like defense, technology, and economic partnership.&nbsp;<br>Significance:<br>It is a high-level, comprehensive engagement that is second only to summit-level talks between heads of state or government.&nbsp;<br>Partners:<br>Countries like India use this format with key partners such as the U.S., Australia, Japan, and Russia.?</p>', '2024-01-15 18:30:00', '2026-01-25 04:19:29', 1, 'ଟà­-ପà­ଲସ-ଟà­-ଆଲୋଚନା', '01e03bac0120751c703aba300b4aa5c3.jpg', 84, 'admin', 'admin'),
(2, 'Bluetooth', 4, 3, '<p><br></p><p>à¬ହି ପà­ରଯà­କà­ତିବିଦà­ୟା ଉଲà­ଲେଖନୀୟ ଭାବରେ ବିକଶିତ ହୋଇଛି, ସଂସà­କରଣ 4.0 ଠାରà­ \r\nବà­ଲà­ଟà­ଥà­ କà­ଲାସିକà­ (ନିରନà­ତର ସଂଯୋଗ ପାଇà¬) à¬ବଂ ବà­ଲà­ଟà­ଥà­ କମà­ ଶକà­ତି (ଫିଟନେସà­ \r\nଟà­ରାକରà­ ଭଳି କମà­-ପାୱାର ଡିଭାଇସà­ ପାଇà¬) ବିଭିନà­ନ ଭାଗରେ ବିଭକà­ତ ହୋଇଛି।<br>ପà­ରଯà­କà­ତିବିଦà­ୟା ବିକାଶ<br><br>à¬ହି\r\n ପà­ରଯà­କà­ତିବିଦà­ୟା ବà­ଲà­ଟà­ଥà­ SIG ନାମକ à¬କ କନସୋରà­ଟିୟମà­ ଦà­ୱାରା ବିକଶିତ ହୋଇଥିଲା।\r\n ଯେଉà¬ଥିରେ à¬ରିକà­ସନà­‌, ଇଣà­ଟେଲà­‌, ନୋକିଆ, ଆପଲà­‌ à¬ବଂ ମାଇକà­ରୋସଫà­ଟ ଭଳି ପà­ରମà­ଖ \r\nକମà­ପାନୀଗà­ଡ଼ିକ ସାମିଲ ଥିଲେ।&nbsp;<br>ମାନକୀକରଣ<br><br>ପà­ରଥମ ବà­ଲà­ଟà­ଥà­ ଡିଭାଇସà­ \r\n୧୯୯୯ ମସିହାରେ ଦେଖାଯାଇଥିବା à¬କ ହà­ୟାଣà­ଡସà­-ଫà­ରି ହେଡସେଟà­ ଥିଲା। à¬ରିକà­ସନà­‌ର \r\nR520m ୨୦୦୧ ପà­ରାରମà­ଭରେ ପà­ରଥମ ବାଣିଜà­ୟିକ ଭାବରେ ଉପଲବà­ଧ ବà­ଲà­ଟà­ଥà­ ଫୋନà­ \r\nହୋଇଥିଲା। ତା’ପରେ କିଛି ମାସ ପରେ T39 ମଡେଲà­ ବଜାରକà­ ଆସିଥିଲା। ସମà­ମିଳିତ ବà­ଲà­ଟà­ଥà­\r\n ସହିତ ପà­ରଥମ ନୋଟବà­କà­ 2001 ମସିହା ଅକà­ଟୋବରରେ IBMର ThinkPad A30 ଥିଲା।&nbsp;</p><p><br></p><p><br><b>ପà­ରଥମ ବାଣିଜà­ୟିକ ଉତà­ପାଦ</b><br><br>ପà­ରଥମ ବà­ଲà­ଟà­ଥà­ ନିରà­ଦà­ଦିଷà­ଟକରଣ (1.0) ୧୯୯୯ ମସିହାରେ ମà­କà­ତିଲାଭ କରିଥିଲା।&nbsp;<br></p><p><br></p><p><br><b>ପà­ରାରମà­ଭିକ ନିରà­ଦà­ଦିଷà­ଟକରଣ</b><br><br>​​ବà­ଲà­ଟà­ଥà­\r\n ପà­ରଯà­କà­ତିବିଦà­ୟା ୧୯୯୦ ଦଶକର ଶେଷ ଭାଗରେ à¬ରିକà­ସନଙà­କ ଗବେଷଣାରà­ ଉତà­ପନà­ନ \r\nହୋଇଥିଲା। ୧୦ମ ଶତାବà­ଦୀରେ ଡେନମାରà­କ à¬ବଂ ନରୱେକà­ à¬କତà­ର କରିଥିବା ହାରାଲà­ଡ \r\n‘ବà­ଲà­ଟà­ଥà­’ ଗୋରà­ମସନଙà­କ ନାମକà­ à¬କ ସନà­ଦରà­ଭ ଭାବରେ ବିଭିନà­ନ ଇଲେକà­ଟà­ରୋନିକà­ସକà­ \r\nତାରହୀନ ଭାବରେ à¬କତà­ର କରିବାର ମହତà­ତà­ୱାକାଂକà­ଷାକà­ ସୂଚିତ କରିବା ପାଇà¬ ବାଛିଥିଲା। \r\nବà­ଲà­ଟà­ଥà­ ଲୋଗୋ ହେଉଛି ହାରାଲà­ଡଙà­କ ଆଦà­ୟ ଅକà­ଷର ପାଇà¬ ରà­ନà­ସର à¬କ ମିଶà­ରଣ।<br></p><p><br></p><p><br><b>ବିକାଶ à¬ବଂ ନାମକରଣ</b><br><br>ପà­ରାୟ\r\n ୨୦୦୦-୦୧ରେ ହେଡସେଟà­ à¬ବଂ ଫୋନà­ ଭଳି ପà­ରାରମà­ଭିକ ବାଣିଜà­ୟିକ ଡିଭାଇସଗà­ଡ଼ିକରେ à¬ହା \r\nଇନଷà­ଟଲ କରାଯାଇଥିଲା। ପà­ରଯà­କà­ତିବିଦà­ୟାକà­ ଆହà­ରି ବିକଶିତ କରିବା ପାଇà¬ \r\nକମà­ପାନୀଗà­ଡ଼ିକର à¬କ ସଂଘ, ବà­ଲà­ଟà­ଥà­ SIG ଗଠିତ ହୋଇଥିଲା, ଯାହାର ପà­ରଥମ \r\nଉତà­ପାଦଗà­ଡ଼ିକ ଖà­ବà­ ଶୀଘà­ର ବଜାରକà­ ଆସିଥିଲା।&nbsp;<br>୧୯୯୦ ଦଶକର ଶେଷ ଭାଗରେ à¬ରିକà­ସନ \r\nଦà­ୱାରା ବà­ଲà­ଟà­ଥà­ ବିକଶିତ ହୋଇଥିଲା à¬ବଂ ୧୦ମ ଶତାବà­ଦୀର ଡେନମାରà­କ ରାଜା ହାରାଲà­ଡ \r\n‘ବà­ଲà­ଟà­ଥà­’ ଗୋରà­ମସନଙà­କ ନାମରେ ନାମିତ ହୋଇଥିଲ। ଯାହା ବିଭିନà­ନ ଡିଭାଇସଗà­ଡ଼ିକà­ \r\nà¬କତà­ର କରିବାର ପà­ରତୀକ ଥିଲା। à¬ହାକà­ କେବà­ଲର ବଦଳ ଭାବରେ କଳà­ପନା କରାଯାଇଥିଲା। à¬ହାର\r\n ପà­ରଥମ ନିରà­ଦà­ଦିଷà­ଟକରଣ ୧୯୯୯ରେ ହୋଇଥିଲା।</p><p><br></p><p></p>', '2025-12-15 22:23:43', '2026-01-25 11:07:22', 1, 'Bluetooth', 'b8db1475c177c88c05cde1f2626fe09c.jpg', 36, 'admin', 'admin'),
(3, 'Gen-Z', 1, 4, 'Gen Z ପà­ରାୟ 1997ରà­ 2012 ମଧà­ୟରେ ଜନà­ମ ହୋଇଥିବା ଲୋକମାନଙà­କ ପିଢ଼ିକà­ ବà­à¬ାà¬, \r\nଯେଉà¬ମାନେ ମିଲେନିଆଲà­ସ à¬ବଂ ପୂରà­ବ ପିଢ଼ି ଆଲଫା ପରେ ଜନà­ମ ହୋଇଥିଲେ। ‘ଡିଜିଟାଲà­ \r\nନେଟିଭà­’ ଭାବରେ ମଧà­ୟ ଜଣାଶà­ଣା ସେମାନେ। ପà­ରଥମ ପିଢ଼ି ଯିà¬ ଇଣà­ଟରନେଟà­ à¬ବଂ \r\nସà­ମାରà­ଟଫୋନà­‌କà­ ସେମାନଙà­କ ଜୀବନର à¬କ ମାନକ ଅଂଶ ଭାବରେ ବଢ଼ନà­ତି।&nbsp;<br><br><b>ମà­ଖà­ୟ ବୈଶିଷà­ଟà­ୟଗà­ଡ଼ିକ</b><br><br><b>ଡିଜିଟାଲà­ ନେଟିଭà­ :</b> ସେମାନେ ପà­ରଥମ ପିଢ଼ି ଯିà¬ ଯà­ବାବସà­ଥାରà­ ବà­ୟାପକ ଇଣà­ଟରନେଟà­ ସà­ବିଧା ସହିତ ବଢ଼ିଛନà­ତି, ସେମାନଙà­କà­ ଡିଜିଟାଲà­ ଭାବରେ ଅତà­ୟନà­ତ ପà­ରଫà­ଲà­ଲ କରିଥାà¬।<br><br><b>ବିବିଧ :</b> ସେମାନେ ଆଜି ପରà­ଯà­ୟନà­ତ ସବà­ଠାରà­ ଜାତିଗତ à¬ବଂ ଜାତିଗତ ଭାବରେ ବିବିଧ ପିଢ଼ି।<br><br><b>ବାସà­ତବବାଦୀ à¬ବଂ ଆରà­ଥିକ ଦୃଷà­ଟିରà­ ସଚେତନ: </b>ଆରà­ଥିକ\r\n ମାନà­ଦାବସà­ଥା ଦà­ୱାରା ଆକୃତିପà­ରାପà­ତ, ସେମାନଙà­କà­ ପà­ରାୟତଃ କାମ ବିଷୟରେ ଅଧିକ \r\nବାସà­ତବବାଦୀ ଭାବରେ ଦେଖାଯାà¬ à¬ବଂ ସଞà­ଚୟ à¬ବଂ ନିବେଶ ଉପରେ ଧà­ୟାନ ଦିଆଯାଇଥାà¬।<br><br><b>ମାନସିକ ସà­ୱାସà­ଥà­ୟ ସମରà­ଥକ:</b> ପୂରà­ବ ପିଢ଼ି ତà­ଳନାରେ à¬ହି ପିଢ଼ି ମାନସିକ ସà­ୱାସà­ଥà­ୟ ସମସà­ୟା à¬ବଂ ଚିନà­ତା ବିଷୟରେ ଅଧିକ ଖୋଲା।<br><br><b>ସାମାଜିକ ଦୃଷà­ଟିରà­ ସଚେତନ :</b> ସେମାନଙà­କà­ ପà­ରାୟତଃ ସାମାଜିକ ନà­ୟାୟ, ବିବିଧତା, ସମାନତା à¬ବଂ ଅନà­ତରà­ଭà­କà­ତି ଉପରେ ଦୃଢ଼ ଧà­ୟାନ ଦେଉଥିବା ଭାବରେ ବରà­ଣà­ଣନା କରାଯାଇଛି।', '2025-12-16 12:45:20', '2026-01-25 04:11:24', 1, 'Gen-Z', '17913a6c5e6db7f6b055e10d3d5dc71a.jpg', 19, 'admin', 'admin'),
(4, 'Social Media Vocabulary', 1, 4, '<h3 style=\"--fontSize: 30; line-height: 1.23;\" data-fontsize=\"30\" data-lineheight=\"37px\" class=\"fusion-responsive-typography-calculated\"><strong>Audience</strong></h3><br><p>The group of people who can see the <strong>content</strong> you share online are called your <strong>audience</strong>. This includes your <strong>followers</strong>\r\n who can like, comment, or share your content. Your online audience is \r\nthe group of people who are most likely to buy or use your products or \r\nservices.</p><br><h3 style=\"--fontSize: 30; line-height: 1.23;\" data-fontsize=\"30\" data-lineheight=\"37px\" class=\"fusion-responsive-typography-calculated\"><strong>Backup</strong></h3><br><p><strong>Backup</strong> is the <strong>storage</strong> of your <strong>virtual</strong>\r\n files and data in another location so as to preserve them in case of \r\ntechnical failure or malfunction. This can help you recover your \r\ndocuments or free storage space from your device.</p><br><h3 style=\"--fontSize: 30; line-height: 1.23;\" data-fontsize=\"30\" data-lineheight=\"37px\" class=\"fusion-responsive-typography-calculated\"><strong>Browsing</strong></h3><br><p><strong>Browsing</strong> is the time you spend searching for particular information on the World Wide Web. When using your web <strong>browser</strong> such as Google Chrome or Firefox, you can search anything you need on the internet.</p><h3 style=\"--fontSize: 30; line-height: 1.23;\" data-fontsize=\"30\" data-lineheight=\"37px\" class=\"fusion-responsive-typography-calculated\"><strong>Clickbait</strong></h3><br><p>In social media <strong>content, creators</strong> can use specific words or pictures to attract the users’ attention and prompt them into clicking on their <strong>links</strong>. <strong>Clickbait</strong>\r\n is very often used in social networks like YouTube where the number of \r\nviews increases because of the title given to a video. This may be \r\npositive for your channel, but since clickbait is usually deceptive, \r\nusing it excessively can make you lose popularity.</p><h3 style=\"--fontSize: 30; line-height: 1.23;\" data-fontsize=\"30\" data-lineheight=\"37px\" class=\"fusion-responsive-typography-calculated\"><strong>Content</strong></h3><br><p>The information, products, videos, and all the data you share on your <strong>social networks</strong> are your content. Online content is created for different purposes, including the establishment of <strong>brand awareness</strong>\r\n and the sharing of educational or informational data. In both cases, it\r\n is often created to sell or promote products and services.</p><h3 style=\"--fontSize: 30; line-height: 1.23;\" data-fontsize=\"30\" data-lineheight=\"37px\" class=\"fusion-responsive-typography-calculated\"><strong>Crashing</strong></h3><p>This occurs when a <strong>software application</strong> or any other <strong>computer program</strong> fails to function properly and stops. The seriousness of a <strong>crash</strong>\r\n depends on the status of the operating program. If it is a key part of \r\nthe system, it may result in the crash of the entire system, often \r\ncausing a fatal error.</p><h3 style=\"--fontSize: 30; line-height: 1.23;\" data-fontsize=\"30\" data-lineheight=\"37px\" class=\"fusion-responsive-typography-calculated\"><strong>DIY websites</strong></h3><br><p>DIY stands for Do It Yourself. <strong>DIY websites</strong> create \r\ncontent for the purpose of helping people to do things on their own. \r\nThis mainly includes assembling furniture, fixing household appliances, \r\nor creating your own custom decorations.</p><br><h3 style=\"--fontSize: 30; line-height: 1.23;\" data-fontsize=\"30\" data-lineheight=\"37px\" class=\"fusion-responsive-typography-calculated\"><strong>Database</strong></h3><p>Any organized information controlled by a <strong>management system</strong> in a computer is considered a <strong>database</strong>. A typical company database may comprise tables of a set of information on products, employees, and other records.</p><h3 style=\"--fontSize: 30; line-height: 1.23;\" data-fontsize=\"30\" data-lineheight=\"37px\" class=\"fusion-responsive-typography-calculated\"><strong>E-commerce</strong></h3><p>This term is used to refer to the <strong>electronic</strong> buying and selling of products and services. It also includes the financial transactions and the transfer of data. <strong>E-commerce</strong> has many models, for example, consumer to consumer (<strong>C2C</strong>), when goods or services are sold to another consumer, or consumer to business (<strong>C2B</strong>), when a person sells goods to a business organization.</p><h3 style=\"--fontSize: 30; line-height: 1.23;\" data-fontsize=\"30\" data-lineheight=\"37px\" class=\"fusion-responsive-typography-calculated\"><strong>Feed</strong></h3><p>Your feed, or your <strong>news feed</strong>, is the continuously updated page you see on a social media website. Content is renewed automatically every time you <strong>refresh</strong> your feed without human interference.</p><h3 style=\"--fontSize: 30; line-height: 1.23;\" data-fontsize=\"30\" data-lineheight=\"37px\" class=\"fusion-responsive-typography-calculated\"><strong>Filtering</strong></h3><p>Online filtering refers to the blocking of unwanted content on the <strong>web</strong>. This can be in the form of <strong>pop-up ads</strong>,\r\n viruses, specific websites, or unwanted file downloads. Filtering \r\nallows you to have control over the data that is displayed on your \r\nscreen.</p><h3 style=\"--fontSize: 30; line-height: 1.23;\" data-fontsize=\"30\" data-lineheight=\"37px\" class=\"fusion-responsive-typography-calculated\"><strong>Follower</strong></h3><p>A <strong>follower</strong> is a person who can see the content you \r\nshare on your social medium. Once the content is shared, he or she will \r\nbe able to react to your social media <strong>posts</strong> which are most likely to appear on their<strong> feed</strong>.</p><br><h3 style=\"--fontSize: 30; line-height: 1.23;\" data-fontsize=\"30\" data-lineheight=\"37px\" class=\"fusion-responsive-typography-calculated\"><strong>GIF</strong></h3><p>A <strong>GIF</strong>, short for Graphics Interchange Format, is a concept developed by a computer scientist in which <strong>animations</strong> are shown for a few seconds. GIFs are frequently used in <strong>chat rooms</strong> and <strong>comments</strong>. If you are angry, why not use the famous frowning baby face GIF and let people know <em>exactly</em> how you feel.</p><p><br></p><h3 style=\"--fontSize: 30; line-height: 1.23;\" data-fontsize=\"30\" data-lineheight=\"37px\" class=\"fusion-responsive-typography-calculated\"><strong>Hacking</strong></h3><p>Hacking refers to the <strong>unpermitted access</strong> to and <strong>control</strong>\r\n over a computer system, often for the purpose of stealing or destroying\r\n it. Malicious activity may be carried out if a hacker has access to \r\nyour files or your internet data, such as the theft of your credit card \r\ndetails in case you’d purchased a product online.</p><p><br></p><h3 style=\"--fontSize: 30; line-height: 1.23;\" data-fontsize=\"30\" data-lineheight=\"37px\" class=\"fusion-responsive-typography-calculated\"><strong>ISP</strong></h3><p><strong>ISP</strong>, which stands for Internet Service Provider, is a company that gives you access to the internet by the transfer of <strong>data</strong> into devices. Nowadays, ISPs also offer a wide range of services, such as TV and mobile phone subscriptions.</p><br><h3 style=\"--fontSize: 30; line-height: 1.23;\" data-fontsize=\"30\" data-lineheight=\"37px\" class=\"fusion-responsive-typography-calculated\"><strong>Inbox</strong></h3><p>When accessing your <strong>email account</strong>, your <strong>inbox</strong>\r\n holds the list of emails you received from other users. Inbox has also \r\nbecome a verb: if you wish to talk to your friends, you can now <em>inbox </em>them.</p><br><h3 style=\"--fontSize: 30; line-height: 1.23;\" data-fontsize=\"30\" data-lineheight=\"37px\" class=\"fusion-responsive-typography-calculated\"><strong>Likes</strong></h3><p>What used to be referred to as ‘<strong>favorite</strong>’ before is now called ‘<strong>likes</strong>.’ In social media marketing, likes are the <strong>reactions</strong> of users to content found online. Liking may help in increasing the popularity of a product or service.</p><br><h3 style=\"--fontSize: 30; line-height: 1.23;\" data-fontsize=\"30\" data-lineheight=\"37px\" class=\"fusion-responsive-typography-calculated\"><strong>Meme</strong></h3><p><strong>Meme</strong> refers to the images, photos and videos, or \r\ntexts shared on the internet to spread a specific idea, style, or \r\nbehavior. Memes can circulate very quickly from user to user in social \r\nnetworks, blogs, and other platforms.</p><p><br></p><h3 style=\"--fontSize: 30; line-height: 1.23;\" data-fontsize=\"30\" data-lineheight=\"37px\" class=\"fusion-responsive-typography-calculated\"><strong>PV</strong></h3><p><strong>PV</strong> is short for Page Views, which refers to the number of <strong>pages</strong> clicked on a website. PVs are used in <strong>web analytics</strong> to count the amount of times a page is loaded or reloaded during a given period of time.</p><p><br></p><h3 style=\"--fontSize: 30; line-height: 1.23;\" data-fontsize=\"30\" data-lineheight=\"37px\" class=\"fusion-responsive-typography-calculated\"><strong>Penetration rate</strong></h3><p>The percentage of internet users is referred to as <strong>internet penetration rate</strong>. The number of internet consumers has increased over the last decade and is projected to rise further by 2025.</p><p><br></p><h3 style=\"--fontSize: 30; line-height: 1.23;\" data-fontsize=\"30\" data-lineheight=\"37px\" class=\"fusion-responsive-typography-calculated\"><strong>Platform</strong></h3><p>An <strong>online platform</strong> is a website which promotes or \r\nsells products and services. Both buyers and sellers are connected \r\nthrough these platforms. A few examples of platforms are Amazon, eBay, \r\nAirbnb, etc.</p><p><br></p><h3 style=\"--fontSize: 30; line-height: 1.23;\" data-fontsize=\"30\" data-lineheight=\"37px\" class=\"fusion-responsive-typography-calculated\"><strong>Podcasting</strong></h3><p>Podcasting is based on posting <strong>digital audio</strong> \r\ncontent. It often lasts longer than one hour and may be listened to by \r\nother internet users through their computers or their MP3 players. \r\nPodcasting is becoming increasingly popular, and the speakers are \r\nsometimes video recorded, as well.</p><p><br></p><h3 style=\"--fontSize: 30; line-height: 1.23;\" data-fontsize=\"30\" data-lineheight=\"37px\" class=\"fusion-responsive-typography-calculated\"><strong>Post</strong></h3><p>Posts refer to the <strong>content</strong> you <strong>upload</strong>\r\n on the internet, including texts, videos, images, and audio files. To \r\npost data is to make it available for other users, who are given access \r\nto the content you share, to see it.</p><br><p><img class=\"aligncenter wp-image-65040\" src=\"https://global-exam.com/blog/wp-content/uploads/2021/09/social-media-vocabulary-e1632754983652.jpg\" alt=\"person holding a smartphone in their hand\" width=\"670\" height=\"310\"></p><p><br></p><h3 style=\"--fontSize: 30; line-height: 1.23;\" data-fontsize=\"30\" data-lineheight=\"37px\" class=\"fusion-responsive-typography-calculated\"><strong>Reposting</strong></h3><p>Also called <strong>sharing</strong>, reposting is sending other \r\nusers or sharing content originally posted by another user on your \r\nonline accounts. Reposting is quite common on <strong>websites</strong> such as Twitter and Facebook.</p><p><br></p><h3 style=\"--fontSize: 30; line-height: 1.23;\" data-fontsize=\"30\" data-lineheight=\"37px\" class=\"fusion-responsive-typography-calculated\"><strong>Reviews</strong></h3><p>After experiencing a service or purchasing a product, you can leave a <strong>review</strong> to give your <strong>feedback</strong> on your experience. Reviews can help sellers to gain more popularity and sell more products.</p><p><br></p><h3 style=\"--fontSize: 30; line-height: 1.23;\" data-fontsize=\"30\" data-lineheight=\"37px\" class=\"fusion-responsive-typography-calculated\"><strong>SEO</strong></h3><p>SEO is short for <strong>Search Engine Optimization</strong>, and it is based on the work you do so as to increase the <strong>visibility</strong> of your website on search engines and make it appear among the first links. In order to do that, you have to work on the <strong>keywords</strong> you set for your website. The more relevant your keywords are, the more likely they will show up on the first search results.</p><br><h3 style=\"--fontSize: 30; line-height: 1.23;\" data-fontsize=\"30\" data-lineheight=\"37px\" class=\"fusion-responsive-typography-calculated\"><strong>Shortcut</strong></h3><p>Along with the basic use of a mouse or a touchpad, <strong>shortcuts</strong>\r\n are another way to operate your computer with. This consists of \r\npressing on one or more keys (often at the same time) on your keyboard, \r\nin order to run a given <strong>task</strong>. For example, holding down the <strong>Ctrl key</strong> and the <strong>C key</strong> would copy a selected text.</p><p><br></p><h3 style=\"--fontSize: 30; line-height: 1.23;\" data-fontsize=\"30\" data-lineheight=\"37px\" class=\"fusion-responsive-typography-calculated\"><strong>Software</strong></h3><p>A software is a <strong>program</strong> operating on a computer or \r\nany electronic device. An example of software is Windows or PowerPoint. \r\nEach type of software functions differently and performs specific tasks.</p><br><h3 style=\"--fontSize: 30; line-height: 1.23;\" data-fontsize=\"30\" data-lineheight=\"37px\" class=\"fusion-responsive-typography-calculated\"><strong>Trending</strong></h3><p>On social media websites, if a topic, video, or another type of content marketing is <strong>trending</strong>, it is extremely <strong>popular</strong> and widely discussed on the internet. On YouTube, for example, if a video is trending, it appears on the <strong>home page</strong>.</p>', '2025-12-16 12:50:55', '2026-01-28 16:37:01', 1, 'Social-Media-Vocabulary', '3548188c30fef3e5b64aa66c21946205.jpg', 63, 'admin', NULL),
(5, 'ସାଇବର ସୋମବାର କ’ଣ ? à¬ହାର ଉତà­ପତà­ତି କେବେ ?', 3, 2, '<p>ସାଇବର ସୋମବାର 2005ରେ ଜାତୀୟ ଖà­ଚà­ରା ଫେଡେରେସନର à¬କ ବିଭାଗ Shop.org ଦà­ୱାରା ସୃଷà­ଟି କରାଯାଇଥିଲା। Black friday (କଳା ଶà­କà­ରବାର) ପରି ସାଇବର ସୋମବାର କିଣାବିକା ଦିନଗà­ଡ଼ିକ ମଧà­ୟରà­ ସà­ବତନà­ତà­ର।<br><br><b>ସାଇବର ସୋମବାର ପà­ରକୃତରେ କ’ଣ?</b><br>ସାଇବର ସୋମବାର ହେଉଛି ଥାଙà­କସଗିଭିଂ ପରେ ସୋମବାର। à¬ହା à¬ପରି à¬କ ଦିନ ଯେତେବେଳେ ଖà­ଚà­ରା ବà­ୟବସାୟୀମାନେ ସାରା ବରà­ଷ ସେମାନଙà­କର କିଛି ସରà­ବୋତà­ତମ ଅନଲାଇନà­ ଡିଲà­ ପà­ରସà­ତà­ତ କରନà­ତି। ଆପଣଙà­କ ଛà­ଟିଦିନର ଇଚà­ଛା ତାଲିକାରେ କେଉà¬ ଉପହାର ଥାଉ ନା କାହିà¬କି, ଆପଣ ସାଇବର ସୋମବାରରେ ସେମାନଙà­କ ପାଇà¬ ଅନଲାଇନà­‌ରେ à¬କ ଡିଲà­ ପାଇବାର ସମà­ଭାବନା ଅଛି।<br><br>ଯେତେବେଳେ à¬ହା ପà­ରଥମେ ଆରମà­ଭ ହୋଇଥିଲା, ସାଇବର ସୋମବାର ବà­ଲାକà­ ଫà­ରାଇଡେର ଷà­ଟୋର-ଇନà­‌ ଭିଡ଼କà­ ମà­କାବିଲା କରିବା ପାଇà¬ ଅନଲାଇନà­ ବିକଳà­ପ ହେବା ପାଇà¬ ଉଦà­ଦିଷà­ଟ ଥିଲା, ଯେତେବେଳେ ଇଣà­ଟରନେଟରେ ସପିଂ ଆଜି ପରି ପà­ରଚଳିତ ନଥିଲା। ସେବେଠାରà­, à¬ହା ନିଜସà­ୱ à¬କ ପà­ରମà­ଖ ଖà­ଚà­ରା ଇଭେଣà­ଟରେ ପରିଣତ ହୋଇଛି। ପà­ରକୃତରେ, ଅନେକ ଖà­ଚà­ରା ବà­ୟବସାୟୀ à¬ବେ ସାଇବର ସପà­ତାହ ପାଇà¬ ଅନଲାଇନà­ à¬ବଂ ଇନ-ଷà­ଟୋର ଡିଲà­ ପà­ରଦାନ କରନà­ତି। ଥାଙà­କସà­‌ ଗିଭିଂ ଦିନ ଆରମà­ଭ କରି à¬ବଂ ଛà­ଟିଦିନ ବିକà­ରୟ ବୃଦà­ଧି କରିବା ପାଇà¬ ବà­ଲାକ ଫà­ରାଇଡେ à¬ବଂ ସାଇବର ସୋମବାର ମଧà­ୟରେ ସବà­କିଛି ଅନà­ତରà­ଭà­କà­ତ କରନà­ତି।<br></p><p><br><b>ଆରମà­ଭ</b></p><p>2005 ମସିହାରେ, ଜାତୀୟ ଖà­ଚà­ରା ଫେଡେରେସନ à¬ହି ବà­ୟବସà­ଥା ଗà­ରହଣ କରିଥିଲା। ସେହି ସମୟରେ, ଅନେକ ଲୋକଙà­କ ଘରେ ଧୀର ଇଣà­ଟରନେଟà­ ସଂଯୋଗ ଥିଲା। ତେଣà­ ସେମାନେ ସୋମବାର କାମରà­ ଫେରି ସପିଂ କରିବାକà­ ଅପେକà­ଷା କରà­ଥିଲେ। ନà­ୟାସନାଲ ରିଟେଲà­ ଫେଡେରେସନର à¬କ ବିଭାଗ, Shop.org, 2005 ର à¬କ ପà­ରେସà­ ରିଲିଜà­‌ରେ ସାଇବର ସୋମବାର ଶବà­ଦ ପà­ରଚଳନ କରିଥିଲା। ଖà­ଚà­ରା ବà­ୟବସାୟୀମାନେ ପà­ରଚାରର ସà­ଯୋଗ ନେଇ କେବଳ-ଅନଲାଇନà­ ଡିଲà­, ସୀମିତ ସମୟ ପାଇà¬ ରିଆତି à¬ବଂ ମାଗଣା ପରିବହନ ପà­ରଦାନ କରି ଲୋକଙà­କà­ ଆକରà­ଷିତ କଲେ। ଲୋକମାନେ ଅନଲାଇନà­‌ରେ କିଣାକାଟା କରିବା ସହଜ ହେବା ସହିତ, ସାଇବର ସୋମବାର ଶୀଘà­ର ବà­ଲାକà­ ଫà­ରାଇଡେ ଭିଡ଼ କମାଇବା ପାଇà¬ à¬ହା ଉପବà­ଧ ଥିଲା।<br>2010 ଦଶକର ପà­ରାରମà­ଭରେ, ସà­ମାରà­ଟଫୋନà­ ଜିନିଷଗà­ଡ଼ିକà­ ଆହà­ରି ଆଗକà­ ନେଇଗଲା। ହଠାତà­, ଆପଣଙà­କà­ କମà­ପà­ୟà­ଟରରେ ରହିବାର ଆବଶà­ୟକତା ନଥିଲା - ଆପଣ ଆପଣଙà­କ ସୋଫାରà­, ଆପଣଙà­କ ଲଞà­ଚ ବିରତିରେ, କିମà­ବା à¬କ ଦୋକାନରେ ଧାଡ଼ିରେ ଅପେକà­ଷା କରିବା ସମୟରେ ମଧà­ୟ ଆପଣଙà­କ ଫୋନରେ କିଣାକାଟା କରିପାରିବେ। à¬ହି ପରିବରà­ତà­ତନ ସାଇବର ସୋମବାରକà­ à¬କ ଚତà­ର ମାରà­କେଟିଂ ଧାରଣାରà­ ବରà­ଷର ସବà­ଠାରà­ ବଡ଼ ସପିଂ ଇଭେଣà­ଟ ମଧà­ୟରà­ ଗୋଟିà¬କà­ ସà­ଥାନାନà­ତର କରିବାରେ ସାହାଯà­ୟ କରେ।<br><br><b>୨୦୦୦ ଦଶକର ଶେଷ ଭାଗ : ମାଗଣା ପରିବହନ ଅଫର</b><br>ଅନଲାଇନà­ ସପିଂର ପà­ରାରମà­ଭିକ ଦିନରେ, ପରିବହନ ଖରà­ଚà­ଚ ଲୋକମାନେ ଅନଲାଇନà­ କିଣିବାକà­ ସଂକୋଚ କରà­ଥିବା ସବà­ଠାରà­ ବଡ଼ କାରଣ ମଧà­ୟରà­ ଗୋଟିà¬ ଥିଲା। ଖà­ଚà­ରା ବà­ୟବସାୟୀମାନେ à¬ହାକà­ ଧରି ମାଗଣା ପରିବହନ କିମà­ବା ହà­ରାସିତ ପରିବହନ ଶà­ଳà­କକà­ ପà­ରୋତà­ସାହିତ କରିବା ପାଇà¬ ସାଇବର ସୋମବାର ବà­ୟବହାର କରିବା ଆରମà­ଭ କଲେ। ବରà­ତà­ତମାନ, ଅନଲାଇନà­ ସପିଂ କେବଳ ସà­ବିଧାଜନକ ନଥିଲା, à¬ହା à¬କ ଭଲ ଡିଲà­ ଥିଲା।<br><br><b>୨୦୧୦-୨୦୧୩: ସà­ମାରà­ଟଫୋନà­ କବà­‌ଜା କରିନେଲା</b><br>ସà­ମାରà­ଟଫୋନà­ à¬ବଂ ଟାବଲେଟà­ ପà­ରତିଦିନର ଘରୋଇ ସାମଗà­ରୀ ହୋଇଗଲା। ସାଇବର ସୋମବାର ସପିଂ ଡେସà­କଟପà­ କମà­ପà­ୟà­ଟରରà­ ମୋବାଇଲà­ ସà­କà­ରିନକà­ ସà­ଥାନାନà­ତରିତ ହେଲା। ଟିଭି ଦେଖିବା ସମୟରେ ଆପଣଙà­କ ଫୋନରେ ବà­ରାଉଜà­ କରିବା, ଅଫିସରେ ମଧà­ୟାହà­ନ ଭୋଜନ ବିରତି ସମୟରେ ଉପହାର ଅରà­ଡର କରିବା, କିମà­ବା ଷà­ଟୋରରେ କିଣାକାଟା କରିବା ସମୟରେ ସରà­ବୋତà­ତମ ଡିଲà­ ଖୋଜିବା ପାଇà¬ ଆପଣଙà­କ ଫୋନ ବà­ୟବହାର କରିବା ସାଧାରଣ ହୋଇଗଲା।<br><br><b>2020: ମହାମାରୀ ସମà­ପୂରà­ଣà­ଣ ଅନଲାଇନରେ କିଣାକାଟାକà­ ପà­ରୋତà­ସାହିତ କଲା</b><br>COVID-19 ମହାମାରୀ ଉତà­କରà­ଷ ସମୟରେ, ଅନେକ ଲୋକ ଷà­ଟୋରରେ ଛà­ଟିଦିନ କିଣାକାଟା ସମà­ପୂରà­ଣà­ଣ ଭାବରେ ଛାଡ଼ି ଦେଇଥିଲେ। Adobe Analytics ଅନà­ଯାୟୀ, ସେହି ବରà­ଷ, ସାଇବର ସୋମବାର ଦେଶରେ ରେକରà­ଡ ହୋଇଥିବା ସବà­ଠାରà­ ବଡ଼ ଅନଲାଇନà­ ବିକà­ରୟରେ ପହଞà­ଚିଥିଲା। à¬ତେ ଲୋକ ଘରà­ କିଣାକାଟା କରିବା ସହିତ, ଖà­ଚà­ରା ବà­ୟବସାୟୀମାନେ ସାଇବର ସୋମବାରକà­ ସାଇବର ସପà­ତାହରେ ବିସà­ତାର କରିଥିଲେ। à¬ବେ à¬ହାର ଚାହିଦା ବଢ଼ି ଚାଲିଛି।<br><br></p>', '2025-12-16 12:52:42', '2026-01-19 07:18:55', 1, 'ସାଇବର-ସୋମବାର-କ’ଣ-?-à¬ହାର-ଉତà­ପତà­ତି-କେବେ-?', 'bc6796e84f28399941395d77c3b3e7e4.jpg', 15, 'admin', 'admin'),
(6, 'Edge AI କଣ ? à¬ହା କେଉà¬ ପà­ରଯà­କà­ତି ବିଦà­ୟାର ଉପଯୋଗ କରେ', 4, 3, '<p>à¬ଜà­ à¬ଆଇ ହେଉଛି à¬କ କà­ଷେତà­ର ଯାହା ଦà­ଇଟି ଶକà­ତିଶାଳୀ ପà­ରଯà­କà­ତିବିଦà­ୟାର \r\nମିଶà­ରଣରେ ପà­ରସà­ତà­ତ ହୋଇଛି: କୃତà­ରିମ ବà­ଦà­ଧିମତà­ତା (AI) à¬ବଂ ଇଣà­ଟରନେଟà­ ଅଫà­ \r\nଥିଙà­ଗସà­ (IoT)। à¬ହି ଦà­ଇଟି ପà­ରଯà­କà­ତିବିଦà­ୟା ବà­ୟବହାର କରି, à¬ଜà­&nbsp; ଡିଭାଇସà­ \r\nସାହାଯà­ୟରେ କମà­ ସମୟରେ ବିଭିନà­ନ ଉପାୟରେ ଡାଟା ବିଶà­ଳେଷଣ କରିବା ସମà­ଭବ ହୋଇପାରà­ଛି।&nbsp;\r\n à¬ହି ପà­ରଯà­କà­ତିବିଦà­ୟା ଡାଟା ବିଶà­ଳେଷଣରେ ନୂତନ ଦିଗନà­ତ ଖୋଲି ଦେଉଛି।<br><br><b>à¬ଜà­ à¬ଆଇ କ’ଣ?</b><br>à¬ଜà­\r\n à¬ଆଇ ହେଉଛି ସେନà­ସର, ସà­ମାରà­ଟଫୋନà­ à¬ବଂ IoT ଡିଭାଇସà­ ଭଳି ବିଭିନà­ନ ଡିଭାଇସà­ ଉପରେ \r\nAI ଆଲଗୋରିଦମà­ à¬ବଂ ମେସିନà­ ଲରà­ଣà­ଣିଂ ବà­ୟବହାର କରି କେନà­ଦà­ରୀୟ ମାରà­ଗଦରà­ଶନର \r\nଆବଶà­ୟକତା ବିନା ତଥà­ୟ ବିଶà­ଳେଷଣ à¬ବଂ ବାସà­ତବ ସମୟରେ ନିଷà­ପତà­ତି ନେବାର à¬କ ପଦà­ଧତି। \r\nà¬ଜà­ à¬ଆଇ ହେଉଛି à¬କ ପà­ରକାରର ଡାଟା ପà­ରକà­ରିୟାକରଣ ପଦà­ଧତି ଯାହା ଶୀଘà­ର à¬ବଂ ଦକà­ଷତାର\r\n ସହିତ ନିଷà­ପତà­ତି ନେଇପାରେ, ଫଳସà­ୱରୂପ, ଡାଟା ସà­ଥାନାନà­ତରର ସମୟ ହà­ରାସ ପାà¬ à¬ବଂ \r\nସà­ରକà­ଷା ସà­ନିଶà­ଚିତ କରିଥାà¬।<br><b><br>ଇଂରାଜୀ ପରିଭାଷା :</b><br>ବିଲà­ଟଇନà­-କମà­ ଅନà­ସାରେ, à¬ହା ହେଉଛି, ‘à¬ଜà­ କମà­ପà­ୟà­ଟିଂ ପରିବେଶରେ କୃତà­ରିମ ବà­ଦà­ଧିମତà­ତାର କାରà­ଯà­ୟାନà­ୱୟନ\"।<br><br><b>ବିବରଣୀ :</b><br>à¬ଜà­\r\n ଡିଭାଇସà­ ଦà­ଇଟି ପୃଥକ ନେଟୱାରà­କ ମଧà­ୟରେ ଡାଟା ପà­ରବାହକà­ ନିୟନà­ତà­ରଣ କରà­ଥିବା \r\nଡିଭାଇସà­। କେବଳ କà­ଲାଉଡà­-ଆଧାରିତ ପà­ରକà­ରିୟାକରଣ ଉପରେ ନିରà­ଭର କରିବା ପରିବରà­ତà­ତେ, \r\nà¬ଜà­ AI ସà­ମାରà­ଟଫୋନà­, IoT ଡିଭାଇସà­ à¬ବଂ ସେନà­ସରଗà­ଡ଼ିକà­ ସିଧାସଳଖ ବà­ୟବହାର କରି \r\nସମà­ପୂରà­ଣà­ଣ ଆନାଲିଟିକà­ସ ପà­ରକà­ରିୟାକà­ କମà­‌ ସମୟ ଭିତରେ ପହଞà­ଚାଇଥାà¬। à¬ଜà­ AI \r\nସୃଷà­ଟି ପଛରେ ମà­ଖà­ୟ ପà­ରେରଣା ହେଉଛି କà­ଲାଉଡà­-ଆଧାରିତ AI ସିଷà­ଟମର ସୀମା, ଯେପରିକି \r\nବà­ୟାଣà­ଡୱିଡà­‌ଥ ଆବଶà­ୟକତା, ଗୋପନୀୟତା ଚିନà­ତା à¬ବଂ ନିରବଚà­ଛିନà­ନ ଇଣà­ଟରନେଟà­ ସଂଯୋଗର\r\n ଆବଶà­ୟକତା। à¬ଜà­ ଡିଭାଇସà­ ଡାଟା ପà­ରକà­ରିୟାକରଣ କରିବା ସହିତ ଆନାଲିଟିକà­ସ ପଦà­ଧତିରେ \r\nଅନେକ ସà­ବିଧା ପà­ରଦାନ କରିଥାà¬।<br></p><p><br></p><p><br><b>à¬ଜà­ AIର ପà­ରକାର :</b><br>ବିଭିନà­ନ ପà­ରକାରର à¬ଜà­ AI ଅଛି। à¬ହାର କିଛି ପà­ରକାର ନିମà­ନରେ ଦିଆଗଲା।<br></p><p><br></p><ul><li>On device AI</li><li>Edge Cloud AI</li><li>Federated Learning</li><li>TinyML</li><li>Real time AI&nbsp;<br><br><br><b>ଡିଭାଇସà­ AI : </b>à¬ହି\r\n ପà­ରକାରର AIରେ, ଇଣà­ଟରନେଟà­ ସଂଯୋଗ କିମà­ବା ବାହà­ୟ ସରà­ଭରର ଆବଶà­ୟକତା ବିନା ସିଧାସଳଖ\r\n AI ଆଲଗୋରିଦମ ଚଲାଇବା ସମà­ଭବ। ଅନ-ଡିଭାଇସà­ AI ଅଫଲାଇନà­ ପà­ରକà­ରିୟାକରଣ ପାଇà¬ \r\nପà­ରସିଦà­ଧ à¬ବଂ ସାଧାରଣତଃ ସà­ମାରà­ଟଫୋନà­ କିମà­ବା ସà­ମାରà­ଟ ହୋମà­ ଡିଭାଇସà­‌ରେ ଭà¬ସà­ \r\nଆସିଷà­ଟାନà­ସ, ଇମେଜà­ ଡିଟେକà­ଟର à¬ବଂ ପà­ରାକୃତିକ ଭାଷା ପà­ରକà­ରିୟାକରଣ ଭଳି \r\nଆପà­ଲିକେସନà­‌ଗà­ଡ଼ିକରେ ବà­ୟବହୃତ ହà­à¬।<br><br><b>à¬ଜà­ କà­ଲାଉଡà­ AI :&nbsp;</b> à¬ହି \r\nପଦà­ଧତିରେ, କିଛି ପà­ରକà­ରିୟାକରଣ à¬ଜà­ ଡିଭାଇସà­‌ରେ କରାଯାà¬ à¬ବଂ ବାକି ବିଶà­ଳେଷଣ à¬ଜà­ \r\nକà­ଲାଉଡà­‌ରେ AI ସାହାଯà­ୟରେ କରାଯାà¬। à¬ହି ସମୟରେ, ଡାଟା କà­ଲାଉଡà­‌ରେ ଅପଲୋଡà­ \r\nକରାଯାà¬।<br><br><b>ଫେଡେରେଟେଡà­ ଲରà­ଣà­ଣିଂ :</b> ଫେଡେରେଟେଡà­ ଲରà­ଣà­ଣିଂ ହେଉଛି \r\nà¬ଜà­ AI ପାଇà¬ à¬କ ପଦà­ଧତି; ଯେଉà¬ଠାରେ à¬କାଧିକ à¬ଜà­ ଡିଭାଇସà­ ମà­ଖà­ୟ ସରà­ଭର ସହିତ \r\nସେମାନଙà­କର ଡାଟା ସେୟାର ନକରି à¬କ AI ମଡେଲà­‌କà­ ସାମୂହିକ ଭାବରେ ତାଲିମ ଦିଅନà­ତି।<br><br><b>ଟାଇନିà¬ମà­à¬ଲà­ :</b> à¬ହି ମଡେଲà­ ସାଧାରଣତଃ ହାଲà­କା à¬ବଂ କମà­-ପାୱାର ଡିଭାଇସà­‌ଗà­ଡ଼ିକରେ ଦକà­ଷତାର ସହିତ ଚାଲିବା ପାଇà¬ ଅପà­ଟିମାଇଜà­ କରାଯାà¬।<br><br><b>ରିଅଲà­ ଟାଇମà­ AI :</b> ଟାଇମà­‌ରେ AI ଦà­ୱାରା ପà­ରକà­ରିୟାକରଣ à¬ବଂ ଅନà­ମାନ ଉପରେ ଧà­ୟାନ ଦିà¬, ସିଧାସଳଖ à¬କ à¬ଜà­ ଡିଭାଇସà­‌ରେ ସରà­ବନିମà­ନ ସମୟ ବିତାଇଥାà¬।<br><br><b>ବà­ୟବହାର :</b><br>ଗà­ଗà­ଲà­‌ର\r\n ଟେନà­ସରà­ ପà­ରୋସେସିଂ ୟà­ନିଟà­ (TPUs) ଗà­ଗà­ଲà­‌ର କà­ଲାଉଡà­ ଭିତà­ତିଭୂମିରେ à¬ଜà­ AI \r\nବà­ୟବହାର କରେ। ଜିପà­ଲାଇନà­ ହେଉଛି à¬କ ବିତରଣ ସେବା ଯାହା ରୱାଣà­ଡା, ଘାନା, ଜାପାନ, \r\nଯà­କà­ତରାଷà­ଟà­ର à¬ବଂ ନାଇଜେରିଆରେ କାରà­ଯà­ୟ କରେ। କମà­ପାନୀ ଡà­ରୋନରà­ ରିଅଲà­-ଟାଇମà­ \r\nଡାଟା ପà­ରକà­ରିୟାକରଣ ପାଇà¬ à¬ଜà­ AI ବà­ୟବହାର କରେ। WeChat ଆପà­‌ରେ ଡାଟା \r\nପà­ରକà­ରିୟାକରଣ ପାଇà¬ à¬ଜà­ AI ବà­ୟବହାର କରିଥାà¬। à¬ହା ରିଅଲà­-ଟାଇମà­ ଭାଷା ଅନà­ବାଦ \r\nପà­ରଦାନ କରେ।</li></ul>', '2025-12-16 12:54:25', '2026-01-27 07:23:58', 1, 'Edge-AI-କଣ-?-à¬ହା-କେଉà¬-ପà­ରଯà­କà­ତି-ବିଦà­ୟାର-ଉପଯୋଗ-କରେ', '8f14cc2672b1ecd1ee34dc8302133b3b.jpg', 19, 'admin', 'admin'),
(7, 'FTA : ଆବଶà­ୟକତା ଓ ଆଭିମà­ଖà­ୟ', 5, 1, '<p>FTA ସାଧାରଣତଃ ମà­କà­ତ ବାଣିଜà­ୟ ଚà­କà­ତିନାମା ପାଇà¬ ବà­à¬ାà¬, ଯାହା ଦà­ଇ କିମà­ବା \r\nଅଧିକ ଦେଶ ମଧà­ୟରେ ସାମଗà­ରୀ à¬ବଂ ସେବା ଉପରେ ପà­ରତିବନà­ଧକ (ଯେପରିକି ଶà­ଳà­କ/କର) \r\nହà­ରାସ କିମà­ବା ଦୂର କରିବା ପାଇà¬ à¬କ ଚà­କà­ତି, ବାଣିଜà­ୟ, ନିବେଶ à¬ବଂ ଆରà­ଥିକ ସହଯୋଗକà­\r\n ବୃଦà­ଧି କରିଥାà¬। à¬ହା ଫଲà­ଟ ଟà­ରି ବିଶà­ଳେଷଣକà­ ମଧà­ୟ ବà­à¬ାଇପାରେ। ବିଫଳତାକà­ ରୋକିବା\r\n ପାଇà¬ ଇଞà­ଜିନିୟରିଂରେ ମୂଳ କାରଣ ବିଶà­ଳେଷଣ ପାଇà¬ à¬କ ପଦà­ଧତି। ବାଣିଜà­ୟରେ, FTA \r\nଗà­ଡ଼ିକ ଖୋଲା ବଜାର ସୃଷà­ଟି କରେ। ସଦସà­ୟମାନଙà­କà­ ଅଣ-ସଦସà­ୟଙà­କ ପାଇà¬ ଅନନà­ୟ ଶà­ଳà­କ \r\nସà­ଥିର କରିବାକà­ ଦିà¬।</p><p><b><font color=\"#ce0000\">ବାଣିଜà­ୟ</font></b></p><ul><li><b>ବାଣିଜà­ୟ :</b> (ମà­କà­ତ ବାଣିଜà­ୟ ଚà­କà­ତିନାମା - FTA)</li><li><b>ଉଦà­ଦେଶà­ୟ : </b>ସାମଗà­ରୀ, ସେବା à¬ବଂ ବୌଦà­ଧିକ ସମà­ପତà­ତି ପରି ବାଣିଜà­ୟିକ ଜିନିଷ ଉପରେ ଶà­ଳà­କ à¬ବଂ ଅନà­ୟାନà­ୟ ପà­ରତିବନà­ଧକ ହà­ରାସ କରିବା।</li><li><b>ଲାଭ :</b> à¬କ ଅଧିକ ପà­ରତିଯୋଗିତାମୂଳକ କà­ଷେତà­ର ସୃଷà­ଟି କରେ, ଯାହା ବà­ୟବସାୟ ପାଇà¬ ନୂତନ ବଜାର ପà­ରବେଶ କରିବା ସହଜ କରିଥାà¬।</li><li><b>ଯନà­ତà­ରପାତି :</b>\r\n ସଦସà­ୟମାନେ ନିଜ ନିଜ ମଧà­ୟରେ ଶà­ଳà­କ-ମà­କà­ତ ବାଣିଜà­ୟ କରିବାକà­ ରାଜି ହà­ଅନà­ତି, \r\nକିନà­ତà­ ଅଣ-ସଦସà­ୟ ଦେଶଗà­ଡ଼ିକ ସହିତ ସେମାନଙà­କର ନିଜସà­ୱ ବାଣିଜà­ୟ ନୀତି ବଜାୟ ରଖନà­ତି\r\n (ଯଥା, NAFTA/USMCA)।</li></ul><p><br></p><p><b><font color=\"#ce0000\">ଇଞà­ଜିନିୟରିଂରେ (ଫଲà­ଟ ଟà­ରି ବିଶà­ଳେଷଣ - FTA)</font></b><br><br><b>ଉଦà­ଦେଶà­ୟ :</b> à¬କ ସିଷà­ଟମ ବିଫଳତା କିମà­ବା ଅନାବଶà­ୟକ ଘଟଣାର ସମସà­ତ ସମà­ଭାବà­ୟ କାରଣ (ମୂଳ କାରଣ) ଚିହà­ନଟ କରିବା ପାଇà¬ à¬କ ଉପରà­ ତଳକà­, ବà­ୟବସà­ଥିତ ପଦà­ଧତି।<br><br><b>ପଦà­ଧତି :</b>\r\n ମୌଳିକ ଉପାଦାନ ବିଫଳତା କିମà­ବା ମାନବ ତà­ରà­ଟି କିପରି à¬କ ପà­ରମà­ଖ ସିଷà­ଟମ \r\nଭାଙà­ଗିବାକà­ ନେଇପାରେ ତାହା ମà­ୟାପà­ କରିବା ପାଇà¬ ଲଜିକà­ ଗେଟà­ (AND, OR) ବà­ୟବହାର \r\nକରେ।<br><br><b>ପà­ରୟୋଗ : </b>ସମସà­ୟା ହେବା ପୂରà­ବରà­ ବିଫଳତାର କାରଣ ଗà­ଡ଼ିକà­ ବà­à¬ିବା à¬ବଂ ନିରà­ଭରଯୋଗà­ୟ ଉନà­ନତ କରିବା ପାଇà¬ ଉତà­ପାଦନ à¬ବଂ ଜଟିଳ ସିଷà­ଟମରେ ଗà­ରà­ତà­ୱପୂରà­ଣà­ଣ।</p><p><b><font color=\"#ff0000\">ଅନà­ୟାନà­ୟ ଅରà­ଥ (କମà­ ସାଧାରଣ)</font></b><br><br><b>ମà­କà­ତ ବାଣିଜà­ୟ କà­ଷେତà­ର :</b> à¬କ FTA ସଦୃଶ, କିନà­ତà­ ପà­ରାୟତଃ à¬କ ବà­ୟାପକ କଷà­ଟମ ୟà­ନିଅନ କିମà­ବା ଅରà­ଥନୈତିକ ବà­ଲକକà­ ବà­à¬ାà¬।<br><b>ଫେଡେରାଲà­ ଟà­ରାନà­ଜିଟà­ ପà­ରଶାସନ : </b>ସାରà­ବଜନୀନ ପରିବହନ ତଦାରଖ କରà­ଥିବା à¬କ ଆମେରିକୀୟ ସଂସà­ଥା।</p><p><br></p><p><font color=\"#104a5a\" face=\"Arial Black\"><a href=\"https://expoodisha.com/exponews/news-details.php?nid=24\">ଦେଖନà­ତà­ :</a></font><a href=\"https://expoodisha.com/exponews/news-details.php?nid=24\"> FTA &amp; BTA</a></p><p><br></p><p><font color=\"#ce0000\">ଅନà­ୟାନà­ୟ ଦେଶ ସହ ଭାରତର ମà­କà­ତ ବାଣିଜà­ୟ ରାଜିନାମା ଓ ଆଲୋଚନା </font></p><p><a href=\"https://expoodishanews.blogspot.com/2025/12/blog-post_48.html\">ଭାରତ -ରà­ଷ</a>&nbsp; | <a href=\"https://expoodishanews.blogspot.com/2025/12/blog-post_23.html\">ଭାରତ - ନà­ୟà­ଜିଲାଣà­ଡ</a> | <a href=\"https://expoodishanews.blogspot.com/2025/12/blog-post_34.html\">ଭାରତ - କାନାଡ଼ା</a></p>', '2025-12-16 12:55:29', '2026-01-25 06:19:39', 1, 'FTA-:-ଆବଶà­ୟକତା-ଓ-ଆଭିମà­ଖà­ୟ', '898c019107cf87538817194051c49ee3.jpg', 18, 'admin', 'admin');
INSERT INTO `tblposts` (`id`, `PostTitle`, `CategoryId`, `SubCategoryId`, `PostDetails`, `PostingDate`, `UpdationDate`, `Is_Active`, `PostUrl`, `PostImage`, `viewCounter`, `postedBy`, `lastUpdatedBy`) VALUES
(8, 'FTA ଦà­ବାରା ଭାରତର ଲାଭ କଣ ?', 5, 8, '<p><br></p><p><font face=\"DataSoft_Uniweb\">ଭାରତ ପାଇà¬ à¬କ ମà­କà­ତ ବାଣିଜà­ୟ ଚà­କà­ତିନାମା \r\n(FTA) ହେଉଛି ଅନà­ୟ ଦେଶ ସହିତ à¬କ ଚà­କà­ତି ଯାହା ଅଧିକାଂଶ ସାମଗà­ରୀ à¬ବଂ ସେବା ଉପରେ \r\nଶà­ଳà­କ à¬ବଂ ଅଣ-ଶà­ଳà­କ ବାଧା (ଯେପରିକି କୋଟା, ନିୟମାବଳୀ) ହà­ରାସ କରିଥାà¬` ଯାହା \r\nବାଣିଜà­ୟ, ନିବେଶ à¬ବଂ ଆରà­ଥିକ ସମà­ପରà­କକà­ ବୃଦà­ଧି କରିଥାà¬। ସାମà­ପà­ରତିକ ଉଦାହରଣ \r\nହେଉଛି UAE, ଅଷà­ଟà­ରେଲିଆ à¬ବଂ EFTA (ୟà­ରେସିଆନà­ ଅରà­ଥନୈତିକ ସଂଘ) ସହିତ ଚà­କà­ତି, \r\nଯଦିଓ ଭାରତ ମଧà­ୟ ବାଣିଜà­ୟ ଅସନà­ତà­ଳନ à¬ବଂ କମ FTA ବà­ୟବହାର ଭଳି ଚà­ୟାଲେଞà­ଜର \r\nସମà­ମà­ଖୀନ ହେଉଛି। à¬ହି ଚà­କà­ତିନାମାଗà­ଡ଼ିକ ବଜାର ଖୋଲିବା ଦà­ୱାରା ବୟନଶିଳà­ପ, ରତà­ନ, \r\nIT à¬ବଂ ଫାରà­ମା ଭଳି କà­ଷେତà­ରକà­ ଲାଭ ପହଞà­ଚାà¬ କିନà­ତà­ RCEP ପà­ରତà­ୟାହାର ସହିତ \r\nସà­ଥାନୀୟ ଶିଳà­ପ ପାଇà¬ ପà­ରତିଯୋଗିତା ମଧà­ୟ ବୃଦà­ଧି କରିପାରିବ।</font></p><p><br></p><ul><li><font face=\"DataSoft_Uniweb\"><font color=\"#ce0000\"><b>ଭାରତର FTAର ପà­ରମà­ଖ ଦିଗ&nbsp;</b></font><br><br><b>ଉଦà­ଦେଶà­ୟ :</b> ବାଣିଜà­ୟ ବୃଦà­ଧି ପାଇà¬ କଷà­ଟମà­ ଶà­ଳà­କ (ଶà­ଳà­କ) à¬ବଂ ଅନà­ୟାନà­ୟ ବାଣିଜà­ୟ ବାଧା (ଅଣ-ଶà­ଳà­କ ବାଧା) ହà­ରାସ କିମà­ବା ଦୂର କରିବା।<br><br><b>ପରିସର :</b>\r\n ବସà­ତà­ (କୃଷି, ଶିଳà­ପ) à¬ବଂ ସେବା (ବà­ୟାଙà­କିଙà­ଗ, IT, ଇତà­ୟାଦି) ପରିସରଭà­କà­ତ \r\nକରିବା à¬ବଂ ନିବେଶ, ବୌଦà­ଧିକ ସମà­ପତà­ତି (IPR), à¬ବଂ ସରକାରୀ କà­ରୟକà­ ବିସà­ତାର \r\nକରିପାରିବ।<br><b>ଲାଭ :</b> ରପà­ତାନିକାରୀଙà­କ ପାଇà¬: ବୃହତ ବଜାରରେ ଶà­ଳà­କମà­କà­ତ କିମà­ବା ରିଆତି ପà­ରବେଶ (ଯଥା, ୟà­à¬ଇକà­ ଭାରତୀୟ ବସà­ତà­ର, EFTAକà­ ଯନà­ତà­ରପାତି)।<br><br><b>ଗà­ରାହକଙà­କ ପାଇà¬ :</b> ଶସà­ତା ଆମଦାନୀ (ଯଥା, ସà­ୱିସà­ ଘଣà­ଟା, ଭାରତରେ ନରୱେଜିଆନà­ ସାମà­ଦà­ରିକ ଖାଦà­ୟ)।<br><br><b>ଆରà­ଥିକ ଅଭିବୃଦà­ଧି :</b> ନିଯà­କà­ତି ସୃଷà­ଟି, ଅଧିକ ଯୋଗାଣ ଶୃଙà­ଖଳ ସମନà­ୱୟ à¬ବଂ ବରà­ଦà­ଧିତ FDI।<br><br><br></font></li><li><font face=\"DataSoft_Uniweb\">ଅଂଶୀଦାରଙà­କ ଉଦାହରଣ : UAE (CEPA), ଅଷà­ଟà­ରେଲିଆ, ଜାପାନ, ଦକà­ଷିଣ କୋରିଆ, EFTA (ସà­ୱିଜରଲà­ୟାଣà­ଡ, ନରୱେ, ଆଇସଲà­ୟାଣà­ଡ, ଲିଚେନଷà­ଟାଇନà­)।<br><br></font></li><li><font face=\"DataSoft_Uniweb\">ଆଲୋଚନା : ନିକଟରେ ଭାରତ UK à¬ବଂ EU ସହିତ FTA ଆଲୋଚନା କରà­ଛି।<br><br></font></li><li><font face=\"DataSoft_Uniweb\">ଚà­ୟାଲେଞà­ଜ\r\n : FTA ଅଂଶୀଦାରଙà­କ ସହିତ ବଢ଼à­ଥିବା ବାଣିଜà­ୟ ନିଅଣà­ଟ, କମ ବà­ୟବହାର ହାର (ପà­ରାୟ \r\n25%), à¬ବଂ କୃଷି à¬ବଂ MSME ଭଳି ଘରୋଇ କà­ଷେତà­ର ପାଇà¬ ସମà­ଭାବà­ୟ ବିପଦ।<br><br></font></li><li><font face=\"DataSoft_Uniweb\">ରଣନୈତିକ\r\n ଲକà­ଷà­ୟ : ଭାରତ ଗଭୀର ଆରà­ଥିକ ସମନà­ୱୟ, ରପà­ତାନି ବୃଦà­ଧି à¬ବଂ ଶକà­ତି, \r\nପà­ରଯà­କà­ତିବିଦà­ୟା à¬ବଂ ସେବାରେ ଦୀରà­ଘକାଳୀନ ଲାଭ ସà­ରକà­ଷିତ କରିବା ପାଇà¬ ଲକà­ଷà­ୟ \r\nରଖିଛି।<br><br><b><font color=\"#ce0000\">ସାମà­ପà­ରତିକ ଘଟଣାବଳୀ :&nbsp;<br></font><br>ଭାରତ-EFTA FTA:</b>\r\n ନିବେଶକà­ ବୃଦà­ଧି କରିବା à¬ବଂ ନିଯà­କà­ତି ସୃଷà­ଟି କରିବା ପାଇà¬ à¬କ ପà­ରମà­ଖ ଚà­କà­ତି, \r\nଯାହା ଭାରତୀୟ ରପà­ତାନିକାରୀମାନଙà­କà­ ଉଚà­ଚ-ମୂଲà­ୟର ୟà­ରୋପୀୟ ବଜାରରେ ଉତà­ତମ ପà­ରବେଶ \r\nପà­ରଦାନ କରିବ।<br><br><b>ଭାରତ-ୟà­କେ FTA :</b> ଯାନବାହାନ à¬ବଂ ମଦ ଭଳି ୟà­କେ \r\nଉତà­ପାଦ ପାଇà¬ ବଜାର ପà­ରବେଶକà­ ସହଜ କରିବା ସହିତ ମଣି, ଅଳଙà­କାର, ଔଷଧ à¬ବଂ ଆଇଟି ଭଳି \r\nକà­ଷେତà­ରକà­ ପà­ରୋତà­ସାହିତ କରିବା ଲକà­ଷà­ୟ।</font></li></ul><p><br></p>', '2025-12-16 12:56:35', '2026-01-27 07:22:15', 1, 'FTA-ଦà­ବାରା-ଭାରତର-ଲାଭ-କଣ-?', '0c6eaeb3b4d7f19ef4fd90f36fb4d5d8.jpg', 12, 'admin', 'admin'),
(9, 'FTA ଓ BTA', 5, 1, '<p>ମୂଳତଃ, କ FTA ହେଉଛି à¬କ ବିସà­ତୃତ, ବାଣିଜà­ୟ ଉଦାରୀକରଣ ଚà­କà­ତି à¬ବଂ ଦà­ଇଟି ଅଂଶୀଦାରଙà­କ ମଧà­ୟରେ à¬କ କà­ଷେତà­ର-ନିରà­ଦà­ଦିଷà­ଟ ଚà­କà­ତି।<br><br>WTO\r\n ଅନà­ପାଳ ନ: ଯେଉà¬ BTA କେବଳ à¬କ ସଂକୀରà­ଣà­ଣ ପରିସରର ସାମଗà­ରୀ ଉପରେ ଅଗà­ରାଧିକାର \r\nଶà­ଳà­କ ପà­ରଦାନ କରେ, ସେମାନେ WTOର MFN ନୀତିକà­ ସମà­ଭାବà­ୟ ଭାବରେ ଉଲà­ଲଂଘନ \r\nକରିପାରିବେ ଯଦି ନାହିà¬ ଯେପରà­ଯà­ୟନà­ତ ସେମାନେ ବିକାଶଶୀଳ ରାଷà­ଟà­ରଗà­ଡ଼ିକ ପାଇà¬ \r\n‘ସକà­ଷମ କରିବା ଧାରା’ ପରି ନିରà­ଦà­ଦିଷà­ଟ ବà­ୟତିକà­ରମ ଅଧୀନରେ ଯୋଗà­ୟ ହୋଇନାହାନà­ତି, \r\nକିମà­ବା à¬କ ଯà­କà­ତିଯà­କà­ତ ସମୟସୀମା ମଧà­ୟରେ à¬କ ପୂରà­ଣà­ଣ FTA ଆଡକà­ à¬କ ମଧà­ୟବରà­ତà­ତୀ \r\nପଦକà­ଷେପ ଭାବରେ ସଂଗଠିତ ହୋଇନାହାନà­ତି।<br><br>ଉଦà­ଦେଶà­ୟ\r\n : à¬କ ପୂରà­ଣà­ଣ-ସà­କେଲ, ଜଟିଳ ବାଣିଜà­ୟ ଚà­କà­ତିନାମା ପାଇà¬ ପà­ରତିଶà­ରà­ତିବଦà­ଧ ନହୋଇ \r\nନିରà­ଦà­ଦିଷà­ଟ ବାଣିଜà­ୟ ଆବଶà­ୟକତାକà­ ସମାଧାନ କରିବା କିମà­ବା ତà­ରନà­ତ ଶà­ଳà­କ ବିବାଦ \r\nସମାଧାନ କରିବା ପାଇà¬ à¬ଗà­ଡ଼ିକà­ à¬କ ଦà­ରà­ତ ଉପାୟ ଭାବରେ ବà­ୟବହାର କରାଯାଇପାରିବ।<br>ପରିସର : BTA ଅଧିକ ଚୟନମୂଳକ à¬ବଂ ନିରà­ଦà­ଦିଷà­ଟ ବାଣିଜà­ୟ ଦିଗ କିମà­ବା ଉତà­ପାଦ à¬ବଂ କà­ଷେତà­ରର ସୀମିତ ତାଲିକା ଉପରେ ଧà­ୟାନ କେନà­ଦà­ରିତ କରେ।<br><b>ଦà­ୱିପାକà­ଷିକ ବାଣିଜà­ୟ ଚà­କà­ତିନାମା (BTA)</b><br><br>WTO\r\n ଅନà­ପାଳନ : ଯଦି ସେମାନେ ‘ପରà­ଯà­ୟାପà­ତ ଭାବରେ ସମସà­ତ ବାଣିଜà­ୟ’ ଆବଶà­ୟକତାକà­ ପୂରଣ \r\nକରନà­ତି, ତେବେ ସଦସà­ୟମାନଙà­କà­ ଅନà­ୟ ସମସà­ତ WTO ସଦସà­ୟ (ସରà­ବାଧିକ ପସନà­ଦିତ ରାଷà­ଟà­ର\r\n ନୀତି)କà­ ବିସà­ତାର ନକରି ଅଂଶୀଦାରମାନଙà­କà­ ଅଗà­ରାଧିକାରପୂରà­ଣà­ଣ ବà­ୟବହାର ପà­ରଦାନ \r\nକରିବାକà­ ଅନà­ମତି ଦିà¬।<br>ଉଦà­ଦେଶà­ୟ : ବିଭିନà­ନ ଶିଳà­ପରେ ଅଧିକାଂଶ ଟାରିଫà­, କୋଟା à¬ବଂ ଅନà­ୟାନà­ୟ ବାଣିଜà­ୟ ପà­ରତିବନà­ଧକକà­ ଦୂର କରି ଗଭୀର, ଦୀରà­ଘକାଳୀନ ଅରà­ଥନୈତିକ ସମନà­ୱୟ।<br>ପରିସର : FTA ହେଉଛି ବà­ୟାପକ ଚà­କà­ତିନାମା ଯାହା ଅଂଶଗà­ରହଣକାରୀ ଦେଶଗà­ଡ଼ିକ ମଧà­ୟରେ ‘ପରà­ଯà­ୟାପà­ତ ଭାବରେ ସମସà­ତ ବାଣିଜà­ୟ’କà­ ସାମିଲ କରେ।<br><b>ମà­କà­ତ ବାଣିଜà­ୟ ଚà­କà­ତିନାମା (FTA)</b><br><br>ମà­ଖà­ୟ ପାରà­ଥକà­ୟ ସେମାନଙà­କର ପରିସର à¬ବଂ ବିଶà­ୱ ବାଣିଜà­ୟ ସଂଗଠନ (WTO) ନିୟମ ସହିତ ଅନà­ପାଳନରେ ରହିଛି।<br> ହେଉଛି à¬କ \r\nଦà­ୱିପାକà­ଷିକ ବାଣିଜà­ୟ ଚà­କà­ତିନାମା, ଦà­ଇଟି ରାଷà­ଟà­ର ମଧà­ୟରେ à¬କ ଅଧିକ ସୀମିତ \r\nଚà­କà­ତି; ଯାହା ସାଧାରଣତଃ ନିରà­ଦà­ଦିଷà­ଟ କà­ଷେତà­ର କିମà­ବା ଉତà­ପାଦଗà­ଡ଼ିକà­ ଲକà­ଷà­ୟ \r\nକରିଥାà¬।<b>BTA :</b><br>à¬କ ମà­କà­ତ ବାଣିଜà­ୟ ଚà­କà­ତିନାମା ପାଇà¬ ବà­à¬ାà¬। ଅଧିକାଂଶ ସାମଗà­ରୀ à¬ବଂ\r\n ସେବା ଉପରେ ବାଣିଜà­ୟ ପà­ରତିବନà­ଧକକà­ ଉଲà­ଲେଖନୀୟ ଭାବରେ ହà­ରାସ କିମà­ବା ଦୂର କରିବା \r\nପାଇà¬ ଦେଶଗà­ଡ଼ିକ ମଧà­ୟରେ à¬କ ବà­ୟାପକ ଚà­କà­ତି।&nbsp;<b>FTA : </b><b></b></p>', '2025-12-16 12:57:23', '2026-01-25 03:11:28', 1, 'FTA-ଓ-BTA', '41d42df7c05c06928b4cfbcd8ea9ebd1.jpg', 14, 'admin', 'admin'),
(10, 'Captcha ଓ ReCaptcha ମଧà­ୟରେ ପà­ରାରà­ଥକà­ୟ କଣ?', 4, 3, '<p><b><br></b></p><p><b>CAPTCHA</b><br>(କମà­ପà­ୟà­ଟର à¬ବଂ ମାନବ ଜାଣିବା ପାଇà¬ ସମà­ପୂରà­ଣà­ଣ \r\nସà­ୱୟଂଚାଳିତ ପବà­ଲିକà­ ଟà­ୟà­ରିଂ ପରୀକà­ଷା) ହେଉଛି à¬କ ସà­ରକà­ଷା ପରୀକà­ଷା ଯାହା \r\nୱେବସାଇଟà­ ଦà­ୱାରା ମାନବ ବà­ୟବହାରକାରୀଙà­କà­ ସà­ୱୟଂଚାଳିତ ବଟà­ ଠାରà­ ପୃଥକ କରିବା ପାଇà¬\r\n ବà­ୟବହୃତ ହà­à¬, ଯେପରିକି ବିକୃତ ପାଠà­ୟ ଚିହà­ନଟ କରିବା କିମà­ବା ଚିତà­ର ଚୟନ କରିବା, \r\nଯାହା ମଣିଷ ପାଇà¬ ସହଜ କିନà­ତà­ ମେସିନà­ ପାଇà¬ କଷà­ଟକର। ସà­ପାମà­, ଠକେଇ à¬ବଂ ଆକାଉଣà­ଟ \r\nଅପବà­ୟବହାରକà­ ରୋକିବା à¬ହାର ଉଦà­ଦେଶà­ୟ। à¬ହି ପରୀକà­ଷାଗà­ଡ଼ିକ ବà­ୟବହାରକାରୀଙà­କà­ ମାନବ\r\n ଜà­ଞାନାତà­ମକ କà­ଷମତା ପରୀକà­ଷା କରà­ଥିବା ପଜଲà­ ସମାଧାନ କରିବାକà­ ବାଧà­ୟ କରି କାମ \r\nକରେ। à¬ହା ନିଶà­ଚିତ କରେ ଯେ କେବଳ ପà­ରକୃତ ଲୋକମାନେ ସେବାଗà­ଡ଼ିକà­ ପà­ରବେଶ \r\nକରିପାରିବେ, ଆକାଉଣà­ଟ ପାଇà¬ ସାଇନà­ ଅପà­ କରିପାରିବେ କିମà­ବା ମନà­ତବà­ୟ ପୋଷà­ଟ \r\nକରିପାରିବେ।<br><br><b><font color=\"#ce0000\">à¬ହା କିପରି କାମ କରେ</font></b><br><br><b>ଚà­ୟାଲେଞà­ଜ-ପà­ରତିକà­ରିୟା : </b>CAPTCHA ଶୀଘà­ର ପରୀକà­ଷା ଉପସà­ଥାପନ କରେ; ଯଦି ଆପଣ ପାସà­ କରନà­ତି, ତେବେ ଆପଣ ମାନବ ଭାବରେ ଯାଞà­ଚ ହà­ଅନà­ତି।<br><br><b>କà­ଲାସିକà­ CAPTCHA : </b>ଆପଣ à¬କ ପାଠà­ୟ ବାକà­ସରେ à¬କ ପà­ରତିଛବିରà­ ବିକୃତ ଅକà­ଷର à¬ବଂ ସଂଖà­ୟା ଟାଇପà­ କରନà­ତି।<br><br>ଆଧà­ନିକ\r\n CAPTCHA (reCAPTCHA ପରି): ଆପଣ ପà­ରତିଛବିରେ ବସà­ତà­ଗà­ଡ଼ିକà­ ଚିହà­ନଟ କରିବା ପାଇà¬ \r\nବାକà­ସଗà­ଡ଼ିକà­ କà­ଲିକà­ କରିପାରିବେ (ଟà­ରାଫିକà­ ଲାଇଟà­, କà­ରସୱାକà­) କିମà­ବା କେବଳ \r\nପୃଷà­ଠା ସହିତ ଯୋଡ଼ିପାରିବେ। AI ଆପଣଙà­କ ଆଚରଣ (ମାଉସà­ ଗତିବିଧି, ସମୟ) ବିଶà­ଳେଷଣ \r\nକରି ଆପଣ à¬କ କଂପà­ୟà­ଟର କି ମାନବ ତାହା ନିରà­ଣà­ଣୟ କରିପାରିବ।<br><br><font color=\"#ce0000\">ସାଧାରଣ ବà­ୟବହାର</font></p><p><b><br></b></p><ul><li>ସà­ପାମà­ ରୋକିବା : ବଟà­‌ଗà­ଡ଼ିକà­ ମନà­ତବà­ୟ ବିଭାଗ କିମà­ବା ଫୋରମà­‌ଗà­ଡ଼ିକର ତଥà­ୟ ପରିବରà­ତà­ତନକà­ ରୋକିଥାà¬।</li><li>ଆକାଉଣà­ଟà­‌ଗà­ଡ଼ିକà­ ସà­ରକà­ଷିତ ରଖିବା : ସାଇନà­‌-ଅପà­‌ à¬ବଂ ଲଗଇନà­‌ଗà­ଡ଼ିକà­ ସà­ୱୟଂଚାଳିତ ଆକà­ରମଣରà­ ରକà­ଷା କରେ।<br></li><li>ଇ-କମରà­ସ : ବଟà­‌ଗà­ଡ଼ିକà­ ବହà­ ପରିମାଣର ଟିକେଟà­‌ କିମà­ବା ଉତà­ପାଦ କିଣିବାରà­ ରୋକିଥାà¬।<br></li><li>ଅନଲାଇନà­‌ ପୋଲà­‌ : ନିଶà­ଚିତ କରେ ଯେ ଭୋଟà­‌ଗà­ଡ଼ିକ ସà­ୱୟଂଚାଳିତ ସà­କà­ରିପà­ଟ ନà­ହେà¬, ପà­ରକୃତ ଲୋକଙà­କଠାରà­ ଆସିଥାà¬।<br><br></li></ul><p><b><br></b></p><p><b>re CAPTCHA</b><br>à¬କ\r\n ମାଗଣା Google ସେବା; ଯାହା ମାନବ ଉପଭୋକà­ତା à¬ବଂ ସà­ୱୟଂଚାଳିତ ବଟà­ ମଧà­ୟରେ \r\nପାରà­ଥକà­ୟ କରି ସà­ପାମà­ à¬ବଂ ଅପବà­ୟବହାରରà­ ୱେବସାଇଟà­‌ଗà­ଡ଼ିକà­ ସà­ରକà­ଷା ଦିà¬, ମାନବତା\r\n ଯାଞà­ଚ କରିବା ପାଇà¬ ଆଚରଣଗତ ବିଶà­ଳେଷଣ à¬ବଂ ବିକୃତ ପାଠà­ୟ କିମà­ବା ପà­ରତିଛବି ଚୟନ \r\nକରି ବà­ୟବହାରକାରୀଙà­କ ଆଚରଣ ବିଶà­ଳେଷଣ କରେ। à¬ହା ବଟà­‌ଗà­ଡ଼ିକà­ ନକଲି ଆକାଉଣà­ଟà­ \r\nସୃଷà­ଟି କରିବା, ଫରà­ମ ସà­ପାମିଂ କରିବା à¬ବଂ ପà­ରତାରଣାମୂଳକ କାରବାର ରୋକିଥାà¬। ବୈଧ \r\nବà­ୟବହାରକାରୀମାନଙà­କà­ ସହଜ ପà­ରବେଶ ଅନà­ମତି ଦେବା ସହିତ ସà­ରକà­ଷା ବୃଦà­ଧି କରେ।<br><br><font color=\"#ce0000\">à¬ହା କିପରି କାରà­ଯà­ୟ କରେ</font></p><p><b><br></b></p><ul><li><b>ଆଚରଣଗତ ବିଶà­ଳେଷଣ :</b>\r\n ନୂତନ ସଂସà­କରଣଗà­ଡ଼ିକ ଉପଭୋକà­ତା ମାଉସà­ ଗତିବିଧି, ବà­ରାଉଜିଂ ଇତିହାସ à¬ବଂ ଅନà­ୟାନà­ୟ\r\n ସଙà­କେତ ବିଶà­ଳେଷଣ କରେ ଯାହା ଦà­ୱାରା ଜଣେ ଉପଭୋକà­ତା ମଣିଷ କି ବଟà­ ତାହା ନିରà­ଣà­ଣୟ \r\nକରାଯାà¬।<br></li><li><b>ଚà­ୟାଲେଞà­ଜ (CAPTCHA) :</b> ଯଦି ଆଚରଣ ସନà­ଦେହଜନକ ମନେହà­à¬, ତେବେ à¬ହା à¬ହିପରି ଚà­ୟାଲେଞà­ଜ ଉପସà­ଥାପନ କରେ।&nbsp; ଯଥା -<br></li><li><b>ଚେକà­ ବାକà­ସ :</b> ‘ମà­à¬ ରୋବୋଟà­ ନà­ହେà¬’ ବାକà­ସରେ କà­ଲିକà­ କରିବା।<br></li><li><b>ଚିତà­ର ପଜଲà­ :</b> ପà­ରତିଛବିରେ ନିରà­ଦà­ଦିଷà­ଟ ବସà­ତà­ ଚିହà­ନଟ କରିବା (ଯଥା, କà­ରସୱାକà­, ବସà­)।<br></li><li><b>ଅଡିଓ ଚà­ୟାଲେଞà­ଜ :</b> ବିକୃତ ସଂଖà­ୟା କିମà­ବା ଶବà­ଦ ଶà­ଣିବା।<br></li><li><b>ବିପଦ ସà­କୋର (reCAPTCHA v3) :</b>\r\n ବିପଦ ସୂଚାଇ à¬କ ସà­କୋର (0.0 ରà­ 1.0) ପà­ରଦାନ କରେ, ଯାହା ଡେଭଲପରମାନଙà­କà­ \r\nକାରà­ଯà­ୟାନà­ଷà­ଠାନ ଗà­ରହଣ କରିବାକà­ ଅନà­ମତି ଦିà¬ (ଯଥା, ଉଚà­ଚ-ବିପଦଗà­ରସà­ତ \r\nବà­ୟବହାରକାରୀଙà­କà­ ଅବରୋଧ କରେ)।<br><br></li></ul><p><b><br></b></p><p><br><b>ପà­ରମà­ଖ ଲାଭ :</b></p><p><b><br></b></p><ul><li>ସà­ପାମà­ ବନà­ଦ କରେ: ଫରà­ମ ପୂରଣ କରିବାରà­ ବଟà­‌ଗà­ଡ଼ିକà­ ରୋକେ।</li><li>ଅପବà­ୟବହାରକà­ ରୋକେ: ବà­ରà­ଟà­-ଫୋରà­ସ ଲଗଇନà­ ପà­ରୟାସ ପରି ସà­ୱୟଂଚାଳିତ ଆକà­ରମଣକà­ ରୋକେ।</li><li>ଠକେଇ ହà­ରାସ କରେ : ଇ-କମରà­ସ କାରବାରକà­ ସà­ରକà­ଷା ଦିà¬।</li><li>ବà­ୟବହାରକାରୀ-ଅନà­କà­ଳ : ପà­ରାୟତଃ ଉପଯୋଗକରà­ତà­ତା ଇନପà­ଟà­ ଆବଶà­ୟକ ନକରି ପୃଷà­ଠଭୂମିରେ କାମ କରେ।<br></li></ul><p><b><br></b></p><p><br><b>ସଂସà­କରଣ:</b><br></p><p><b><br></b></p><ol><li>v2 (ଚେକବକà­ସ/ପà­ରତିଛବି ଚà­ୟାଲେଞà­ଜ ): କà­ଲାସିକà­ ‘ମà­à¬ ରୋବୋଟà­ ନà­ହେà¬’<br></li><li>v3 (ସà­କୋରà­-ଆଧାରିତ) : ପୃଷà­ଠଭୂମିରେ ଚାଲେ, à¬କ ସà­କୋର ପà­ରଦାନ କରେ।<br></li><li>à¬ଣà­ଟରପà­ରାଇଜà­ : ବଡ଼ ସାଇଟà­ ପାଇà¬ ଉନà­ନତ ବୈଶିଷà­ଟà­ୟଗà­ଡ଼ିକ।</li></ol><p><b><br></b></p><ol></ol>', '2025-12-16 13:40:18', '2026-01-27 08:54:09', 1, 'Captcha-ଓ-ReCaptcha-ମଧà­ୟରେ-ପà­ରାରà­ଥକà­ୟ-କଣ?', '5e7b925deafcf0844af8741931164a27.jpg', 21, 'admin', 'admin'),
(11, 'ଆସନà­ତା ଜାଣିବା : ବାୟà­ର ଗà­ଣବତà­ତା ଓ à¬ହାର ସà­ତର', 6, 9, '<p><font face=\"DataSoft_Uniweb\"><p>ବାୟà­ ଗà­ଣବତà­ତା ସୂଚକାଙà­କ (AQI) ହେଉଛି à¬କ \r\nସଂଖà­ୟା ଯାହା ବାୟà­ ସà­ତରକà­ ମାପ କରିଥାà¬। ସାଧାରଣତଃ (0-500+)ରେ ରଙà­ଗ (ସବà­ଜରà­ \r\nମାରà­ନ) à¬ବଂ ସà­ୱାସà­ଥà­ୟ ପରାମରà­ଶ ସହିତ ଅନà­ବାଦ କରେ, ଯାହା ବାୟà­ କେତେ ସଫା କିମà­ବା \r\nପà­ରଦୂଷିତ à¬ବଂ à¬ହାର ସମà­ଭାବà­ୟ ସà­ୱାସà­ଥà­ୟ ପà­ରଭାବକà­ ସୂଚିତ କରେ।&nbsp;<br>ମà­ଖà­ୟ ଅରà­ଥ à¬ବଂ ବରà­ଗ : ଉତà­ତମ (0-50): ବାୟà­ ଗà­ଣବତà­ତା ସନà­ତୋଷଜନକ; ସରà­ବନିମà­ନ କିମà­ବା କୌଣସି ସà­ୱାସà­ଥà­ୟ ବିପଦ ନାହିà¬।<br>ସନà­ତୋଷଜନକ/ମଧà­ୟମ (51-100/101-200): ଗà­ରହଣୀୟ ଗà­ଣବତà­ତା, କିନà­ତà­ ସମà­ବେଦନଶୀଳ ଲୋକମାନେ ଶà­ୱାସକà­ରିୟା କଷà­ଟ ଅନà­ଭବ କରିପାରନà­ତି। ​​<br>ଖରାପ (201-300): ଦୀରà­ଘକାଳୀନ ସଂସà­ପରà­ଶରେ ସà­ୱାସà­ଥà­ୟ ପà­ରଭାବ ସମà­ଭବ; ସାଧାରଣ ଜନସଂଖà­ୟା ସମସà­ୟାର ସମà­ମà­ଖୀନ ହୋଇପାରନà­ତି। ​​<br>ଅତି\r\n ଖରାପ (301-400): ଦୀରà­ଘ ସମୟ ପାଇà¬ ଶà­ୱାସକà­ରିୟା ସମସà­ୟା ଦେଖାଦେଇଥାà¬। ଗମà­ଭୀର \r\n(401-500+): ସମସà­ତଙà­କ ପାଇà¬ ସà­ୱାସà­ଥà­ୟ ପà­ରଭାବ; ବିପଦପୂରà­ଣà­ଣ ଅବସà­ଥା।<br><br>à¬ହା କିପରି କାମ କରେ:<br>ପà­ରଦୂଷକ\r\n ପଦାରà­ଥ ମାପ: AQI କଣିକା ପଦାରà­ଥ (PM2.5, PM10), ଓଜୋନà­ ((O_{3})), \r\nନାଇଟà­ରୋଜେନà­ ଡାଇଅକà­ସାଇଡà­ ((NO_{2})), ସଲଫର ଡାଇଅକà­ସାଇଡà­ ((SO_{2})), \r\nକାରà­ବନ ମନୋକà­ସାଇଡà­ (CO), ଆମୋନିଆ ((NH_{3})), à¬ବଂ ସୀସା (Pb) ଭଳି \r\nପà­ରଦୂଷକଗà­ଡ଼ିକà­ ଟà­ରାକà­ କରେ।<br><br>ଗଣନା: à¬ହା ନିରà­ଦà­ଦିଷà­ଟ ସମୟସୀମା (ଯଥା, 8-24 ଘଣà­ଟା) ମଧà­ୟରେ à¬ହି ପà­ରଦୂଷକଗà­ଡ଼ିକର ମାପ ସାନà­ଦà­ରତା ବà­ୟବହାର କରେ।<br><br>ଉଦà­ଦେଶà­ୟ\r\n : ଦୈନନà­ଦିନ ବାୟà­ ଗà­ଣବତà­ତା ବିଷୟରେ ଜନସାଧାରଣଙà­କà­ ଶୀଘà­ର ସୂଚନା ଦେବା à¬ବଂ ସà­ତର \r\nଉଚà­ଚ ହେଲେ ସତରà­କତା (ଯେପରିକି ବାହà­ୟ କାରà­ଯà­ୟକଳାପ ହà­ରାସ କରିବା) ପାଇà¬ ପରାମରà­ଶ \r\nଦେବା, IQAir à¬ବଂ SAFAR - India ଉଲà­ଲେଖ କରିଛନà­ତି।</p></font><br></p>', '2025-12-18 12:57:04', '2026-01-26 15:54:33', 1, 'ଆସନà­ତା-ଜାଣିବା-:-ବାୟà­ର-ଗà­ଣବତà­ତା-ଓ-à¬ହାର-ସà­ତର', '5c566df613da4259cbb528ee0c55a8ba.jpg', 16, 'admin', NULL),
(12, 'SWIFT Payment System କଣ ଓ à¬ହା କିପରି କାରà­ଯà­ୟ କରେ', 5, 1, '<p><font face=\"DataSoft_Uniweb\"><p>SWIFT (ସୋସାଇଟି ଫରà­ ୱାରà­ଲà­ଡୱାଇଡà­ ଇଣà­ଟରବà­ୟାଙà­କ ଫାଇନାନà­ସିଆଲà­ ଟେଲିକମà­ୟà­ନିକେସନà­) ବà­ୟାଙà­କିଂ à¬କ ସà­ରକà­ଷିତ, ବିଶà­ୱସà­ତରୀୟ ମେସେଜିଂ ନେଟୱାରà­କକà­ ବà­à¬ାà¬ ଯାହା 11,000 ରà­ ଅଧିକ ଆରà­ଥିକ ପà­ରତିଷà­ଠାନ (ବà­ୟାଙà­କ, ଦଲାଲ, ଇତà­ୟାଦି) ଦà­ୱାରା ଆନà­ତରà­ଜାତୀୟ ସà­ତରରେ à¬ନକà­ରିପà­ଟେଡà­ ପେମେଣà­ଟ ନିରà­ଦà­ଦେଶ à¬ବଂ କାରବାର ବିବରଣୀ ପଠାଇବା à¬ବଂ ଗà­ରହଣ କରିବା ପାଇà¬ ବà­ୟବହୃତ ହà­à¬। ମୂଳତଃ ସୀମାପାର ସà­ଥାନାନà­ତର ପାଇà¬ ମେରà­ଦଣà­ଡ ଭାବରେ କାରà­ଯà­ୟ କରେ; କିନà­ତà­ ପାଣà­ଠି ରଖିନଥାà¬। à¬ହା ଯୋଗାଯୋଗକà­ ମାନକୀକରଣ କରେ, ବà­ୟାଙà­କଗà­ଡ଼ିକà­ ବିଶà­ୱସନୀୟ ଭାବରେ ସà­ଥାନାନà­ତର ପାଇà¬ ନିରà­ଦà­ଦେଶ ପଠାଇବାକà­, ଅନନà­ୟ SWIFT/BIC କୋଡà­ ମାଧà­ୟମରେ ପà­ରତିଷà­ଠାନଗà­ଡ଼ିକà­ ଚିହà­ନଟ କରିବାକà­ à¬ବଂ ଅନà­ପାଳନ ପରିଚାଳନା କରିବାକà­ ଅନà­ମତି ଦିà¬, ଯାହା 1973ର ଆରମà­ଭ ଠାରà­ ବିଶà­ୱସà­ତରୀୟ ଆରà­ଥିକ କାରବାରକà­ ଦକà­ଷ à¬ବଂ ସà­ରକà­ଷିତ କରିଥାà¬।<br><br>SWIFT କିପରି କାମ କରେ<br>ସà­ରକà­ଷିତ ମେସେଜିଂ : ବà­ୟାଙà­କଗà­ଡ଼ିକ SWIFT ମାଧà­ୟମରେ ଟଙà­କା ପଠାଇବା ପରିବରà­ତà­ତେ ସà­ଥାନାନà­ତର ଆରମà­ଭ କରିବା ପାଇà¬ ମାନକୀକରଣ, à¬ନକà­ରିପà­ଟେଡà­ ମେସେଜà­ (ପେମେଣà­ଟ ପାଇà¬ MT103 ପରି) ପଠାନà­ତି।<br><br>SWIFT/BIC କୋଡà­ : ପà­ରତà­ୟେକ ପà­ରତିଷà­ଠାନର à¬କ ଅନନà­ୟ BIC (ବà­ୟାଙà­କ ଚିହà­ନଟକାରୀ କୋଡà­) କିମà­ବା SWIFT କୋଡà­ (ଯଥା, ABCDUS33XXX) ଥାà¬ ଯାହା ନିଶà­ଚିତ କରେ ଯେ ବାରà­ତà­ତାଗà­ଡ଼ିକ ସଠିକà­ ସà­ଥାନରେ ଯାଉଛି।<br><br>କରେସପଣà­ଡେଣà­ଟ ବà­ୟାଙà­କିଂ : SWIFT ମେସେଜà­ ପଠାଯିବା ପରେ, ପାଣà­ଠି ପୂରà­ବ-ପà­ରତିଷà­ଠିତ କରେସପଣà­ଡେଣà­ଟ ଆକାଉଣà­ଟ ମାଧà­ୟମରେ ଗତି କରେ; ଯାହାକà­ ବà­ୟାଙà­କଗà­ଡ଼ିକ ସମାଧାନ ପାଇà¬ ପରସà­ପର ପାଖରେ ରଖନà­ତି।<br><br>à¬କ ପେମେଣà­ଟ ସିଷà­ଟମà­ ନà­ହେà¬ : SWIFT à¬କ ଯୋଗାଯୋଗ ଚà­ୟାନେଲà­; à¬ହା ନିଜେ ପାଣà­ଠି ରଖେ ନାହିà¬ କିମà­ବା ପେମେଣà­ଟ ପà­ରକà­ରିୟା କରେ ନାହିà¬, ବରଂ ଅନà­ୟ ବà­ୟାଙà­କଗà­ଡ଼ିକà­ ଟଙà­କା କିପରି ସà­ଥାନାନà­ତର କରିବାକà­ ହà­à¬ ତାହା କହିଥାà¬।<br><br>ମà­ଖà­ୟ କାରà­ଯà­ୟ à¬ବଂ ଗà­ରà­ତà­ୱ<br>ବିଶà­ୱସà­ତରୀୟ ପହଞà­ଚ : 200ରà­ ଅଧିକ ଦେଶର ପà­ରତିଷà­ଠାନଗà­ଡ଼ିକà­ ସଂଯୋଗ କରେ।<br><br>ସà­ରକà­ଷା à¬ବଂ ଦକà­ଷତା : ଦà­ରà­ତ, ଅଧିକ ନିରà­ଭରଯୋଗà­ୟ ଯୋଗାଯୋଗ ପାଇà¬ ଟେଲେକà­ସ ପରି ପà­ରà­ଣା ଓ କମà­ ନିରà­ଭରଯୋଗà­ୟ ସିଷà­ଟମକà­ ପà­ରତିସà­ଥାପିତ କରାଯାଇଛି।<br><br>ଅନà­ପାଳନ : ନିୟାମକ ରିପୋରà­ଟିଂ, ମଞà­ଜà­ରୀ ସà­କà­ରିନିଂ à¬ବଂ KYC (ଆପଣଙà­କ ଗà­ରାହକଙà­କà­ ଜାଣନà­ତà­) ଯାଞà­ଚ ପାଇà¬ ବà­ୟବହୃତ।<br><br>ଦେୟ ବà­ୟତୀତ : ସିକà­ୟà­ରିଟିଜà­, ଟà­ରେଜେରୀ à¬ବଂ ବାଣିଜà­ୟ ଆରà­ଥିକ ପାଇà¬ ମଧà­ୟ ବà­ୟବହୃତ ହà­à¬।<br><br>ସରଳ ଶବà­ଦରେ<br>SWIFTକà­ ବà­ୟାଙà­କଗà­ଡ଼ିକ ପାଇà¬ à¬କ ସାରà­ବଜନୀନ, à¬ନକà­ରିପà­ଟେଡà­ ଇମେଲà­ ସିଷà­ଟମà­ ଭାବରେ ଭାବନà­ତà­, ବିଦେଶକà­ ଟଙà­କା ପଠାଇବା ପାଇà¬ ନିରà­ଦà­ଦେଶାବଳୀ ସà­ପଷà­ଟ, ବିଶà­ୱସà­ତ à¬ବଂ ସଠିକà­ ବà­ୟାଙà­କରେ ଦକà­ଷତାର ସହିତ ପହଞà­ଚିବା ନିଶà­ଚିତ କରେ। ଯଦିଓ ପà­ରକୃତ ଟଙà­କା ବିଭିନà­ନ ଚà­ୟାନେଲà­ ମାଧà­ୟମରେ ଯାତà­ରା କରେ।</p></font></p>', '2025-12-18 13:01:12', '2026-01-25 02:54:43', 1, 'SWIFT-Payment-System-କଣ-ଓ-à¬ହା-କିପରି-କାରà­ଯà­ୟ-କରେ', 'ce84e105e9f4fbd16692a395cc18a408.jpg', 15, 'admin', NULL),
(13, 'ଭାରତ-ନà­ୟà­ଜିଲà­ୟାଣà­ଡ ମà­କà­ତ ବାଣିଜà­ୟ ଚà­କà­ତିନାମା', 7, 10, '<p><b>୧୫ ବରà­ଷରେ ୨୦ ବିଲିୟନ ଡଲାର ନିବେଶ କରିବ ନà­ୟà­ଜିଲà­ୟାଣà­ଡ</b><br>ନୂଆଦିଲà­ଲୀ : ଭାରତ ଓ ନà­ୟà­ଜିଲà­ୟାଣà­ଡ ସୋମବାର à¬କ ମà­କà­ତ ବାଣିଜà­ୟ ଚà­କà­ତିନାମା ଚୂଡ଼ାନà­ତ ହୋଇଥିବା ଘୋଷଣା କରିଛନà­ତି। ଫଳରେ ବୟନଶିଳà­ପ, ଜୋତା, ଇଞà­ଜିନିୟରିଂ à¬ବଂ ସାମà­ଦà­ରିକ ଉତà­ପାଦ ଭଳି କà­ଷେତà­ରର ଅନେକ ଘରୋଇ ସାମଗà­ରୀ ନà­ୟà­ଜିଲà­ୟାଣà­ଡରେ ଶà­ଳà­କମà­କà­ତ ପà­ରବେଶ ପାଇବ।<br>ପà­ରଧାନମନà­ତà­ରୀ ନରେନà­ଦà­ର ମୋଦୀ à¬ବଂ ତାଙà­କ ନà­ୟà­ଜିଲà­ୟାଣà­ଡ ପà­ରତିପକà­ଷ କà­ରିଷà­ଟୋଫର ଲକà­ସନ ସୋମବାର ଦିନ ଦà­ଇ ଦେଶ ମଧà­ୟରେ ମà­କà­ତ ବାଣିଜà­ୟ ଚà­କà­ତିନାମା ଚୂଡ଼ାନà­ତ ହେବା ନେଇ ଘୋଷଣା କରିଛନà­ତି। ଦà­ଇ ପà­ରଧାନମନà­ତà­ରୀ à¬ ସମà­ପରà­କରେ ଟେଲିଫୋନà­ ମାଧà­ୟମରେ ଆଲୋଚନା କରିଥିଲେ।<br>ଚà­କà­ତିନାମା ଅନà­ଯାୟୀ, ଆଗାମୀ ୫ ବରà­ଷ ମଧà­ୟରେ ଦà­ୱିପାକà­ଷିକ ବାଣିଜà­ୟ ଦà­ୱିଗà­ଣିତ ହେବ। ଭାରତ ମଧà­ୟ ବିଭିନà­ନ କà­ଷେତà­ରରେ ଆସନà­ତା ୧୫ ବରà­ଷ ମଧà­ୟରେ ନà­ୟà­ଜିଲାଣà­ଡରà­ ୨୦ ବିଲିୟନ ଆମେରିକୀୟ ଡଲାରରà­ ଅଧିକ ମୂଲà­ୟର ନିବେଶକà­ ସà­ୱାଗତ କରିଛି।&nbsp;<br></p><p><br>ସୂଚନା ଅନà­ଯାୟୀ, ମାତà­ର ୯ ମାସର ରେକରà­ଡ ସମୟ ମଧà­ୟରେ ଉଭୟ ଦେଶ ମଧà­ୟରେ ମà­କà­ତ ବାଣିଜà­ୟ ଚà­କà­ତିନାମା ଚୂଡ଼ାନà­ତ ହୋଇଛି। à¬ହାଦà­ବାରା ବିଭିନà­ନ ସାମଗà­ରୀର ବଜାର ପà­ରବେଶ ବୃଦà­ଧି ସହ ପà­ଞà­ଜି ନିବେଶକà­ ପà­ରୋତà­ସାହନ, ରଣନୈତିକ ସହଯୋଗ ବୃଦà­ଧି ଓ ବିଭିନà­ନ କà­ଷେତà­ରରେ ଉଭୟ ଦେଶର ଉଦà­ଭାବକ, ଉଦà­ୟୋଗୀ, କୃଷକ, à¬ସà¬ସà¬ମଇ, ଛାତà­ର à¬ବଂ ଯà­ବକମାନଙà­କ ପାଇà¬ ନୂତନ ସà­ଯୋଗ ସୃଷà­ଟି ହେବ। ଆଗାମୀ ୩ ମାସ ମଧà­ୟରେ à¬ହି ଚà­କà­ତି ସà­ୱାକà­ଷରିତ ହେବ à¬ବଂ ୨୦୨୬ରà­ କାରà­ଯà­ୟକାରୀ ହେବ ।<br></p><p><br>ବାଣିଜà­ୟ ମନà­ତà­ରଣାଳୟ ସୂଚନା ଅନà­ଯାୟୀ, ସମସà­ତ ଭାରତୀୟ ରପà­ତାନି ଶà­ଳà­କମà­କà­ତ ହେବ ଯାହା ଫଳରେ ବୟନଶିଳà­ପ, ପୋଷାକ, ଚମଡା, ଜୋତା, ସାମà­ଦà­ରିକ ଉତà­ପାଦ, ସà­ନା à¬ବଂ ଅଳଙà­କାର, ହସà­ତଶିଳà­ପ, ଇଞà­ଜିନିୟରିଂ ସାମଗà­ରୀ à¬ବଂ ଅଟୋମୋବାଇଲà­ କà­ଷେତà­ରକà­ ପà­ରୋତà­ସାହନ ମିଳିବ।<br>୨୦୨୪-୨୫ ମସିହାରେ ଉଭୟ ଦେଶ ମଧà­ୟରେ ଦà­ୱିପାକà­ଷିକ ବାଣିଜà­ୟ ବାଣିଜà­ୟ ୧.୩ ବିଲିୟନ ଆମେରିକୀୟ ଡଲାରରେ ପହଞà­ଚିଥିଲା, ଯେତେବେଳେ ୨୦୨୪ ମସିହାରେ ସାମଗà­ରୀ à¬ବଂ ସେବା କà­ଷେତà­ରରେ ମୋଟ ବାଣିଜà­ୟ ପà­ରାୟ ୨.୪ ବିଲିୟନ ଆମେରିକୀୟ ଡଲାର ଥିଲା।<br></p>', '2025-12-22 18:59:14', '2026-01-25 02:54:03', 1, 'ଭାରତ-ନà­ୟà­ଜିଲà­ୟାଣà­ଡ-ମà­କà­ତ-ବାଣିଜà­ୟ-ଚà­କà­ତିନାମା', '898c019107cf87538817194051c49ee3.jpg', 16, 'admin', 'admin'),
(14, 'ସà­ପାà¬ୱେର କ’ଣ à¬ହା କେତେ କà­ଷତିକାରକ', 4, 3, '<p>ସà­ପାà¬ୱେରà­ ହେଉଛି କà­ଷତିକାରକ ସଫà­ଟୱେରà­ (ମାଲୱେରà­) ଯାହା ଆପଣଙà­କ ଡିଭାଇସà­ (କମà­ପà­ୟà­ଟର, ଫୋନà­) ଉପରେ ଗà­ପà­ତ ଭାବରେ ନଜର ରଖେ। ବà­ୟକà­ତିଗତ ସୂଚନା, ଯେପରିକି କି-ଷà­ଟà­ରୋକà­, ବà­ରାଉଜିଂ à¬ବଂ ଆରà­ଥିକ ବିବରଣୀ ସଂଗà­ରହ କରେ। ତା’ପରେ à¬ହାକà­ ଆପଣଙà­କ ସମà­ମତି ବିନା ତୃତୀୟ ପକà­ଷ (ହà­ୟାକରà­ସ, ବିଜà­ଞାପନଦାତା)ଙà­କà­ ପଠାà¬, ପà­ରାୟତଃ ପà­ରତାରଣାମୂଳକ ଡାଉନଲୋଡà­ କିମà­ବା କà­ଷତିକାରକ ଲିଙà­କà­‌ ମାଧà­ୟମରେ, ଗୋପନୀୟତା କà­ଷତି, ଆରà­ଥିକ କà­ଷତି à¬ବଂ ଧୀର କାରà­ଯà­ୟଦକà­ଷତା ସୃଷà­ଟି କରେ। à¬ହା ପୃଷà­ଠଭୂମିରେ ଲà­ଚି ରହି କାରà­ଯà­ୟ କରେ, ପà­ରାୟତଃ ଚିହà­ନଟ କରିବା କଷà­ଟକର, କିନà­ତà­ ଲକà­ଷଣଗà­ଡ଼ିକ ମଧà­ୟରେ ଧୀର କାରà­ଯà­ୟଦକà­ଷତା, ପପà­-ଅପà­ à¬ବଂ ମନà­ଥର ନେଟୱାରà­କରà­ ଆପଣ ଜାଣି ପାରିବେ।</p><p><br><b>ସà­ପାà¬ୱେରà­ କିପରି କାମ କରେ<br></b><br></p><ul><li>ଅନà­ପà­ରବେଶ : ଟà­ରୋଜନà­ ହରà­ସ (ବୈଧ ସଫà­ଟୱେରà­ ଭାବରେ ଛଦà­ମବେଶୀ), ଫିସିଂ ଇମେଲà­, କà­ଷତିକାରକ ୱେବà­‌ସାଇଟà­, ହଜିଯାଇଥିବା ଆପà­ସ, କିମà­ବା ସà­ମାରà­ଟଫୋନà­‌ରେ ‘ଜିରୋ-କà­ଲିକà­’ ଆକà­ରମଣ ମାଧà­ୟମରେ ଡିଭାଇସà­‌ରେ ପà­ରବେଶ କରେ।<br></li><li>ତଥà­ୟ ସଂଗà­ରହ : ପାସୱାରà­ଡ (କିଲଗରà­), ସà­କà­ରିନà­‌ସଟà­, ସà­ଥାନ, ଫଟୋ, ବାରà­ତà­ତା à¬ବଂ ବà­ରାଉଜିଂ‌େର ଡାଟା ଗà­ରହଣ କରେ।<br></li><li>à¬କà­ସ-ଫିଲà­‌ଟରେସ : ସଂଗୃହୀତ ଡାଟା ଆକà­ରମଣକାରୀଙà­କ ନିକଟକà­ ଫେରାଇ ଆଣେ, ପà­ରାୟତଃ ଲà­କà­କାୟିତ ନେଟୱାରà­କ ସଂଯୋଗ ମାଧà­ୟମରେ।</li><li>କିଲଗରà­ : ପà­ରତà­ୟେକ କି-ଷà­ଟà­ରୋକà­ ରେକରà­ଡ କରେ।</li><li>ଆଡୱେରà­ : ମାଗଣା ସଫà­ଟୱେରà­ ସହିତ à¬କତà­ରିତ, ପà­ରାୟତଃ ଅନାବଶà­ୟକ ବିଜà­ଞାପନ ପà­ରଦରà­ଶନ କରେ à¬ବଂ ବà­ରାଉଜିଂ ଟà­ରାକà­ କରେ।</li><li>ଟà­ରୋଜନà­ : ପଛପଟ ଛଦà­ମବେଶୀ ଆପà­‌</li><li>ମୋବାଇଲà­ ସà­ପାà¬ୱେରà­ : ଡାଟା, ମେସେଜà­ ଚୋରି କରିବା à¬ବଂ ମାଇକà­ରୋଫୋନà­ / କà­ୟାମେରା ବà­ୟବହାର କରିବା ପାଇà¬ ସà­ମାରà­ଟଫୋନà­‌କà­ ଟାରà­ଗେଟà­ କରେ (ଯଥା, ପେଗାସସà­)।</li></ul><p><br><b>ସଂକà­ରମଣର ଲକà­ଷଣ</b><br></p><ul><li>ଡିଭାଇସà­ କାରà­ଯà­ୟଦକà­ଷତା ଧୀର, ଫà­ରିଜà­ ହେବା କିମà­ବା କà­ରାସà­ ହେବା।</li><li>ଅପà­ରତà­ୟାଶିତ ପପà­-ଅପà­ ବିଜà­ଞାପନ କିମà­ବା ହୋମà­ ପେଜà­ ପରିବରà­ତà­ତନ।</li><li>ଅନଧିକାର ଭାବରେ ଅଧିକ ଡାଟା ବà­ୟବହାର କିମà­ବା ନେଟୱାରà­କ କାରà­ଯà­ୟକଳାପ।</li><li>ନୂତନ, ଅପରିଚିତ ପà­ରୋଗà­ରାମà­ କିମà­ବା ବà­ରାଉଜର à¬କà­ସଟେନà­ସନ।</li><li>ବà­ୟାଟେରି ଶୀଘà­ର ସରିଯାà¬ କିମà­ବା ଡିଭାଇସà­ ଅଧିକ ଗରମ ହà­à¬।</li></ul><p><br></p><p><b>ସତରà­କ ରà­ହନà­ତà­ : </b></p><ol><li>ସନà­ଦେହଜନକ ଲିଙà­କà­ କà­ଲିକà­ କରନà­ତà­ ନାହିà¬ କିମà­ବା ଅଜଣା ସଂଲଗà­ନ ଲିଙà­କà­‌ ଖୋଲନà­ତà­ ନାହିà¬।</li><li>ସà­ରକà­ଷା ସଫà­ଟୱେରà­ ବà­ୟବହାର କରନà­ତà­ : ଆଣà­ଟିଭାଇରସà­ à¬ବଂ ଆଣà­ଟି-ମାଲୱେରà­ ପà­ରୋଗà­ରାମà­ ସଂସà­ଥାପନ କରନà­ତà­।</li><li>ସିଷà­ଟମà­‌ଗà­ଡ଼ିକà­ ଅପଡେଟà­ ରଖନà­ତà­ : ନିୟମିତ ଭାବରେ ଅପରେଟିଂ ସିଷà­ଟମ à¬ବଂ ଆପà­ ଅପଡେଟà­ କରନà­ତà­।</li><li>ଆପà­ ଅନà­ମତିଗà­ଡ଼ିକର ସମୀକà­ଷା କରନà­ତà­ : ମୋବାଇଲà­ ଆପà­ ପାଇà¬ ଅନà­ମତି ବିଷୟରେ ଚୟନ କରନà­ତà­।</li><li>ଅବà­ୟବହୃତ ଆପà­ ଅନଇନଷà­ଟଲ କରନà­ତà­ : ଆପଣ ଜାଣି ନଥିବା କିମà­ବା ବà­ୟବହାର କରà­ନଥିବା ଯେକୌଣସି ଆପà­ ହଟାଇ ଦିଅନà­ତà­<br></li></ol>', '2026-01-05 14:00:12', '2026-01-26 21:26:47', 1, 'ସà­ପାà¬ୱେର-କ’ଣ-à¬ହା-କେତେ-କà­ଷତିକାରକ', '48e056cc0e4de8e2cf7eab4922bc1f52.jpg', 10, 'admin', NULL);
INSERT INTO `tblposts` (`id`, `PostTitle`, `CategoryId`, `SubCategoryId`, `PostDetails`, `PostingDate`, `UpdationDate`, `Is_Active`, `PostUrl`, `PostImage`, `viewCounter`, `postedBy`, `lastUpdatedBy`) VALUES
(15, 'ସାମାଜିକ ଗଣମାଧà­ୟମ : ପରିଭାଷା, ଗà­ରà­ତà­ୱ, ଶà­ରେଷà­ଠ ୱେବସାଇଟà­ à¬ବଂ ଆପà­ସ', 3, 2, '<p><br>\r\nସୋସିଆଲà­ ମିଡିଆ ଡିଜିଟାଲà­ ଯୋଗାଯୋଗର à¬କ ମାଧà­ୟମ; ଯାହା ବà­ୟବହାରକାରୀଙà­କà­ ସାମାଜିକୀକରଣ, \r\nସୂଚନା ଅଂଶୀଦାର à¬ବଂ ଉପଭୋକà­ତା ସୃଷà­ଟ ବିଷୟବସà­ତà­ ପୋଷà­ଟ କରିବା ପାଇà¬ ଅନଲାଇନà­ ନେଟୱାରà­କ à¬ବଂ \r\nବନà­ଧà­ଗୋଷà­ଠୀ ଗଠନ କରିବାକà­ ଅନà­ମତି ଦିà¬। <br>\r\n<br>\r\n<b>ସୋସିଆଲà­ ମିଡିଆ କ’ଣ?</b><br>\r\nସୋସିଆଲà­ ମିଡିଆ ଅନଲାଇନà­ ପà­ଲାଟଫରà­ମକà­ ବà­à¬ାà¬; ଯେଉà¬ଠାରେ ବà­ୟବହାରକାରୀମାନେ ପାଠà­ୟ, ଭିଡିଓ, \r\nଫଟୋ à¬ବଂ ଅନà­ୟାନà­ୟ ବିଷୟବସà­ତà­ ମାଧà­ୟମରେ ସୂଚନା ଅଂଶୀଦାର କରିପାରିବେ à¬ବଂ ଭରà­ଚà­ଆଲà­ \r\nସମà­ପà­ରଦାୟ ସହିତ ସଂଯୋଗ କରିପାରିବେ। 2025 ସà­ଦà­ଧା, ସାମାଜିକ ଗଣମାଧà­ୟମର ପାଞà­ଚ ବିଲିୟନରà­ \r\nଅଧିକ ବିଶà­ୱବà­ୟାପୀ ଉପଯୋଗକରà­ତà­ତା ଥିଲେ, ଯାହା ବିଶà­ୱ ଜନସଂଖà­ୟାର 68% ରà­ ଅଧିକ ଅଟେ। à¬ଥିରେ \r\nମେସେଜିଂ à¬ବଂ ଚାଟà­ ପାଇà¬ ଡିଜାଇନà­ କରାଯାଇଥିବା ଆପà­ସ କିମà­ବା ୱେବସାଇଟà­, ସାମାଜିକ ପà­ଲାଟଫରà­ମ \r\n(ଯେପରିକି ଫେସବà­କà­, ଇନଷà­ଟାଗà­ରାମà­ à¬ବଂ ଟିକଟକà­), à¬ବଂ Reddit à¬ବଂ Discord ପରି ସମà­ପà­ରଦାୟ \r\nଫୋରମà­ ଅନà­ତରà­ଭà­କà­ତ। <br>\r\n<br>\r\nପà­ରମà­ଖ ପà­ରସଙà­ଗ ସୋସିଆଲà­ ମିଡିଆ ୱେବସାଇଟà­, ଆପà­ସ à¬ବଂ ଅନà­ୟାନà­ୟ ପà­ଲାଟଫରà­ମକà­ ନେଇ ଗଠିତ; \r\nଯାହା ବà­ୟବହାରକାରୀଙà­କà­ ପାଠà­ୟ, ଫଟୋ, ଭିଡିଓ à¬ବଂ ଅନà­ୟାନà­ୟ ମାଧà­ୟମରେ ଭରà­ଚà­ଆଲà­ ସମà­ପà­ରଦାୟ \r\nସହିତ ସୂଚନା à¬ବଂ ଧାରଣା ସେୟାର କରିବାକà­ ଅନà­ମତି ଦିà¬। ବà­ୟକà­ତିଗତ à¬ବଂ ବୃତà­ତିଗତ କାରଣ ପାଇà¬ \r\nବିଶà­ୱବà­ୟାପୀ 5 ବିଲିୟନରà­ ଅଧିକ ଲୋକ à¬ହାକà­ ବà­ୟବହାର କରନà­ତି। ସାମାଜିକ ଗଣମାଧà­ୟମକà­ \r\nଉପଯୋଗକରà­ତà­ତାମାନଙà­କà­ ସଂଯୋଗ କରିବା, ସମà­ପà­ରଦାୟ ଗଠନ à¬ବଂ ଗà­ରà­ତà­ୱପୂରà­ଣà­ଣ ସୂଚନା ଅଂଶୀଦାର \r\nକରିବା ପାଇà¬ ଶà­ରେୟ ଦିଆଯାଇଛି। ସମାଲୋଚକମାନେ କହିଛନà­ତି ଯେ ସୋସିଆଲ ମିଡିଆ କିଶୋରମାନଙà­କ \r\nମାନସିକ ସà­ୱାସà­ଥà­ୟକà­ କà­ଷତି ପହଞà­ଚାà¬, ଭà­ଲ ସୂଚନା ପà­ରଦାନ କରେ à¬ବଂ ଶିଶà­ ଯୌନ ନିରà­ଯାତନାର \r\nସà­ଯୋଗ ବୃଦà­ଧି କରେ। ସବà­ଠାରà­ ବଡ଼ ସୋସିଆଲ ମିଡିଆ ପà­ଲାଟଫରà­ମ ହେଉଛି ଫେସବà­କà­, ୟà­ଟà­ୟà­ବà­, \r\nହà­ୱାଟସଆପà­, ଇନଷà­ଟାଗà­ରାମà­ à¬ବଂ ଟିକଟକà­।<br>\r\n<br>\r\n<b>ସାମାଜିକ ଗଣମାଧà­ୟମର ଉତà­ପତà­ତି à¬ବଂ ବିକାଶ </b><br>\r\n<br>\r\nପà­ରାରମà­ଭିକ ସାମାଜିକ ଗଣମାଧà­ୟମ ପà­ଲାଟଫରà­ମ, ଯେପରିକି MySpace à¬ବଂ LiveJournal, ବନà­ଧà­ à¬ବଂ \r\nପରିବାର ସହିତ ସଂଯୋଗ ସà­ଥାପନ ପାଇà¬ ଡିଜାଇନà­ କରାଯାଇଥିଲା। MySpace, ଯାହା \r\nବà­ୟବହାରକାରୀମାନଙà­କà­ ବà­ୟକà­ତିଗତ ପà­ରୋଫାଇଲà­ ପୃଷà­ଠା ତିଆରି କରିବାକà­ à¬ବଂ ନିଜ ବିଷୟରେ ସୂଚନା \r\nଅଂଶୀଦାର କରିବାକà­ ଅନà­ମତି ଦେଇଥିଲା, 2004 ରେ ଦଶ ଲକà­ଷ ସକà­ରିୟ ମାସିକ ଉପଭୋକà­ତାଙà­କ ପାଖରେ \r\nପହଞà­ଚିବା ପାଇà¬ ପà­ରଥମ ନେଟୱାରà­କ ହୋଇଗଲା। <br>\r\n2005ରେ LiveJournal, à¬କ ପà­ଲାଟଫରà­ମ ଯେଉà¬ଠାରେ ବà­ୟବହାରକାରୀମାନେ ସାରà­ବଜନୀନ କିମà­ବା \r\nବà­ୟକà­ତିଗତ ନେଟୱାରà­କ ସହିତ ଜରà­ଣà­ଣାଲ ପରି ପà­ରବେଶଗà­ଡ଼ିକà­ ଅଂଶୀଦାର କରିପାରିବେ, 2005 ରେ \r\n2.5 ନିୟà­ତରà­ ଅଧିକ ସକà­ରିୟ ଆକାଉଣà­ଟରେ ପହଞà­ଚିଲା।<br>\r\n<br>\r\n2000 à¬ବଂ 2010 ଦଶକର ପà­ରାରମà­ଭରେ ସୋସିଆଲ ମିଡିଆ ବà­ୟବହାର ଦà­ରà­ତ ଗତିରେ ବୃଦà­ଧି ପାଇଲା କାରଣ \r\nFacebook à¬ବଂ X (ପୂରà­ବରà­ Twitter) ଲୋକପà­ରିୟ ହୋଇଗଲା। MySpace ପରି, Facebook \r\nବà­ୟବହାରକାରୀମାନେ ନିଜ ବିଷୟରେ ସୂଚନା ଅଂଶୀଦାର କରିବା ପାଇà¬ ପà­ରୋଫାଇଲà­ ତିଆରି କରନà­ତି, \r\nଯେତେବେଳେ ଅନà­ୟ ବà­ୟବହାରକାରୀମାନେ ମନà­ତବà­ୟ ଦିଅନà­ତି। ପà­ରାରମà­ଭରେ କଲେଜ ବୟସର \r\nବà­ୟବହାରକାରୀଙà­କ ମଧà­ୟରେ ସାମାଜିକୀକରଣ ପାଇà¬ ବà­ୟବହୃତ ହେଉଥିବା ସାମାଜିକ ଗଣମାଧà­ୟମ ଯà­ବ à¬ବଂ \r\nବୟସà­କ ବà­ୟବହାରକାରୀଙà­କ ମଧà­ୟରେ ଲୋକପà­ରିୟ ହୋଇଥିଲା। <br>\r\n<br>\r\n2006 ମସିହାରେ, Xର ଲଞà­ଚରେ à¬ହାର ଫିଡà­ ବୈଶିଷà­ଟà­ୟ ଅନà­ତରà­ଭà­କà­ତ ହୋଇଥିଲା, ଯେଉà¬ଠାରେ ଜଣେ \r\nଉପଭୋକà­ତା ଅନà­ସରଣ କରà­ଥିବା ଆକାଉଣà­ଟଗà­ଡିକରà­ ପୋଷà­ଟଗà­ଡ଼ିକà­ ଗୋଟିà¬ ପୃଷà­ଠାରେ ସଂଗୃହୀତ \r\nକରାଯାଇଥିଲା।<br>\r\nଫେସବà­କà­ ନିଜର ନà­ୟà­ଜà­ ଫିଡà­ ବୈଶିଷà­ଟà­ୟ ଆରମà­ଭ କରିଥିଲା।ନà­ୟà­ଜà­ ଫିଡà­ ଅନେକ ସାମାଜିକ \r\nଗଣମାଧà­ୟମ ପà­ଲାଟଫରà­ମ ପାଇà¬ à¬କ ମାନକ ବୈଶିଷà­ଟà­ୟ ହୋଇଗଲା। ଅଧିକ ଉପଭୋକà­ତା ବାହà­ୟ \r\nସାଇଟଗà­ଡ଼ିକର ଲିଙà­କ ପୋଷà­ଟ କରିବା ଆରମà­ଭ କଲେ, ଯେଉà¬ଠାରେ ସମାଚାର କାହାଣୀ, ସାମà­ପà­ରତିକ ଘଟଣା \r\nà¬ବଂ ଉତà­ପାଦ ପୃଷà­ଠାଗà­ଡ଼ିକà­ ବà­ୟକà­ତିଗତ ଅପଡେଟà­ ସହିତ ସେୟାର କରାଯାଇପାରିବ। ଉପଭୋକà­ତାମାନେ \r\nପରସà­ପରର ବିଷୟବସà­ତà­ ସହିତ ଯୋଗାଯୋଗ କରିପାରିବେ, ଯେଉà¬ଥିରେ ପସନà­ଦ କରିବା, ସେୟାର କରିବା à¬ବଂ \r\nପୋଷà­ଟଗà­ଡ଼ିକରେ ମନà­ତବà­ୟ ଦେବା ଅନà­ତରà­ଭà­କà­ତ। à¬ହି ସମୟ ମଧà­ୟରେ, ସାମାଜିକ ଗଣମାଧà­ୟମ \r\nପà­ଲାଟଫରà­ମଗà­ଡ଼ିକ ବà­ୟବସାୟ-ନିରà­ଦà­ଦିଷà­ଟ ପà­ରୋଫାଇଲà­ ପୃଷà­ଠା à¬ବଂ ଅନà­ୟ ଉପଭୋକà­ତାମାନେ ଦେଖିବେ \r\nବୋଲି ଲକà­ଷà­ୟ ରଖାଯାଇଥିବା ବିଜà­ଞାପନ କà­ରୟ କରିବାର କà­ଷମତା ଯୋଡ଼ିବା ଆରମà­ଭ କଲା, ଯାହା \r\nସେମାନଙà­କà­ ଅଧିକ ବà­ୟବସାୟ-ଅନà­କୂଳ କରିଦେଲା à¬ବଂ ପà­ଲାଟଫରà­ମ ପାଇà¬ ରାଜସà­ୱ ବୃଦà­ଧି କଲା।<br>\r\nସାମାଜିକ ଗଣମାଧà­ୟମ ବà­ୟବହାରକାରୀମାନେ ଫିଡà­ ମାଧà­ୟମରେ ସà­କà­ରୋଲà­ କରିବା à¬ବଂ ସାମà­ପà­ରତିକ \r\nଘଟଣାଗà­ଡିକ ଉପରେ ଦୈନିକ ଖବର à¬ବଂ ମନà­ତବà­ୟ ଗà­ରହଣ କରିବାରେ ଅଧିକ ସମୟ ବିତାଇବା ଆରମà­ଭ କଲେ।\r\n<br><br><b>ଉଦà­ଦେଶà­ୟ</b><br>\r\nଅନେକ ସୋସିଆଲ ମିଡିଆ କମà­ପାନୀ ବିଭିନà­ନ ଉପଭୋକà­ତାଙà­କ ଟାରà­ଗେଟ କରିବା ପାଇà¬ à¬କାଧିକ \r\nପà­ଲାଟଫରà­ମର ମାଲିକ। ଉଦାହରଣ ସà­ୱରୂପ, ମେଟାର ଫେସବà­କà­, ଇନଷà­ଟାଗà­ରାମ, ଥà­ରେଡà­ସ à¬ବଂ \r\nହà­ୱାଟସଆପà­ ଅଛି।<br>\r\n<br><b>କିପରି ବà­ୟବହୃତ ହେଉଛି </b><br>\r\nଯେତେବେଳେ ବà­ୟବହାରକାରୀମାନେ ସୋସିଆଲ ମିଡିଆ ସାଇଟରେ ଅଧିକ ସମୟ ବିତାଇବା ଜାରି ରଖିଛନà­ତି, \r\nବିଭିନà­ନ ପà­ରକାରର ସୋସିଆଲ ମିଡିଆ ପà­ଲାଟଫରà­ମ ବିକଶିତ ହୋଇଛି। ସେଗà­ଡ଼ିକà­ ବà­ୟାପକ ଭାବରେ \r\nବରà­ଗୀକୃତ କରାଯାଇପାରେ:<br>\r\n<br>\r\n<br>\r\n<b>Social networks:&nbsp;&nbsp;</b>Facebook, NextDoor<br>\r\n<b>Microblogging:</b> X, BlueSky, Mastodon, Threads<br>\r\n<b>Long-form blogging:</b> Substack, Ghost<br>\r\n<b>Professional networking:</b> LinkedIn, Behance, ResearchGate<br>\r\n<b>Video and photo sharing:</b> Instagram, TikTok, YouTube, Snapchat<br>\r\n<b>Visual curation and search:</b> Pinterest, Houzz, DeviantArt<br>\r\n<b>Messaging: </b>WhatsApp, Signal, WeChat, Marco Polo<br>\r\n<b>Community forums:</b> Reddit, Discord, Clubhouse<br>\r\n<br>\r\nପà­ଲାଟଫରà­ମଗà­ଡ଼ିକ ବିଭିନà­ନ ବà­ୟବହାର à¬ବଂ ବà­ୟବହାରକାରୀଙà­କ ପà­ରତି ଆକରà­ଷିତ। କିଛି କେବଳ \r\nସାମାଜିକୀକରଣ ପାଇà¬ ବà­ୟବହାର କରାଯାଇପାରେ, ଯେତେବେଳେ ଅନà­ୟଗà­ଡ଼ିକ ବୃତà­ତିଗତ ନେଟୱାରà­କ \r\nନିରà­ମାଣ କିମà­ବା ଚାକିରି ଖୋଜିବା ପାଇà¬ ଆକରà­ଷିତ। କିଛି ପà­ଲାଟଫରà­ମ ବà­ୟବହାରକାରୀମାନଙà­କà­ \r\nସେମାନଙà­କ ରାଜନୈତିକ ଦୃଷà­ଟିକୋଣ କିମà­ବା ଅବସର ବିନୋଦନର ହବି ଅଂଶୀଦାର କରà­ଥିବା ଅନà­ୟମାନଙà­କ \r\nସହିତ ସଂଯୋଗ କରିବାକà­ ଅନà­ମତି ଦିà¬।<br>\r\n<br>\r\n1. ଅଭିନେତା à¬ବଂ ଲେଖକମାନେ ସେମାନଙà­କ କାମର ପà­ରଶଂସକଙà­କ ସହ ଯୋଗାଯୋଗ କରିବା ପାଇà¬ ସୋସିଆଲ \r\nମିଡିଆ ବà­ୟବହାର କରିପାରିବେ। <br>\r\n2. ରାଜନେତାମାନେ à¬ଗà­ଡ଼ିକà­ ନିରà­ବାଚନମଣà­ଡଳୀ à¬ବଂ ଭୋଟରଙà­କ ସହ ଯୋଗାଯୋଗ କରିବା ପାଇà¬ ବà­ୟବହାର \r\nକରନà­ତି। <br>\r\n3. ଅଣଲାଭକାରୀ ସଂଗଠନଗà­ଡ଼ିକ à¬ଗà­ଡ଼ିକà­ ଦାନମୂଳକ କାରà­ଯà­ୟକà­ ପà­ରୋତà­ସାହିତ କରିବା କିମà­ବା ଦାନ \r\nସଂଗà­ରହ କରିବା ପାଇà¬ ବà­ୟବହାର କରିପାରିବେ। <br>\r\n4. ସରକାରୀ ସଂସà­ଥାଗà­ଡ଼ିକ ଜରà­ରୀକାଳୀନ ପରିସà­ଥିତିରେ ଜନସାଧାରଣଙà­କ ସହ ଯୋଗାଯୋଗ କରିବା ପାଇà¬ \r\nସୋସିଆଲ ମିଡିଆ ବà­ୟବହାର କରିପାରିବେ।<br>\r\n<br>\r\nସାମାଜିକ ଗଣମାଧà­ୟମରେ ବିଷୟବସà­ତà­ ପୋଷà­ଟ କରିବା, ତାହା କୌଣସି ବà­ୟବସାୟ ଦà­ୱାରା ପà­ରାୟୋଜିତ \r\nକିମà­ବା ଅନà­ଗାମୀ ସମରà­ଥନ ମାଧà­ୟମରେ ପାଣà­ଠି ଯୋଗାଇ ଦିଆଯାଇଥାà¬, à¬ହା ମଧà­ୟ à¬କ ଚାକିରି ହୋଇପାରେ, \r\nଯାହା ସାମାଜିକ ଗଣମାଧà­ୟମ ପୋଷà­ଟଗà­ଡ଼ିକ ପà­ରଚାର କରà­ଥିବା ଯେକୌଣସି ବାହà­ୟ କାରà­ଯà­ୟଠାରà­ ପୃଥକ। \r\nà¬ହି ପà­ରକାରର ସାମାଜିକ ଗଣମାଧà­ୟମ ବà­ୟବହାରକାରୀଙà­କà­ ସାଧାରଣତଃ ପà­ରଭାବଶାଳୀ କିମà­ବା ବିଷୟବସà­ତà­ \r\nସୃଷà­ଟିକାରୀ କà­ହାଯାà¬। ପà­ରତି ପାଞà­ଚ ଜଣ ସାମାଜିକ ଗଣମାଧà­ୟମ ବà­ୟବହାରକାରୀଙà­କ ମଧà­ୟରà­ ଜଣେ \r\nନିଜକà­ ବୃତà­ତିଗତ ବିଷୟବସà­ତà­ ସୃଷà­ଟିକାରୀ ବୋଲି ବିବେଚନା କରନà­ତି।<br>\r\n<br>\r\n<br>\r\n<b>ସୋସିଆଲ ମିଡିଆର ସà­ବିଧା à¬ବଂ ଅସà­ବିଧା</b></p><p>ସà­ବିଧା :</p><ul><li>ସଂଯୋଗିତା </li><li>ସମà­ପà­ରଦାୟ ଗଠନ </li><li>ସà­ଲଭ ବିଜà­ଞାପନ </li></ul><p><br>\r\nଅସà­ବିଧା :</p><ul><li>ଅଣସୂଚନା/ଭà­ଲ ସୂଚନା </li><li>ନିଦà­ରା ବà­ୟାଘାତ </li><li>ମାନସିକ ସà­ୱାସà­ଥà­ୟ ପà­ରଭାବ </li><li>ଶିଶà­ ଯୌନ ଶୋଷଣ</li></ul><p><br>\r\n<b>ଶà­ରେଷà­ଠ ୧୦ଟି ବିଶà­ୱସà­ତରୟ ସାମାଜିକ ଗଣମାଧà­ୟମ ପà­ଲାଟଫରà­ମ</b><br>\r\nସାମାଜିକ ଗଣମାଧà­ୟମ ବà­ୟବହାରକାରୀ ପà­ରତିଦିନ ହାରାହାରି ଦà­ଇ ଘଣà­ଟା ୩୯ ମିନିଟà­ ସୋସିଆଲ ମିଡିଆରେ \r\nବିତାଇଥାନà­ତି। ପà­ରତି ମାସରେ ହାରାହାରି ୬.୭୫ଟି ବିଭିନà­ନ ସାମାଜିକ ଗଣମାଧà­ୟମ ପà­ଲାଟଫରà­ମ \r\nପରିଦରà­ଶନ କରନà­ତି। <br>\r\nFacebook&nbsp; &nbsp; &nbsp;&nbsp;&nbsp;&nbsp;&nbsp;&nbsp;&nbsp;&nbsp;&nbsp;(3.07 billion users)<br>\r\nWhatsApp &nbsp; &nbsp;&nbsp;&nbsp;&nbsp;&nbsp;&nbsp;&nbsp;&nbsp;&nbsp;(3 billion users)<br>\r\nInstagram &nbsp; &nbsp;&nbsp;&nbsp;&nbsp;&nbsp;&nbsp;&nbsp;&nbsp;&nbsp;(3 billion users)<br>\r\nYouTube &nbsp;&nbsp;&nbsp;&nbsp;&nbsp;&nbsp;&nbsp;&nbsp;&nbsp;&nbsp;&nbsp;&nbsp;(2.58 billion users)<br>\r\nTikTok&nbsp; &nbsp; &nbsp; &nbsp; &nbsp; &nbsp; &nbsp; &nbsp;(1.99 billion users)<br>\r\nWeChat&nbsp; &nbsp; &nbsp; &nbsp; &nbsp; &nbsp; &nbsp; (1.41 billion users)<br>\r\nTelegram &nbsp;&nbsp;&nbsp;&nbsp;&nbsp;&nbsp;&nbsp;&nbsp;&nbsp;&nbsp;&nbsp;&nbsp;(1 billion users)<br>\r\nFacebook Messenger (942 million users)<br>\r\nSnapchat&nbsp; &nbsp; &nbsp; &nbsp; &nbsp; &nbsp; &nbsp; (932 million users)<br>\r\nReddit &nbsp;&nbsp;&nbsp;&nbsp;&nbsp;&nbsp;&nbsp;&nbsp;&nbsp;&nbsp;&nbsp;&nbsp;&nbsp;&nbsp;&nbsp;&nbsp;(765 million users)<br></p>', '2026-01-09 17:21:14', '2026-01-23 19:51:35', 1, 'ସାମାଜିକ-ଗଣମାଧà­ୟମ-:-ପରିଭାଷା,-ଗà­ରà­ତà­ୱ,-ଶà­ରେଷà­ଠ-ୱେବସାଇଟà­-à¬ବଂ-ଆପà­ସ', '73068cb761b2154f598b2e8c70ea8b10.png', 16, 'admin', 'admin'),
(16, 'ବଫର ଷà­ଟେଟ କଣ ଓ à¬ହା କିପରି କାରà­ଯà­ୟକରେ ?', 6, 9, '<p><span class=\"HwtZe\" lang=\"or\"><span class=\"jCAhz ChMk0b\"><span class=\"ryNqvb\">à¬କ ବଫର ରାଜà­ୟ ହେଉଛି\r\nଦà­ଇଟି ବୃହତà­ତର, ପà­ରତିଦà­ୱନà­ଦà­ୱୀ ଶକà­ତି ମଧà­ୟରେ ଅବସà­ଥିତ à¬କ ନିରପେକà­ଷ, କà­ଷà­ଦà­ର କିମà­ବା ମଧà­ୟମ ଆକାରର ଦେଶ।</span></span> <span class=\"jCAhz ChMk0b\"><span class=\"ryNqvb\">à¬ହାର ଅସà­ତିତà­ୱ à¬ବଂ ନିରପେକà­ଷତା ବୃହତà­ତର ଶକà­ତି ମଧà­ୟରେ à¬କ \"ବଫର ଜୋନà­\" ପà­ରଦାନ କରି ସେମାନଙà­କ ମଧà­ୟରେ ସିଧାସଳଖ ସଂଘରà­ଷକà­ ରୋକିବା ପାଇà¬ ଉଦà­ଦିଷà­ଟ।&nbsp;</span></span></span><span class=\"HwtZe\" lang=\"or\"><span class=\"jCAhz ChMk0b\"><span class=\"ryNqvb\">à¬କ\r\n ବଫର ରାଷà­ଟà­ରର ଧାରଣା ହେଉଛି ଭୂରାଜନୈତିକ ତତà­ତà­ୱ à¬ବଂ ଅନà­ତରà­ଜାତୀୟ ସମà­ପରà­କରେ à¬କ\r\n ପà­ରମà­ଖ ଉପାଦାନ, ଯାହାର ଲକà­ଷà­ୟ ଆଞà­ଚଳିକ ସà­ଥିରତା ବଜାୟ ରଖିବା à¬ବଂ ପà­ରମà­ଖ ଶକà­ତି ମଧà­ୟରେ ଦà­ୱନà­ଦର ବୃଦà­ଧିକà­ ରୋକିବା।</span></span></span></p><p><span class=\"HwtZe\" lang=\"or\"><span class=\"jCAhz ChMk0b\"><span class=\"ryNqvb\"><br></span></span></span><span class=\"HwtZe\" lang=\"or\"><span class=\"jCAhz\"><span class=\"ryNqvb\"><b>ମà­ଖà­ୟ ବୈଶିଷà­ଟà­ୟ à¬ବଂ କାରà­ଯà­ୟ</b></span></span></span></p><p><span class=\"HwtZe\" lang=\"or\"><span class=\"jCAhz\"><span class=\"ryNqvb\"><b><br></b></span></span></span></p><ul><li><span class=\"HwtZe\" lang=\"or\"><span class=\"jCAhz\"><span class=\"ryNqvb\">&nbsp;<b>ଭୌଗୋଳିକ ସà­ଥିତି :</b> à¬ହା à¬କ ଭୌତିକ ପà­ରତିବନà­ଧକ ଭାବରେ କାରà­ଯà­ୟ କରେ, ସମà­ଭାବà­ୟ ଶତà­ରà­ ପଡ଼ୋଶୀଙà­କà­ ପୃଥକ କରେ।</span></span><span class=\"jCAhz\"><span class=\"ryNqvb\">\r\n</span></span></span></li><li><span class=\"HwtZe\" lang=\"or\"><span class=\"jCAhz\"><span class=\"ryNqvb\"><b>ନିରପେକà­ଷତା :</b> ବଫର ରାଜà­ୟ ସାଧାରଣତଃ à¬ହାର ଶକà­ତିଶାଳୀ ପଡ଼ୋଶୀଙà­କ ସଂଘରà­ଷରେ ନିରପେକà­ଷ ରହିଥାà¬।</span></span> <span class=\"jCAhz\"><span class=\"ryNqvb\">à¬ହି ନିରପେକà­ଷତାକà­ ପà­ରାୟତଃ ସà­ୱୀକୃତି ଦିଆଯାଇଥାà¬ à¬ବଂ କେତେକ ସମୟରେ, ବୃହତ ଶକà­ତି ଦà­ୱାରା ଗà­ୟାରେଣà­ଟି ଦିଆଯାଇଥାà¬।</span></span></span></li><li><span class=\"HwtZe\" lang=\"or\"><span class=\"jCAhz ChMk0b\"><span class=\"ryNqvb\"><b>ରଣନୈତିକ ଗà­ରà­ତà­ୱ : </b>à¬ହା à¬କ ନିରପେକà­ଷ କିମà­ବା ଅଣ-ସଂଯୋଜିତ କà­ଷେତà­ର ସୃଷà­ଟି କରି ଉଭୟ ପà­ରତିଦà­ୱନà­ଦà­ୱୀ ଶକà­ତିର ରଣନୈତିକ ସà­ୱାରà­ଥକà­ ସେବା କରେ, ଅନିଚà­ଛାକୃତ ସୀମା ସଂଘରà­ଷ କିମà­ବା ସିଧାସଳଖ ସାମରିକ ମà­କାବିଲାର ସମà­ଭାବନାକà­ ହà­ରାସ କରେ।</span></span><span class=\"jCAhz\"><span class=\"ryNqvb\">\r\n</span></span></span></li><li><span class=\"HwtZe\" lang=\"or\"><span class=\"jCAhz\"><span class=\"ryNqvb\"><b>ସାରà­ବଭୌମତà­ୱ :</b> à¬ହାର ଶକà­ତିଶାଳୀ ପଡ଼ୋଶୀଙà­କ ଦà­ୱାରା ପà­ରଭାବିତ ହୋଇ, à¬କ ବଫର ରାଜà­ୟ ନିଜର ସାରà­ବଭୌମତà­ୱ à¬ବଂ ସà­ୱାଧୀନ ସରକାର ବଜାୟ ରଖେ।</span></span></span></li></ul><p><span class=\"HwtZe\" lang=\"or\"><span class=\"jCAhz\"><span class=\"ryNqvb\"><br></span></span><span class=\"jCAhz ChMk0b\"><span class=\"ryNqvb\">\r\n\r\n<b>à¬ତିହାସିକ à¬ବଂ ଆଧà­ନିକ ଉଦାହରଣ</b></span></span></span></p><p><span class=\"HwtZe\" lang=\"or\"><span class=\"jCAhz ChMk0b\"><span class=\"ryNqvb\"><b><br></b></span></span></span></p><ul><li><span class=\"HwtZe\" lang=\"or\"><span class=\"jCAhz ChMk0b\"><span class=\"ryNqvb\">&nbsp;ବେଲଜିୟମ à¬ତିହାସିକ ଭାବରେ ଫà­ରାନà­ସ à¬ବଂ ଜରà­ମାନୀ/ପà­ରà­ସିଆ ମଧà­ୟରେ à¬କ ବଫର ରାଜà­ୟ ଭାବରେ କାରà­ଯà­ୟ କରିଥିଲା</span></span></span></li><li><span class=\"HwtZe\" lang=\"or\"><span class=\"jCAhz\"><span class=\"ryNqvb\">\"ଦି ଗà­ରେଟà­ ଗେମà­\" ନାମରେ ଜଣାଶà­ଣା ସମୟ ମଧà­ୟରେ, 19 ଶ à¬ବଂ 20 ଶତାବà­ଦୀର ପà­ରାରମà­ଭରେ ଆଫଗାନିସà­ତାନ ବà­ରିଟିଶ ସାମà­ରାଜà­ୟ (ଭାରତରେ) à¬ବଂ ରà­ଷ ସାମà­ରାଜà­ୟ ମଧà­ୟରେ à¬କ ବଫର ଭାବରେ କାରà­ଯà­ୟ କରିଥିଲା।</span></span><span class=\"jCAhz ChMk0b\"><span class=\"ryNqvb\">\r\n\r\n</span></span></span></li><li><span class=\"HwtZe\" lang=\"or\"><span class=\"jCAhz ChMk0b\"><span class=\"ryNqvb\">ମଙà­ଗୋଲିଆକà­ ପà­ରାୟତଃ ରà­ଷ à¬ବଂ ଚୀନà­ ମଧà­ୟରେ à¬କ ବଫର ରାଷà­ଟà­ର ଭାବରେ ବରà­ଣà­ଣନା କରାଯାଇଛି।</span></span><span class=\"jCAhz ChMk0b\"><span class=\"ryNqvb\">\r\n\r\n</span></span></span></li><li><span class=\"HwtZe\" lang=\"or\"><span class=\"jCAhz ChMk0b\"><span class=\"ryNqvb\">ସà­ୱିଜରଲà­ୟାଣà­ଡ ହେଉଛି à¬କ ସà­ଥାୟୀ ନିରପେକà­ଷ ରାଷà­ଟà­ରର à¬କ କà­ଲାସିକà­ à¬ବଂ ଦୀରà­ଘସà­ଥାୟୀ ଉଦାହରଣ ଯାହା ୟà­ରୋପର କେନà­ଦà­ରରେ à¬କ ବଫର ଭାବରେ କାରà­ଯà­ୟ କରେ।</span></span></span></li></ul>', '2026-01-13 05:26:54', '2026-01-27 05:37:44', 1, 'ବଫର-ଷà­ଟେଟ-କଣ-ଓ-à¬ହା-କିପରି-କାରà­ଯà­ୟକରେ-?', '7a997a3285004d38beead211a2b75ab0.jpg', 10, 'admin', 'admin');

-- --------------------------------------------------------

--
-- Table structure for table `tblsubcategory`
--

CREATE TABLE `tblsubcategory` (
  `SubCategoryId` int(11) NOT NULL,
  `CategoryId` int(11) DEFAULT NULL,
  `Subcategory` varchar(255) DEFAULT NULL,
  `SubCatDescription` mediumtext DEFAULT NULL,
  `PostingDate` timestamp NOT NULL DEFAULT current_timestamp(),
  `UpdationDate` timestamp NULL DEFAULT NULL ON UPDATE current_timestamp(),
  `Is_Active` int(1) DEFAULT NULL
) ENGINE=InnoDB DEFAULT CHARSET=utf8mb4 COLLATE=utf8mb4_general_ci;

--
-- Dumping data for table `tblsubcategory`
--

INSERT INTO `tblsubcategory` (`SubCategoryId`, `CategoryId`, `Subcategory`, `SubCatDescription`, `PostingDate`, `UpdationDate`, `Is_Active`) VALUES
(1, 5, 'World', 'Economy News', '2024-01-14 18:30:00', '2025-12-15 22:10:31', 1),
(2, 3, 'Social Topics', 'Recent Topics\r\n', '2024-01-14 18:30:00', '2025-12-18 13:39:27', 1),
(3, 4, 'Device', 'Tech News', '2025-11-16 18:15:31', '2025-12-15 22:20:25', 1),
(4, 1, 'World', 'Tending news', '2025-11-16 18:28:46', '2025-12-15 22:20:55', 1),
(5, 10, 'World', 'World & India Economy news', '2025-12-15 13:36:28', '2025-12-15 21:50:50', 1),
(6, 10, 'India', 'Economy News', '2025-12-15 13:46:42', '2025-12-15 21:51:05', 0),
(7, 10, 'India', 'Economy News', '2025-12-15 13:47:35', NULL, 1),
(8, 5, 'India', 'Economy and Trade News', '2025-12-15 22:11:28', NULL, 1),
(9, 6, 'World Geo', 'World Geography News', '2025-12-18 12:56:18', NULL, 1),
(10, 7, 'World', 'World News', '2025-12-22 18:58:19', NULL, 1);

-- --------------------------------------------------------

--
-- Table structure for table `tblusers`
--

CREATE TABLE `tblusers` (
  `userId` int(11) NOT NULL,
  `fullName` varchar(255) DEFAULT NULL,
  `emailId` varchar(255) DEFAULT NULL,
  `conatctNo` bigint(11) DEFAULT NULL,
  `address` mediumtext DEFAULT NULL,
  `regDate` int(11) DEFAULT NULL,
  `isActive` int(1) DEFAULT NULL
) ENGINE=InnoDB DEFAULT CHARSET=utf8mb4 COLLATE=utf8mb4_general_ci;

-- --------------------------------------------------------

--
-- Table structure for table `tbl_image`
--

CREATE TABLE `tbl_image` (
  `id` int(2) NOT NULL,
  `name` varchar(200) NOT NULL,
  `image_path` varchar(200) CHARACTER SET utf8mb3 COLLATE utf8mb3_general_ci NOT NULL
) ENGINE=InnoDB DEFAULT CHARSET=utf8mb4 COLLATE=utf8mb4_general_ci;

--
-- Dumping data for table `tbl_image`
--

INSERT INTO `tbl_image` (`id`, `name`, `image_path`) VALUES
(1, 'handbag.jpeg', 'gallery/handbag.jpeg'),
(2, 'watch.jpeg', 'gallery/watch.jpeg'),
(3, 'Trendy Watch', 'gallery/trendy-watch.jpeg'),
(4, 'Travel Bag', 'gallery/travel-bag.jpeg'),
(5, 'ducklings.jpeg', 'gallery/ducklings.jpeg'),
(6, 'wooden-dolls.jpeg', 'gallery/wooden-dolls.jpeg'),
(7, 'camera.jpeg', 'gallery/camera.jpeg'),
(8, 'perls.jpeg', 'gallery/perls.jpeg');

--
-- Indexes for table `category`
--
ALTER TABLE `category`
  ADD PRIMARY KEY (`id`);

--
-- Indexes for table `gk`
--
ALTER TABLE `gk`
  ADD PRIMARY KEY (`gkid`);

--
-- Indexes for table `lesson`
--
ALTER TABLE `lesson`
  ADD PRIMARY KEY (`id`);

--
-- Indexes for table `multi`
--
ALTER TABLE `multi`
  ADD PRIMARY KEY (`id`);

--
-- Indexes for table `proverb`
--
ALTER TABLE `proverb`
  ADD PRIMARY KEY (`id`);

--
-- Indexes for table `talk`
--
ALTER TABLE `talk`
  ADD PRIMARY KEY (`tid`);

--
-- Indexes for table `tblcategory`
--
ALTER TABLE `tblcategory`
  ADD PRIMARY KEY (`id`);

--
-- Indexes for table `tblcomments`
--
ALTER TABLE `tblcomments`
  ADD PRIMARY KEY (`id`),
  ADD KEY `id` (`id`),
  ADD KEY `postId` (`postId`);

--
-- Indexes for table `tblpages`
--
ALTER TABLE `tblpages`
  ADD PRIMARY KEY (`id`);

--
-- Indexes for table `tblposts`
--
ALTER TABLE `tblposts`
  ADD PRIMARY KEY (`id`),
  ADD KEY `id` (`id`),
  ADD KEY `postcatid` (`CategoryId`),
  ADD KEY `postsucatid` (`SubCategoryId`),
  ADD KEY `subadmin` (`postedBy`);

--
-- Indexes for table `tblsubcategory`
--
ALTER TABLE `tblsubcategory`
  ADD PRIMARY KEY (`SubCategoryId`),
  ADD KEY `catid` (`CategoryId`);

--
-- Indexes for table `tblusers`
--
ALTER TABLE `tblusers`
  ADD PRIMARY KEY (`userId`);

--
-- Indexes for table `tbl_image`
--
ALTER TABLE `tbl_image`
  ADD PRIMARY KEY (`id`);

--
-- AUTO_INCREMENT for table `category`
--
ALTER TABLE `category`
  MODIFY `id` int(11) NOT NULL AUTO_INCREMENT, AUTO_INCREMENT=3;

--
-- AUTO_INCREMENT for table `gk`
--
ALTER TABLE `gk`
  MODIFY `gkid` int(30) NOT NULL AUTO_INCREMENT;

--
-- AUTO_INCREMENT for table `lesson`
--
ALTER TABLE `lesson`
  MODIFY `id` int(11) NOT NULL AUTO_INCREMENT, AUTO_INCREMENT=5;

--
-- AUTO_INCREMENT for table `multi`
--
ALTER TABLE `multi`
  MODIFY `id` int(11) NOT NULL AUTO_INCREMENT, AUTO_INCREMENT=24;

--
-- AUTO_INCREMENT for table `proverb`
--
ALTER TABLE `proverb`
  MODIFY `id` int(11) NOT NULL AUTO_INCREMENT, AUTO_INCREMENT=26;

--
-- AUTO_INCREMENT for table `talk`
--
ALTER TABLE `talk`
  MODIFY `tid` int(20) NOT NULL AUTO_INCREMENT;

--
-- AUTO_INCREMENT for table `tblcategory`
--
ALTER TABLE `tblcategory`
  MODIFY `id` int(11) NOT NULL AUTO_INCREMENT, AUTO_INCREMENT=8;

--
-- AUTO_INCREMENT for table `tblcomments`
--
ALTER TABLE `tblcomments`
  MODIFY `id` int(11) NOT NULL AUTO_INCREMENT, AUTO_INCREMENT=4;

--
-- AUTO_INCREMENT for table `tblpages`
--
ALTER TABLE `tblpages`
  MODIFY `id` int(11) NOT NULL AUTO_INCREMENT, AUTO_INCREMENT=3;

--
-- AUTO_INCREMENT for table `tblposts`
--
ALTER TABLE `tblposts`
  MODIFY `id` int(11) NOT NULL AUTO_INCREMENT, AUTO_INCREMENT=17;

--
-- AUTO_INCREMENT for table `tblsubcategory`
--
ALTER TABLE `tblsubcategory`
  MODIFY `SubCategoryId` int(11) NOT NULL AUTO_INCREMENT, AUTO_INCREMENT=11;

--
-- AUTO_INCREMENT for table `tblusers`
--
ALTER TABLE `tblusers`
  MODIFY `userId` int(11) NOT NULL AUTO_INCREMENT;

--
-- AUTO_INCREMENT for table `tbl_image`
--
ALTER TABLE `tbl_image`
  MODIFY `id` int(2) NOT NULL AUTO_INCREMENT, AUTO_INCREMENT=9;
COMMIT;

